{"id":10039,"date":"2023-06-26T11:01:24","date_gmt":"2023-06-26T09:01:24","guid":{"rendered":"https:\/\/serveiseducatius.xtec.cat\/cda-bages\/?page_id=10039"},"modified":"2026-02-09T15:00:28","modified_gmt":"2026-02-09T14:00:28","slug":"projectes-compartits-2","status":"publish","type":"page","link":"https:\/\/serveiseducatius.xtec.cat\/cda-bages\/modalitats\/projectes-compartits-2\/","title":{"rendered":"Projectes Compartits"},"content":{"rendered":"\n<div class=\"wp-block-getwid-tabs\" data-active-tab=\"0\"><ul class=\"wp-block-getwid-tabs__nav-links\"><\/ul>\n<div class=\"wp-block-getwid-tabs__nav-link\"><span class=\"wp-block-getwid-tabs__title-wrapper\"><a href=\"#\"><span class=\"wp-block-getwid-tabs__title\">Descripci\u00f3<\/span><\/a><\/span><\/div><div class=\"wp-block-getwid-tabs__tab-content-wrapper\"><div class=\"wp-block-getwid-tabs__tab-content\">\n<p><b>Des del curs 2007-2008, el Camp d\u2019Aprenentatge del Bages organitzem els Projectes Compartits (PPCC).&nbsp;<\/b>Es realitzen amb centres educatius de prim\u00e0ria i secund\u00e0ria i s\u00f3n una modalitat d\u2019actuaci\u00f3 entre el CdA i els centres de la comarca interessats, per tal de fer un treball conjunt m\u00e9s aprofundit, en algun dels \u00e0mbits tem\u00e0tics, al llarg d\u2019un curs escolar. <\/p>\n\n\n\n<p>El principal objectiu \u00e9s donar a con\u00e8ixer la gesti\u00f3 de recursos geol\u00f2gics, de l\u2019aigua i dels residus i fomentar h\u00e0bits de minimitzaci\u00f3 de l\u2019impacte de les persones en el medi.<\/p>\n<\/div><\/div>\n\n\n\n<div class=\"wp-block-getwid-tabs__nav-link\"><span class=\"wp-block-getwid-tabs__title-wrapper\"><a href=\"#\"><span class=\"wp-block-getwid-tabs__title\">Una mica d&#8217;hist\u00f2ria<\/span><\/a><\/span><\/div><div class=\"wp-block-getwid-tabs__tab-content-wrapper\"><div class=\"wp-block-getwid-tabs__tab-content\">\n<p>Tot s&#8217;inicia durant <b>el curs 2006-2007&nbsp;<\/b>quan es va fer una formaci\u00f3 als CdAs per treballar amb projectes partint d\u2019una situaci\u00f3-problema on es convidava a l\u2019alumnat a treballar una determinada tem\u00e0tica amb l&#8217;objectiu que al final del projecte siguessin agents actius. Havient de poder respondre:&nbsp;&nbsp;<i>i jo, qu\u00e8 hi puc fer?<\/i><\/p>\n\n\n\n<p>El principal objectiu dels PPCC \u00e9s donar a con\u00e8ixer la gesti\u00f3 de recursos geol\u00f2gics i dels residus, fomentant h\u00e0bits de minimitzaci\u00f3 de l\u2019impacte de les persones en el medi.<\/p>\n\n\n\n<p>En els seus inicis, els PPCC amb els centres de prim\u00e0ria treballaven la tem\u00e0tica de&nbsp;<b>residus i&nbsp;<\/b>de<b>&nbsp;l\u2019aigua<\/b>, alternant-la cada curs. Tamb\u00e9 es va treballar el&nbsp;<b>riu Llobregat<\/b>&nbsp;i els seus cursos (alt, mitj\u00e0 i baix) conjuntament amb el&nbsp;<b>CdA de l\u2019Alt Bergued\u00e0 i el CdA de Can Santoi&nbsp;<\/b>i escoles vinculades a cada curs del riu. A partir del curs 2016-17, es van engegar els Projectes Compartits de geologia, i des d\u2019aleshores s\u2019han anat intercal\u00b7lant un any de residus amb un any de geologia.<\/p>\n\n\n\n<p>El curs 2020-21 es van engegar els&nbsp;<b>PPCC d\u2019Ecociutat&nbsp;<\/b>amb centres de secund\u00e0ria de la comarca per tal de treballar la ciutat com a ecosistema i explorar i descobrir si \u00e9s sostenible i quines accions es podrien emprendre en cas que no ho sigui.&nbsp; Actualment, es treballa des d&#8217;un<b>&nbsp;grup de treball<\/b>&nbsp;dins el Pla de Formaci\u00f3 de Zona del CRP del Bages amb el professorat dels centres de secund\u00e0ria que participen d\u2019aquest PC.<\/p>\n<\/div><\/div>\n\n\n\n<div class=\"wp-block-getwid-tabs__nav-link\"><span class=\"wp-block-getwid-tabs__title-wrapper\"><a href=\"#\"><span class=\"wp-block-getwid-tabs__title\">Prim\u00e0ria<\/span><\/a><\/span><\/div><div class=\"wp-block-getwid-tabs__tab-content-wrapper\"><div class=\"wp-block-getwid-tabs__tab-content\">\n<p>Els <a href=\"https:\/\/serveiseducatius.xtec.cat\/cda-bages\/modalitats\/projectes-compartits-2\/projectes-compartits-de-primaria\/\" target=\"_blank\" rel=\"noopener\"><span style=\"color: #008000;\"><strong>Projectes Compartits amb Prim\u00e0ria<\/strong><\/span><\/a> es duen a terme cada curs alternant la tem\u00e0tica, un curs residus i el seg\u00fcent geologia.. Durant el primer trimestre es crea l\u2019alian\u00e7a entre docents dels centres educatius i l\u2019equip educatiu del CdA i entitats de la Xarxa. Es planifiquen els projectes, es fa formaci\u00f3 i es planteja un ep\u00edtom, idea o acci\u00f3 que presenti la situaci\u00f3-problema. Aquest ha des ser estimulant i generar-els-hi preguntes. <\/p>\n\n\n\n<p>Durant el segon trimestre es realitzen les activitats amb l\u2019alumnat, tant les pr\u00f2pies del CdA, com les elaborades per les escoles o instituts. <\/p>\n\n\n\n<p>Finalment al tercer trimestre es duu a terme una acci\u00f3 final que permet que els alumnes puguin ser agents actius en la cerca de solucions a la problem\u00e0tica exposada i es tanca amb una avaluaci\u00f3 dels projectes. <\/p>\n\n\n\n<p>El curs que es realitzen Projectes Compartits de Geologia es treballa conjuntament amb el Geoparc Mundial UNESCO de la Catalunya Central i el treball de residus amb el Consorci del Bages per la gesti\u00f3 de residus.<\/p>\n<\/div><\/div>\n\n\n\n<div class=\"wp-block-getwid-tabs__nav-link\"><span class=\"wp-block-getwid-tabs__title-wrapper\"><a href=\"#\"><span class=\"wp-block-getwid-tabs__title\">Secund\u00e0ria<\/span><\/a><\/span><\/div><div class=\"wp-block-getwid-tabs__tab-content-wrapper\"><div class=\"wp-block-getwid-tabs__tab-content\">\n<p>Els <a href=\"https:\/\/serveiseducatius.xtec.cat\/cda-bages\/modalitats\/projectes-compartits-2\/projectes-compartits-de-secundaria\/\"><span style=\"color: #008000;\"><strong>Projectes Compartits amb<\/strong> <strong>secund\u00e0ria<\/strong><\/span><\/a> es du a terme cada curs el Projecte Compartit la &#8220;Ciutat com a Ecosistema&#8221;. Es planteja l&#8217;ep\u00edtom en les primeres setmanes de curs i es realitzen activitats en qualsevol moment del curs, per\u00f2 sobretot durant el primer trimestre. <\/p>\n\n\n\n<p>Al tercer trimestre es duu a terme una acci\u00f3 final, que aquests darrers cursos ha consistit en el Congr\u00e9s Ecociutat, Joves per la Sostenibilitat. En ell, l&#8217;alumnat dels centres participants es reuneix en un espai com\u00fa per presentar a la resta d&#8217;alumnat i institutcions Aquest Projecte Compartit tamb\u00e9 es treballa conjuntament amb el Parc de la S\u00e9quia.<\/p>\n<\/div><\/div>\n<\/div>\n","protected":false},"excerpt":{"rendered":"","protected":false},"author":3,"featured_media":0,"parent":8260,"menu_order":25,"comment_status":"closed","ping_status":"closed","template":"","meta":{"_bbp_topic_count":0,"_bbp_reply_count":0,"_bbp_total_topic_count":0,"_bbp_total_reply_count":0,"_bbp_voice_count":0,"_bbp_anonymous_reply_count":0,"_bbp_topic_count_hidden":0,"_bbp_reply_count_hidden":0,"_bbp_forum_subforum_count":0,"site-sidebar-layout":"default","site-content-layout":"","ast-site-content-layout":"default","site-content-style":"default","site-sidebar-style":"default","ast-global-header-display":"","ast-banner-title-visibility":"","ast-main-header-display":"","ast-hfb-above-header-display":"","ast-hfb-below-header-display":"","ast-hfb-mobile-header-display":"","site-post-title":"","ast-breadcrumbs-content":"","ast-featured-img":"","footer-sml-layout":"","theme-transparent-header-meta":"","adv-header-id-meta":"","stick-header-meta":"","header-above-stick-meta":"","header-main-stick-meta":"","header-below-stick-meta":"","astra-migrate-meta-layouts":"set","ast-page-background-enabled":"default","ast-page-background-meta":{"desktop":{"background-color":"var(--ast-global-color-4)","background-image":"","background-repeat":"repeat","background-position":"center center","background-size":"auto","background-attachment":"scroll","background-type":"","background-media":"","overlay-type":"","overlay-color":"","overlay-opacity":"","overlay-gradient":""},"tablet":{"background-color":"","background-image":"","background-repeat":"repeat","background-position":"center center","background-size":"auto","background-attachment":"scroll","background-type":"","background-media":"","overlay-type":"","overlay-color":"","overlay-opacity":"","overlay-gradient":""},"mobile":{"background-color":"","background-image":"","background-repeat":"repeat","background-position":"center center","background-size":"auto","background-attachment":"scroll","background-type":"","background-media":"","overlay-type":"","overlay-color":"","overlay-opacity":"","overlay-gradient":""}},"ast-content-background-meta":{"desktop":{"background-color":"var(--ast-global-color-5)","background-image":"","background-repeat":"repeat","background-position":"center center","background-size":"auto","background-attachment":"scroll","background-type":"","background-media":"","overlay-type":"","overlay-color":"","overlay-opacity":"","overlay-gradient":""},"tablet":{"background-color":"var(--ast-global-color-5)","background-image":"","background-repeat":"repeat","background-position":"center center","background-size":"auto","background-attachment":"scroll","background-type":"","background-media":"","overlay-type":"","overlay-color":"","overlay-opacity":"","overlay-gradient":""},"mobile":{"background-color":"var(--ast-global-color-5)","background-image":"","background-repeat":"repeat","background-position":"center center","background-size":"auto","background-attachment":"scroll","background-type":"","background-media":"","overlay-type":"","overlay-color":"","overlay-opacity":"","overlay-gradient":""}},"footnotes":""},"class_list":["post-10039","page","type-page","status-publish","hentry"],"post_mailing_queue_ids":[],"_links":{"self":[{"href":"https:\/\/serveiseducatius.xtec.cat\/cda-bages\/wp-json\/wp\/v2\/pages\/10039","targetHints":{"allow":["GET"]}}],"collection":[{"href":"https:\/\/serveiseducatius.xtec.cat\/cda-bages\/wp-json\/wp\/v2\/pages"}],"about":[{"href":"https:\/\/serveiseducatius.xtec.cat\/cda-bages\/wp-json\/wp\/v2\/types\/page"}],"author":[{"embeddable":true,"href":"https:\/\/serveiseducatius.xtec.cat\/cda-bages\/wp-json\/wp\/v2\/users\/3"}],"replies":[{"embeddable":true,"href":"https:\/\/serveiseducatius.xtec.cat\/cda-bages\/wp-json\/wp\/v2\/comments?post=10039"}],"version-history":[{"count":5,"href":"https:\/\/serveiseducatius.xtec.cat\/cda-bages\/wp-json\/wp\/v2\/pages\/10039\/revisions"}],"predecessor-version":[{"id":11431,"href":"https:\/\/serveiseducatius.xtec.cat\/cda-bages\/wp-json\/wp\/v2\/pages\/10039\/revisions\/11431"}],"up":[{"embeddable":true,"href":"https:\/\/serveiseducatius.xtec.cat\/cda-bages\/wp-json\/wp\/v2\/pages\/8260"}],"wp:attachment":[{"href":"https:\/\/serveiseducatius.xtec.cat\/cda-bages\/wp-json\/wp\/v2\/media?parent=10039"}],"curies":[{"name":"wp","href":"https:\/\/api.w.org\/{rel}","templated":true}]}}