{"id":9571,"date":"2018-01-30T22:44:13","date_gmt":"2018-01-30T21:44:13","guid":{"rendered":"http:\/\/serveiseducatius.xtec.cat\/cda-altbergueda\/?page_id=9571"},"modified":"2025-12-18T13:37:02","modified_gmt":"2025-12-18T12:37:02","slug":"el-raco-de-la-lilit","status":"publish","type":"page","link":"https:\/\/serveiseducatius.xtec.cat\/cda-altbergueda\/el-raco-de-la-lilit\/","title":{"rendered":"El rac\u00f3 de la Lilit"},"content":{"rendered":"\n<figure class=\"wp-block-image aligncenter size-full\"><img loading=\"lazy\" decoding=\"async\" width=\"300\" height=\"203\" src=\"https:\/\/serveiseducatius.xtec.cat\/cda-altbergueda\/wp-content\/uploads\/usu1364\/2018\/04\/maleta.png\" alt=\"\" class=\"wp-image-9935\"\/><\/figure>\n\n\n\n<p>Aqu\u00ed hi trobareu unes quantes coses per remenar i ajudar a la Lilit i les seves amigues les truites de riu. Si busqueu b\u00e9, segur que hi trobareu totes les respostes a les preguntes que us ha fet la Lilit. Bona sort!<\/p>\n\n\n\n<figure class=\"wp-block-table aligncenter is-style-stripes\"><table class=\"has-fixed-layout\"><tbody><tr><td class=\"has-text-align-center\" data-align=\"center\" colspan=\"2\"><strong>LA COMARCA DEL BERGUED\u00c0<\/strong><\/td><\/tr><tr><td class=\"has-text-align-center\" data-align=\"center\"><figure><a href=\"http:\/\/serveiseducatius.xtec.cat\/cda-altbergueda\/el-raco-de-la-lilit\/el-relleu-del-bergueda\/\" target=\"_blank\" rel=\"noopener noreferrer\"><img loading=\"lazy\" decoding=\"async\" class=\"size-medium wp-image-9609 aligncenter\" src=\"http:\/\/serveiseducatius.xtec.cat\/cda-altbergueda\/wp-content\/uploads\/usu1364\/2018\/01\/mapa1936-300x120.png\" alt=\"\" width=\"300\" height=\"120\" srcset=\"https:\/\/serveiseducatius.xtec.cat\/cda-altbergueda\/wp-content\/uploads\/usu1364\/2018\/01\/mapa1936-300x120.png 300w, https:\/\/serveiseducatius.xtec.cat\/cda-altbergueda\/wp-content\/uploads\/usu1364\/2018\/01\/mapa1936-768x308.png 768w, https:\/\/serveiseducatius.xtec.cat\/cda-altbergueda\/wp-content\/uploads\/usu1364\/2018\/01\/mapa1936-1024x410.png 1024w, https:\/\/serveiseducatius.xtec.cat\/cda-altbergueda\/wp-content\/uploads\/usu1364\/2018\/01\/mapa1936.png 1200w\" sizes=\"auto, (max-width: 300px) 100vw, 300px\" \/><\/a><\/figure><\/td><td><span style=\"color: #000000;\">Fes un cop d&#8217;ull al <strong>relleu<\/strong> del Bergued\u00e0<\/span>.<\/td><\/tr><tr><td class=\"has-text-align-center\" data-align=\"center\"><figure><a href=\"https:\/\/drive.google.com\/open?id=1KXwc9MR7qWLr1NE4_0y9-znpzgI&amp;usp=sharing\" target=\"_blank\" rel=\"noopener noreferrer\"><img loading=\"lazy\" decoding=\"async\" class=\"size-medium wp-image-9867 aligncenter\" src=\"http:\/\/serveiseducatius.xtec.cat\/cda-altbergueda\/wp-content\/uploads\/usu1364\/2018\/03\/cartelldirecci\u00f3-300x101.png\" alt=\"\" width=\"300\" height=\"101\"><\/a><\/figure><\/td><td><span style=\"color: #000000;\">Vols saber <strong>com arribar<\/strong> a l&#8217;alberg de la Sala? Calcula el teu itinerari en 3 clics.<\/span><\/td><\/tr><tr><td class=\"has-text-align-center\" data-align=\"center\"><figure><a href=\"https:\/\/drive.google.com\/open?id=187BfMzH1YSNUaa_Ueyv3-VnQF1vQAX2J&amp;usp=sharing\" target=\"_blank\" rel=\"noopener noreferrer\"><img loading=\"lazy\" decoding=\"async\" class=\"wp-image-9884 aligncenter\" src=\"http:\/\/serveiseducatius.xtec.cat\/cda-altbergueda\/wp-content\/uploads\/usu1364\/2018\/03\/catalunya-300x277.png\" alt=\"\" width=\"156\" height=\"144\" srcset=\"https:\/\/serveiseducatius.xtec.cat\/cda-altbergueda\/wp-content\/uploads\/usu1364\/2018\/03\/catalunya-300x277.png 300w, https:\/\/serveiseducatius.xtec.cat\/cda-altbergueda\/wp-content\/uploads\/usu1364\/2018\/03\/catalunya.png 650w\" sizes=\"auto, (max-width: 156px) 100vw, 156px\" \/><\/a><\/figure><\/td><td><span style=\"color: #000000;\">Has de travessar <strong>comarques<\/strong>? Potser aquest mapa t&#8217;ajuda.<\/span><\/td><\/tr><tr><td class=\"has-text-align-center\" data-align=\"center\"><img loading=\"lazy\" decoding=\"async\" width=\"150\" height=\"149\" class=\"wp-image-15358\" style=\"width: 150px;\" src=\"https:\/\/serveiseducatius.xtec.cat\/cda-altbergueda\/wp-content\/uploads\/usu1364\/2025\/12\/bergueda-1.png\" alt=\"\" srcset=\"https:\/\/serveiseducatius.xtec.cat\/cda-altbergueda\/wp-content\/uploads\/usu1364\/2025\/12\/bergueda-1.png 249w, https:\/\/serveiseducatius.xtec.cat\/cda-altbergueda\/wp-content\/uploads\/usu1364\/2025\/12\/bergueda-1-150x150.png 150w\" sizes=\"auto, (max-width: 150px) 100vw, 150px\" \/><\/td><td><span style=\"color: #000000;\">Coneix la comarca del <strong>Bergued\u00e0<\/strong><\/span>.<\/td><\/tr><tr><td class=\"has-text-align-center\" data-align=\"center\"><figure><a href=\"https:\/\/www.youtube.com\/watch?v=gFosYRNTnJw\"><img loading=\"lazy\" decoding=\"async\" class=\"aligncenter\" src=\"https:\/\/www.elbergueda.cat\/plantilles\/bergueda\/img\/mapa.png\" alt=\"Turisme del Bergued\u00e0\" width=\"126\" height=\"164\"><\/a><\/figure><\/td><td><span style=\"color: #000000;\">Fes un <strong>VOLT<\/strong> pel Bergued\u00e0 a vista d&#8217;ocell!<\/span><\/td><\/tr><\/tbody><\/table><\/figure>\n\n\n\n<hr class=\"wp-block-separator has-text-color has-ast-global-color-0-color has-alpha-channel-opacity has-ast-global-color-0-background-color has-background is-style-wide\"\/>\n\n\n\n<figure class=\"wp-block-table aligncenter is-style-stripes\"><table class=\"has-fixed-layout\"><tbody><tr><td class=\"has-text-align-center\" data-align=\"center\" colspan=\"2\"><strong>EL RIU<\/strong><\/td><\/tr><tr><td class=\"has-text-align-center\" data-align=\"center\">\u00a0<a style=\"font-family: inherit; font-size: inherit; font-weight: inherit; background-color: initial;\" href=\"https:\/\/drive.google.com\/open?id=1l23hohFWngsFLEurUVmYQ4Bwu-jwsqND&amp;usp=sharing\" target=\"_blank\" rel=\"noopener noreferrer\"><img loading=\"lazy\" decoding=\"async\" width=\"194\" height=\"161\" class=\"wp-image-9888 aligncenter\" src=\"http:\/\/serveiseducatius.xtec.cat\/cda-altbergueda\/wp-content\/uploads\/usu1364\/2018\/03\/Fonts-300x248.png\" alt=\"\" srcset=\"https:\/\/serveiseducatius.xtec.cat\/cda-altbergueda\/wp-content\/uploads\/usu1364\/2018\/03\/Fonts-300x250.png 300w, https:\/\/serveiseducatius.xtec.cat\/cda-altbergueda\/wp-content\/uploads\/usu1364\/2018\/03\/Fonts.png 302w\" sizes=\"auto, (max-width: 194px) 100vw, 194px\" \/><\/a><\/td><td class=\"has-text-align-left\" data-align=\"left\">Mapa del riu <strong>Llobregat<\/strong>.<\/td><\/tr><tr><td class=\"has-text-align-center\" data-align=\"center\"><img loading=\"lazy\" decoding=\"async\" width=\"150\" height=\"149\" class=\"wp-image-15360\" style=\"width: 150px;\" src=\"https:\/\/serveiseducatius.xtec.cat\/cda-altbergueda\/wp-content\/uploads\/usu1364\/2025\/12\/interrogant.png\" alt=\"\" srcset=\"https:\/\/serveiseducatius.xtec.cat\/cda-altbergueda\/wp-content\/uploads\/usu1364\/2025\/12\/interrogant.png 249w, https:\/\/serveiseducatius.xtec.cat\/cda-altbergueda\/wp-content\/uploads\/usu1364\/2025\/12\/interrogant-150x150.png 150w\" sizes=\"auto, (max-width: 150px) 100vw, 150px\" \/><\/td><td class=\"has-text-align-left\" data-align=\"left\">Vols saber el nom de les <strong>parts del riu<\/strong>?<\/td><\/tr><tr><td class=\"has-text-align-center\" data-align=\"center\"><figure><a href=\"http:\/\/serveiseducatius.xtec.cat\/cda-altbergueda\/elements-del-riu\/\"><img loading=\"lazy\" decoding=\"async\" class=\"aligncenter wp-image-9899\" src=\"http:\/\/serveiseducatius.xtec.cat\/cda-altbergueda\/wp-content\/uploads\/usu1364\/2018\/01\/riu-1-300x272.png\" alt=\"\" width=\"185\" height=\"168\"><\/a><\/figure><\/td><td class=\"has-text-align-left\" data-align=\"left\"><span style=\"color: #000000;\">Coneix diferents <strong>elements que podem trobar als rius<\/strong>.<\/span><\/td><\/tr><tr><td class=\"has-text-align-center\" data-align=\"center\"><figure><a href=\"http:\/\/serveiseducatius.xtec.cat\/cda-altbergueda\/el-raco-de-la-lilit\/memory-fluvial\/\"><img loading=\"lazy\" decoding=\"async\" class=\"aligncenter size-thumbnail wp-image-11449\" src=\"https:\/\/serveiseducatius.xtec.cat\/cda-altbergueda\/wp-content\/uploads\/usu1364\/2021\/02\/revers-copia-150x150.png\" alt=\"\" width=\"150\" height=\"150\" srcset=\"https:\/\/serveiseducatius.xtec.cat\/cda-altbergueda\/wp-content\/uploads\/usu1364\/2021\/02\/revers-copia-150x150.png 150w, https:\/\/serveiseducatius.xtec.cat\/cda-altbergueda\/wp-content\/uploads\/usu1364\/2021\/02\/revers-copia-300x300.png 300w, https:\/\/serveiseducatius.xtec.cat\/cda-altbergueda\/wp-content\/uploads\/usu1364\/2021\/02\/revers-copia.png 591w\" sizes=\"auto, (max-width: 150px) 100vw, 150px\" \/><\/a><\/figure><\/td><td class=\"has-text-align-left\" data-align=\"left\"><span style=\"color: #000000;\">Juga al <strong>memory fluvial<\/strong> de la Lilit!<\/span><\/td><\/tr><tr><td class=\"has-text-align-center\" data-align=\"center\"><figure><a href=\"https:\/\/visors.icgc.cat\/riuades\/#16\/41.6761\/2.7603\" target=\"_blank\" rel=\"noopener noreferrer\"><img loading=\"lazy\" decoding=\"async\" class=\"wp-image-9897 aligncenter\" src=\"http:\/\/serveiseducatius.xtec.cat\/cda-altbergueda\/wp-content\/uploads\/usu1364\/2018\/03\/paraigues.png\" alt=\"\" width=\"152\" height=\"152\" srcset=\"https:\/\/serveiseducatius.xtec.cat\/cda-altbergueda\/wp-content\/uploads\/usu1364\/2018\/03\/paraigues.png 270w, https:\/\/serveiseducatius.xtec.cat\/cda-altbergueda\/wp-content\/uploads\/usu1364\/2018\/03\/paraigues-150x150.png 150w\" sizes=\"auto, (max-width: 152px) 100vw, 152px\" \/><\/a><\/figure><\/td><td class=\"has-text-align-left\" data-align=\"left\"><span style=\"color: #000000;\">Alerta, <strong>riuada<\/strong>!!!<\/span>Compara alguns rius catalans en per\u00edodes de crescuda.<\/td><\/tr><tr><td class=\"has-text-align-center\" data-align=\"center\"><img loading=\"lazy\" decoding=\"async\" width=\"150\" height=\"149\" class=\"wp-image-15362\" style=\"width: 150px;\" src=\"https:\/\/serveiseducatius.xtec.cat\/cda-altbergueda\/wp-content\/uploads\/usu1364\/2025\/12\/salze.png\" alt=\"\" srcset=\"https:\/\/serveiseducatius.xtec.cat\/cda-altbergueda\/wp-content\/uploads\/usu1364\/2025\/12\/salze.png 249w, https:\/\/serveiseducatius.xtec.cat\/cda-altbergueda\/wp-content\/uploads\/usu1364\/2025\/12\/salze-150x150.png 150w\" sizes=\"auto, (max-width: 150px) 100vw, 150px\" \/><\/td><td class=\"has-text-align-left\" data-align=\"left\"><span style=\"color: #000000;\">Per qu\u00e8 hi ha <strong>aigua als rius quan no plou?<\/strong><\/span><\/td><\/tr><tr><td class=\"has-text-align-center\" data-align=\"center\"><figure><a href=\"https:\/\/www.google.com\/maps\/d\/u\/2\/edit?mid=1ZYqU5VvAvqkMPkvUmupdVe9z45LZvBIh&amp;usp=sharing\"><img loading=\"lazy\" decoding=\"async\" class=\"aligncenter wp-image-9349\" src=\"http:\/\/serveiseducatius.xtec.cat\/cda-altbergueda\/wp-content\/uploads\/usu1364\/2017\/10\/GIR21petit-300x212.jpg\" alt=\"\" width=\"216\" height=\"152\" srcset=\"https:\/\/serveiseducatius.xtec.cat\/cda-altbergueda\/wp-content\/uploads\/usu1364\/2017\/10\/GIR21petit-300x212.jpg 300w, https:\/\/serveiseducatius.xtec.cat\/cda-altbergueda\/wp-content\/uploads\/usu1364\/2017\/10\/GIR21petit-768x543.jpg 768w, https:\/\/serveiseducatius.xtec.cat\/cda-altbergueda\/wp-content\/uploads\/usu1364\/2017\/10\/GIR21petit-1024x724.jpg 1024w, https:\/\/serveiseducatius.xtec.cat\/cda-altbergueda\/wp-content\/uploads\/usu1364\/2017\/10\/GIR21petit.jpg 1753w\" sizes=\"auto, (max-width: 216px) 100vw, 216px\" \/><\/a><\/figure><\/td><td class=\"has-text-align-left\" data-align=\"left\"><span style=\"color: #000000;\">Quin riu tens <strong>a prop de casa<\/strong>?<\/span><\/td><\/tr><tr><td class=\"has-text-align-center\" data-align=\"center\"><figure><a href=\"https:\/\/www.espaiaigua.cat\/cicle-aigua\/\" target=\"_blank\" rel=\"noopener noreferrer\"><img loading=\"lazy\" decoding=\"async\" class=\"aligncenter wp-image-11732\" src=\"https:\/\/serveiseducatius.xtec.cat\/cda-altbergueda\/wp-content\/uploads\/usu1364\/2021\/07\/aigua.png\" alt=\"\" width=\"220\" height=\"147\" srcset=\"https:\/\/serveiseducatius.xtec.cat\/cda-altbergueda\/wp-content\/uploads\/usu1364\/2021\/07\/aigua.png 1025w, https:\/\/serveiseducatius.xtec.cat\/cda-altbergueda\/wp-content\/uploads\/usu1364\/2021\/07\/aigua-300x200.png 300w, https:\/\/serveiseducatius.xtec.cat\/cda-altbergueda\/wp-content\/uploads\/usu1364\/2021\/07\/aigua-768x512.png 768w, https:\/\/serveiseducatius.xtec.cat\/cda-altbergueda\/wp-content\/uploads\/usu1364\/2021\/07\/aigua-1024x683.png 1024w\" sizes=\"auto, (max-width: 220px) 100vw, 220px\" \/><\/a><\/figure><\/td><td class=\"has-text-align-left\" data-align=\"left\"><span style=\"color: #000000;\">D&#8217;on ve l&#8217;<strong>aigua de l&#8217;aixeta<\/strong>?<\/span><em> <\/em>Clica i descobreix com arriba l&#8217;aigua a casa teva.<\/td><\/tr><\/tbody><\/table><\/figure>\n\n\n\n<hr class=\"wp-block-separator has-text-color has-ast-global-color-0-color has-alpha-channel-opacity has-ast-global-color-0-background-color has-background is-style-wide\"\/>\n\n\n\n<figure class=\"wp-block-table aligncenter is-style-stripes\"><table class=\"has-fixed-layout\"><tbody><tr><td class=\"has-text-align-center\" data-align=\"center\" colspan=\"2\"><strong>LES TRUITES DE RIU<\/strong><\/td><\/tr><tr><td class=\"has-text-align-center\" data-align=\"center\">\u00a0<a style=\"font-family: inherit; font-size: inherit; font-weight: inherit;\" href=\"http:\/\/www.ccma.cat\/tv3\/alacarta\/espai-terra\/ens-submergim-en-una-granja-de-truites-de-riu\/video\/5619544\/\" target=\"_blank\" rel=\"noopener noreferrer\"><img loading=\"lazy\" decoding=\"async\" width=\"300\" height=\"96\" class=\"size-medium wp-image-9904 aligncenter\" src=\"http:\/\/serveiseducatius.xtec.cat\/cda-altbergueda\/wp-content\/uploads\/usu1364\/2018\/03\/rius-rierols-truita-comuna-copia2-300x96.png\" alt=\"\"><\/a><\/td><td>V\u00eddeo de <strong>les truites de riu<\/strong> i el seu <strong>h\u00e0bitat<\/strong>.<\/td><\/tr><tr><td class=\"has-text-align-center\" data-align=\"center\"><figure><a href=\"https:\/\/drive.google.com\/file\/d\/1fZ38zhBBeYtJFyMXFOcYnA3119g4hQ5h\/view?usp=sharing\" target=\"_blank\" rel=\"noopener noreferrer\"><img loading=\"lazy\" decoding=\"async\" class=\"size-medium wp-image-9903 aligncenter\" src=\"http:\/\/serveiseducatius.xtec.cat\/cda-altbergueda\/wp-content\/uploads\/usu1364\/2018\/03\/rius-rierols-truita-comuna-copia-300x96.png\" alt=\"\" width=\"300\" height=\"96\"><\/a><\/figure><\/td><td>La <strong>truita <\/strong>de <strong>riu<\/strong>.<\/td><\/tr><\/tbody><\/table><\/figure>\n\n\n\n<hr class=\"wp-block-separator has-text-color has-ast-global-color-0-color has-alpha-channel-opacity has-ast-global-color-0-background-color has-background is-style-wide\"\/>\n\n\n\n<figure class=\"wp-block-table aligncenter is-style-stripes\"><table class=\"has-fixed-layout\"><tbody><tr><td class=\"has-text-align-center\" data-align=\"center\" colspan=\"2\"><strong> \u00a0PREPAREM LA MOTXILLA<\/strong><\/td><\/tr><tr><td class=\"has-text-align-center\" data-align=\"center\"><div style=\"width: 100%;\"><figure><a href=\"https:\/\/view.genially.com\/61386d970e61930dccd1e0a8\/interactive-content-passaparaules-motxilla\"><img loading=\"lazy\" decoding=\"async\" width=\"1513\" height=\"941\" class=\"aligncenter wp-image-14246 size-full\" src=\"https:\/\/serveiseducatius.xtec.cat\/cda-altbergueda\/wp-content\/uploads\/usu1364\/2024\/11\/Captura.png\" alt=\"\" srcset=\"https:\/\/serveiseducatius.xtec.cat\/cda-altbergueda\/wp-content\/uploads\/usu1364\/2024\/11\/Captura.png 1513w, https:\/\/serveiseducatius.xtec.cat\/cda-altbergueda\/wp-content\/uploads\/usu1364\/2024\/11\/Captura-300x187.png 300w, https:\/\/serveiseducatius.xtec.cat\/cda-altbergueda\/wp-content\/uploads\/usu1364\/2024\/11\/Captura-1024x637.png 1024w, https:\/\/serveiseducatius.xtec.cat\/cda-altbergueda\/wp-content\/uploads\/usu1364\/2024\/11\/Captura-768x478.png 768w\" sizes=\"auto, (max-width: 1513px) 100vw, 1513px\" \/><\/a><\/figure><\/div><\/td><td>Ompliu la <strong>motxilla <\/strong>amb tot all\u00f2 que us far\u00e0 falta per venir a l&#8217;estada!<\/td><\/tr><\/tbody><\/table><\/figure>\n\n\n\n<p class=\"has-text-align-left\"><a href=\"http:\/\/serveiseducatius.xtec.cat\/cda-altbergueda\/lilit\/\">Tornar al web de la Lilit<\/a><\/p>\n","protected":false},"excerpt":{"rendered":"<p>Aqu\u00ed hi trobareu unes quantes coses per remenar i ajudar a la Lilit i les seves amigues les truites de riu. Si busqueu b\u00e9, segur que hi trobareu totes les respostes a les preguntes que us ha fet la Lilit. Bona sort! LA COMARCA DEL BERGUED\u00c0 Fes un cop d&#8217;ull al relleu del Bergued\u00e0. Vols [&hellip;]<\/p>\n","protected":false},"author":1,"featured_media":0,"parent":0,"menu_order":0,"comment_status":"closed","ping_status":"closed","template":"","meta":{"_bbp_topic_count":0,"_bbp_reply_count":0,"_bbp_total_topic_count":0,"_bbp_total_reply_count":0,"_bbp_voice_count":0,"_bbp_anonymous_reply_count":0,"_bbp_topic_count_hidden":0,"_bbp_reply_count_hidden":0,"_bbp_forum_subforum_count":0,"site-sidebar-layout":"default","site-content-layout":"","ast-site-content-layout":"default","site-content-style":"default","site-sidebar-style":"default","ast-global-header-display":"","ast-banner-title-visibility":"","ast-main-header-display":"","ast-hfb-above-header-display":"","ast-hfb-below-header-display":"","ast-hfb-mobile-header-display":"","site-post-title":"","ast-breadcrumbs-content":"","ast-featured-img":"","footer-sml-layout":"","theme-transparent-header-meta":"","adv-header-id-meta":"","stick-header-meta":"","header-above-stick-meta":"","header-main-stick-meta":"","header-below-stick-meta":"","astra-migrate-meta-layouts":"set","ast-page-background-enabled":"default","ast-page-background-meta":{"desktop":{"background-color":"var(--ast-global-color-4)","background-image":"","background-repeat":"repeat","background-position":"center center","background-size":"auto","background-attachment":"scroll","background-type":"","background-media":"","overlay-type":"","overlay-color":"","overlay-opacity":"","overlay-gradient":""},"tablet":{"background-color":"","background-image":"","background-repeat":"repeat","background-position":"center center","background-size":"auto","background-attachment":"scroll","background-type":"","background-media":"","overlay-type":"","overlay-color":"","overlay-opacity":"","overlay-gradient":""},"mobile":{"background-color":"","background-image":"","background-repeat":"repeat","background-position":"center center","background-size":"auto","background-attachment":"scroll","background-type":"","background-media":"","overlay-type":"","overlay-color":"","overlay-opacity":"","overlay-gradient":""}},"ast-content-background-meta":{"desktop":{"background-color":"var(--ast-global-color-5)","background-image":"","background-repeat":"repeat","background-position":"center center","background-size":"auto","background-attachment":"scroll","background-type":"","background-media":"","overlay-type":"","overlay-color":"","overlay-opacity":"","overlay-gradient":""},"tablet":{"background-color":"var(--ast-global-color-5)","background-image":"","background-repeat":"repeat","background-position":"center center","background-size":"auto","background-attachment":"scroll","background-type":"","background-media":"","overlay-type":"","overlay-color":"","overlay-opacity":"","overlay-gradient":""},"mobile":{"background-color":"var(--ast-global-color-5)","background-image":"","background-repeat":"repeat","background-position":"center center","background-size":"auto","background-attachment":"scroll","background-type":"","background-media":"","overlay-type":"","overlay-color":"","overlay-opacity":"","overlay-gradient":""}},"footnotes":""},"class_list":["post-9571","page","type-page","status-publish","hentry"],"post_mailing_queue_ids":[],"_links":{"self":[{"href":"https:\/\/serveiseducatius.xtec.cat\/cda-altbergueda\/wp-json\/wp\/v2\/pages\/9571","targetHints":{"allow":["GET"]}}],"collection":[{"href":"https:\/\/serveiseducatius.xtec.cat\/cda-altbergueda\/wp-json\/wp\/v2\/pages"}],"about":[{"href":"https:\/\/serveiseducatius.xtec.cat\/cda-altbergueda\/wp-json\/wp\/v2\/types\/page"}],"author":[{"embeddable":true,"href":"https:\/\/serveiseducatius.xtec.cat\/cda-altbergueda\/wp-json\/wp\/v2\/users\/1"}],"replies":[{"embeddable":true,"href":"https:\/\/serveiseducatius.xtec.cat\/cda-altbergueda\/wp-json\/wp\/v2\/comments?post=9571"}],"version-history":[{"count":6,"href":"https:\/\/serveiseducatius.xtec.cat\/cda-altbergueda\/wp-json\/wp\/v2\/pages\/9571\/revisions"}],"predecessor-version":[{"id":15364,"href":"https:\/\/serveiseducatius.xtec.cat\/cda-altbergueda\/wp-json\/wp\/v2\/pages\/9571\/revisions\/15364"}],"wp:attachment":[{"href":"https:\/\/serveiseducatius.xtec.cat\/cda-altbergueda\/wp-json\/wp\/v2\/media?parent=9571"}],"curies":[{"name":"wp","href":"https:\/\/api.w.org\/{rel}","templated":true}]}}