{"id":9084,"date":"2017-05-04T19:11:10","date_gmt":"2017-05-04T17:11:10","guid":{"rendered":"http:\/\/serveiseducatius.xtec.cat\/cda-altbergueda\/?page_id=9084"},"modified":"2025-12-19T10:45:40","modified_gmt":"2025-12-19T09:45:40","slug":"activitat-castellar-de-nhug-i-les-fonts-del-llobregat","status":"publish","type":"page","link":"https:\/\/serveiseducatius.xtec.cat\/cda-altbergueda\/tematiques\/activitat-castellar-de-nhug-i-les-fonts-del-llobregat\/","title":{"rendered":"Activitat: Castellar de n&#8217;Hug i les Fonts del Llobregat"},"content":{"rendered":"\n<figure class=\"wp-block-image aligncenter\"><img loading=\"lazy\" decoding=\"async\" width=\"1000\" height=\"250\" src=\"http:\/\/serveiseducatius.xtec.cat\/cda-altbergueda\/wp-content\/uploads\/usu1364\/2017\/04\/Castellarifonts.png\" alt=\"Castellarifonts\" class=\"wp-image-8873\" srcset=\"https:\/\/serveiseducatius.xtec.cat\/cda-altbergueda\/wp-content\/uploads\/usu1364\/2017\/04\/Castellarifonts.png 1000w, https:\/\/serveiseducatius.xtec.cat\/cda-altbergueda\/wp-content\/uploads\/usu1364\/2017\/04\/Castellarifonts-300x75.png 300w, https:\/\/serveiseducatius.xtec.cat\/cda-altbergueda\/wp-content\/uploads\/usu1364\/2017\/04\/Castellarifonts-768x192.png 768w\" sizes=\"auto, (max-width: 1000px) 100vw, 1000px\" \/><\/figure>\n\n\n\n<figure class=\"wp-block-table\"><table class=\"has-background has-fixed-layout\" style=\"background-color:#96c856;border-style:none;border-width:0px\"><tbody><tr><td><strong>MODALITATS:<\/strong><\/td><\/tr><tr><td>Estada<\/td><\/tr><tr><td>Sortida d&#8217;un dia<\/td><\/tr><\/tbody><\/table><\/figure>\n\n\n\n<h5 class=\"wp-block-heading\"><strong>Nivells: (cliqueu per visualitzar la fitxa de l\u2019activitat)<\/strong><\/h5>\n\n\n\n<p><a href=\"https:\/\/drive.google.com\/file\/d\/0B3bKbe2nPP6oUlJneUFFRjhVZk0\/view?usp=sharing\">Educaci\u00f3 Prim\u00e0ria<\/a><\/p>\n\n\n\n<p><em>*Adaptable a Educaci\u00f3 Infantil<\/em><\/p>\n\n\n\n<h5 class=\"wp-block-heading\"><strong>Desenvolupament de l\u2019activitat:<\/strong><\/h5>\n\n\n\n<ul class=\"wp-block-list\">\n<li><strong>Arribada a Castellar de n\u2019Hug<\/strong><\/li>\n<\/ul>\n\n\n\n<p>Farem la presentaci\u00f3 de l\u2019activitat i dels mestres del CdA. Tot seguit s\u2019embenaran els ulls dels alumnes i pujarem a poc a poc fins al museu del pastor, tot escoltant i percebent els sons i sensacions de passejar per Castellar \u201ca les fosques\u201d i per tal d\u2019aconseguir viatjar del present al passat del poble.<\/p>\n\n\n\n<ul class=\"wp-block-list\">\n<li><strong>El museu del pastor i el mirador dels bal\u00e7os<\/strong><\/li>\n<\/ul>\n\n\n\n<p>Entrarem al museu del pastor per con\u00e8ixer la vida de Castellar de n\u2019Hug en \u00e8poques passades, on els oficis lligats a la terra eren els que ocupaven la major part de la poblaci\u00f3. El mirador ofereix una bona possibilitat de treballar els sentits i la percepci\u00f3 individual del paisatge. Quines emocions i sentiments ens transmet el paisatge que ens envolta? Quines actituds contribueixen a respectar-la i quines no hi ajuden? Aquestes preguntes ens serviran per parlar de la nostra actitud davant el qu\u00e8 ens envolta i com ho podem fer per conservar-ho.<\/p>\n\n\n\n<ul class=\"wp-block-list\">\n<li><strong>Parada al dip\u00f2sit <\/strong><\/li>\n<\/ul>\n\n\n\n<p>Des d\u2019aquesta talaia ens mirarem el poble de Castellar i el seu entorn m\u00e9s immediat. Treballarem les diferents formes de relleu que podem observar i el paisatge que ens envolta, per tal de comparar-lo amb el que veuen els alumnes cada dia.<\/p>\n\n\n\n<ul class=\"wp-block-list\">\n<li><strong>Les fonts del Llobregat <\/strong><\/li>\n<\/ul>\n\n\n\n<p>Explicarem la llegenda de la \u201cBruixa del riu\u201d que pret\u00e9n il\u00b7lustrar l\u2019origen de les Fonts. Parlarem del qu\u00e8 \u00e9s una llegenda i destriarem les parts que s\u00f3n veritat de les que s\u00f3n mentida, per tal de decidir si l\u2019explicaci\u00f3 que ens ofereix est\u00e0 ajustada a la realitat. En acabar parlarem del cicle de l\u2019aigua i buscarem una explicaci\u00f3 m\u00e9s cient\u00edfica a l\u2019origen de les Fonts.<\/p>\n\n\n\n<h5 class=\"wp-block-heading\"><strong>Observacions:<\/strong><\/h5>\n\n\n\n<ul class=\"wp-block-list\">\n<li>L\u2019activitat \u00e9s d\u2019un dia. Cal portar esmorzar, dinar i aigua.<\/li>\n\n\n\n<li>Cal anar preparat amb bon cal\u00e7at i roba d\u2019abric per protegir-se de les possibles inclem\u00e8ncies del temps.<\/li>\n<\/ul>\n\n\n\n<h5 class=\"wp-block-heading\"><strong>Localitzacions de l&#8217;activitat:<\/strong><\/h5>\n\n\n\n<iframe loading=\"lazy\" src=\"https:\/\/www.google.com\/maps\/d\/u\/0\/embed?mid=1KwlHbspSNz-zcDanBeLZ7rdM58M&#038;ehbc=2E312F\" width=\"640\" height=\"480\"><\/iframe>\n","protected":false},"excerpt":{"rendered":"<p>MODALITATS: Estada Sortida d&#8217;un dia Nivells: (cliqueu per visualitzar la fitxa de l\u2019activitat) Educaci\u00f3 Prim\u00e0ria *Adaptable a Educaci\u00f3 Infantil Desenvolupament de l\u2019activitat: Farem la presentaci\u00f3 de l\u2019activitat i dels mestres del CdA. Tot seguit s\u2019embenaran els ulls dels alumnes i pujarem a poc a poc fins al museu del pastor, tot escoltant i percebent els [&hellip;]<\/p>\n","protected":false},"author":1,"featured_media":0,"parent":8235,"menu_order":11,"comment_status":"closed","ping_status":"closed","template":"","meta":{"_bbp_topic_count":0,"_bbp_reply_count":0,"_bbp_total_topic_count":0,"_bbp_total_reply_count":0,"_bbp_voice_count":0,"_bbp_anonymous_reply_count":0,"_bbp_topic_count_hidden":0,"_bbp_reply_count_hidden":0,"_bbp_forum_subforum_count":0,"site-sidebar-layout":"default","site-content-layout":"","ast-site-content-layout":"default","site-content-style":"default","site-sidebar-style":"default","ast-global-header-display":"","ast-banner-title-visibility":"","ast-main-header-display":"","ast-hfb-above-header-display":"","ast-hfb-below-header-display":"","ast-hfb-mobile-header-display":"","site-post-title":"","ast-breadcrumbs-content":"","ast-featured-img":"","footer-sml-layout":"","theme-transparent-header-meta":"","adv-header-id-meta":"","stick-header-meta":"","header-above-stick-meta":"","header-main-stick-meta":"","header-below-stick-meta":"","astra-migrate-meta-layouts":"set","ast-page-background-enabled":"default","ast-page-background-meta":{"desktop":{"background-color":"var(--ast-global-color-4)","background-image":"","background-repeat":"repeat","background-position":"center center","background-size":"auto","background-attachment":"scroll","background-type":"","background-media":"","overlay-type":"","overlay-color":"","overlay-opacity":"","overlay-gradient":""},"tablet":{"background-color":"","background-image":"","background-repeat":"repeat","background-position":"center center","background-size":"auto","background-attachment":"scroll","background-type":"","background-media":"","overlay-type":"","overlay-color":"","overlay-opacity":"","overlay-gradient":""},"mobile":{"background-color":"","background-image":"","background-repeat":"repeat","background-position":"center center","background-size":"auto","background-attachment":"scroll","background-type":"","background-media":"","overlay-type":"","overlay-color":"","overlay-opacity":"","overlay-gradient":""}},"ast-content-background-meta":{"desktop":{"background-color":"var(--ast-global-color-5)","background-image":"","background-repeat":"repeat","background-position":"center center","background-size":"auto","background-attachment":"scroll","background-type":"","background-media":"","overlay-type":"","overlay-color":"","overlay-opacity":"","overlay-gradient":""},"tablet":{"background-color":"var(--ast-global-color-5)","background-image":"","background-repeat":"repeat","background-position":"center center","background-size":"auto","background-attachment":"scroll","background-type":"","background-media":"","overlay-type":"","overlay-color":"","overlay-opacity":"","overlay-gradient":""},"mobile":{"background-color":"var(--ast-global-color-5)","background-image":"","background-repeat":"repeat","background-position":"center center","background-size":"auto","background-attachment":"scroll","background-type":"","background-media":"","overlay-type":"","overlay-color":"","overlay-opacity":"","overlay-gradient":""}},"footnotes":""},"class_list":["post-9084","page","type-page","status-publish","hentry"],"post_mailing_queue_ids":[],"_links":{"self":[{"href":"https:\/\/serveiseducatius.xtec.cat\/cda-altbergueda\/wp-json\/wp\/v2\/pages\/9084","targetHints":{"allow":["GET"]}}],"collection":[{"href":"https:\/\/serveiseducatius.xtec.cat\/cda-altbergueda\/wp-json\/wp\/v2\/pages"}],"about":[{"href":"https:\/\/serveiseducatius.xtec.cat\/cda-altbergueda\/wp-json\/wp\/v2\/types\/page"}],"author":[{"embeddable":true,"href":"https:\/\/serveiseducatius.xtec.cat\/cda-altbergueda\/wp-json\/wp\/v2\/users\/1"}],"replies":[{"embeddable":true,"href":"https:\/\/serveiseducatius.xtec.cat\/cda-altbergueda\/wp-json\/wp\/v2\/comments?post=9084"}],"version-history":[{"count":6,"href":"https:\/\/serveiseducatius.xtec.cat\/cda-altbergueda\/wp-json\/wp\/v2\/pages\/9084\/revisions"}],"predecessor-version":[{"id":15417,"href":"https:\/\/serveiseducatius.xtec.cat\/cda-altbergueda\/wp-json\/wp\/v2\/pages\/9084\/revisions\/15417"}],"up":[{"embeddable":true,"href":"https:\/\/serveiseducatius.xtec.cat\/cda-altbergueda\/wp-json\/wp\/v2\/pages\/8235"}],"wp:attachment":[{"href":"https:\/\/serveiseducatius.xtec.cat\/cda-altbergueda\/wp-json\/wp\/v2\/media?parent=9084"}],"curies":[{"name":"wp","href":"https:\/\/api.w.org\/{rel}","templated":true}]}}