{"id":8894,"date":"2017-04-03T13:20:23","date_gmt":"2017-04-03T11:20:23","guid":{"rendered":"http:\/\/serveiseducatius.xtec.cat\/cda-altbergueda\/?page_id=8894"},"modified":"2026-04-15T09:42:07","modified_gmt":"2026-04-15T07:42:07","slug":"activitat-ledat-mitjana-a-lalt-bergueda","status":"publish","type":"page","link":"https:\/\/serveiseducatius.xtec.cat\/cda-altbergueda\/tematiques\/activitat-ledat-mitjana-a-lalt-bergueda\/","title":{"rendered":"Activitat: L&#8217;Edat mitjana a l&#8217;Alt Bergued\u00e0"},"content":{"rendered":"\n<figure class=\"wp-block-image aligncenter is-resized\"><img loading=\"lazy\" decoding=\"async\" width=\"1000\" height=\"250\" src=\"http:\/\/serveiseducatius.xtec.cat\/cda-altbergueda\/wp-content\/uploads\/usu1364\/2017\/04\/EdatmitjanaAltBergueda.png\" alt=\"EdatmitjanaAltBergueda\" class=\"wp-image-8895\" style=\"width:656px;height:auto\" srcset=\"https:\/\/serveiseducatius.xtec.cat\/cda-altbergueda\/wp-content\/uploads\/usu1364\/2017\/04\/EdatmitjanaAltBergueda.png 1000w, https:\/\/serveiseducatius.xtec.cat\/cda-altbergueda\/wp-content\/uploads\/usu1364\/2017\/04\/EdatmitjanaAltBergueda-300x75.png 300w, https:\/\/serveiseducatius.xtec.cat\/cda-altbergueda\/wp-content\/uploads\/usu1364\/2017\/04\/EdatmitjanaAltBergueda-768x192.png 768w\" sizes=\"auto, (max-width: 1000px) 100vw, 1000px\" \/><\/figure>\n\n\n\n<figure class=\"wp-block-table\"><table class=\"has-background has-fixed-layout\" style=\"background-color:#96c856;border-style:none;border-width:0px\"><tbody><tr><td><strong>MODALITATS:<\/strong><\/td><\/tr><tr><td>Estada<\/td><\/tr><tr><td>Sortida d&#8217;un dia<\/td><\/tr><\/tbody><\/table><\/figure>\n\n\n\n<h5 class=\"wp-block-heading\"><strong>Nivells: (cliqueu per visualitzar la fitxa de l&#8217;activitat)<\/strong><\/h5>\n\n\n\n<p><a href=\"https:\/\/drive.google.com\/file\/d\/0B3bKbe2nPP6oa2p0eVc4ejBibkk\/view?usp=sharing\">Educaci\u00f3 Prim\u00e0ria (CS)<\/a><\/p>\n\n\n\n<p><a href=\"https:\/\/drive.google.com\/file\/d\/0B3bKbe2nPP6oWXFORHIxVWdkbFE\/view?usp=sharing\">Educaci\u00f3 Secund\u00e0ria<\/a><\/p>\n\n\n\n<h5 class=\"wp-block-heading\"><strong>Desenvolupament de l&#8217;activitat:<\/strong><\/h5>\n\n\n\n<h6 class=\"wp-block-heading\">Al castell de Guardiola de Bergued\u00e0<\/h6>\n\n\n\n<ul class=\"wp-block-list\">\n<li>Funcions i parts de l\u2019edifici.<\/li>\n\n\n\n<li>La restauraci\u00f3 de l\u2019edifici.<\/li>\n<\/ul>\n\n\n\n<h6 class=\"wp-block-heading\">Al monestir de Sant Lloren\u00e7 prop Bag\u00e0<\/h6>\n\n\n\n<ul class=\"wp-block-list\">\n<li>El context hist\u00f2ric: l&#8217;Edat Mitjana i els monestirs.<\/li>\n\n\n\n<li>Introduir l&#8217;alumne en el coneixement de l\u2019estament mon\u00e0stic en el m\u00f3n medieval.<\/li>\n\n\n\n<li>Con\u00e8ixer i identificar els principals elements de l&#8217;estil rom\u00e0nic presents en aquest monestir.<\/li>\n\n\n\n<li>Breu hist\u00f2ria del monestir de St. Lloren\u00e7 prop Bag\u00e0.<\/li>\n\n\n\n<li>Estudi del monestir i de la cripta (la orientaci\u00f3, les naus, la volta, les obertures, el gruix dels pilars, els contraforts, etc.).<\/li>\n\n\n\n<li>La pir\u00e0mide social de l\u2019\u00e8poca medieval.<\/li>\n<\/ul>\n\n\n\n<h6 class=\"wp-block-heading\">Al nucli antic de Bag\u00e0<\/h6>\n\n\n\n<ul class=\"wp-block-list\">\n<li>Con\u00e8ixer l\u2019estructura d\u2019una vila medieval.<\/li>\n\n\n\n<li>Observaci\u00f3 dels diferents vestigis i espais medievals a trav\u00e9s d\u2019un recorregut pel nucli antic.<\/li>\n\n\n\n<li>Identificaci\u00f3 dels principals trets arquitect\u00f2nics (rom\u00e0nic i g\u00f2tic) de l\u2019esgl\u00e9sia parroquial de St. Esteve de Bag\u00e0, exemple de transici\u00f3 del Rom\u00e0nic al G\u00f2tic.<\/li>\n\n\n\n<li>Contextualitzaci\u00f3 de l\u2019\u00e8poca: la llegenda del \u201cRescat de les 100 donzelles\u201d.<\/li>\n<\/ul>\n\n\n\n<h5 class=\"wp-block-heading\"><strong>Producte final:<\/strong><\/h5>\n\n\n\n<p><strong>Opci\u00f3 1:<\/strong> De retorn al centre els alumnes hauran de confeccionar la pir\u00e0mide social de l\u2019\u00e8poca medieval. Haurem vist 3 edificis representatius del per\u00edode i dels estaments de la Baixa Edat Medieval. Pot ser interessant traslladar la pir\u00e0mide social de l\u2019\u00e8poca baix medieval a la societat contempor\u00e0nia, de manera que tamb\u00e9 cre\u00efn una pir\u00e0mide social per a l\u2019\u00e8poca actual.<\/p>\n\n\n\n<p><strong>Opci\u00f3 2:<\/strong> Elaborar un mapa conceptual amb els tres estaments i edificis medievals que hem vist, per tal d\u2019explicar les relacions entre els estaments i alguns trets dels drets i deures de cadascun.<\/p>\n\n\n\n<h5 class=\"wp-block-heading\"><strong>Observacions:<\/strong><\/h5>\n\n\n\n<p>L\u2019activitat \u00e9s d\u2019un dia de durada, cal portar esmorzar, dinar i aigua. Tamb\u00e9 \u00e9s recomanable bon cal\u00e7at per caminar, ja que els despla\u00e7aments d\u2019un edifici a l\u2019altre es realitzaran a peu. L\u2019activitat es pot modificar a partir de la demanda ii interessos de cada centre i el nivell educatiu dels alumnes, escollint unes o altres parts de l\u2019activitat, en aquest cas caldr\u00e0 una major coordinaci\u00f3 amb els mestres del CdA. L\u2019activitat est\u00e0 pensada com a introducci\u00f3 als alumnes a l\u2019estudi del m\u00f3n medieval. La visita al monestir de Sant Lloren\u00e7 \u00e9s gratu\u00efta, sempre que es sol\u00b7liciti amb antelaci\u00f3 a la Diputaci\u00f3. (Ho heu de fer des del centre educatiu, des del CdA us facilitarem els passos a seguir).<\/p>\n\n\n\n<h5 class=\"wp-block-heading\"><strong>Localitzacions de l&#8217;activitat:<\/strong><\/h5>\n\n\n\n<iframe loading=\"lazy\" src=\"https:\/\/www.google.com\/maps\/d\/u\/0\/embed?mid=15_3kus_fIMZwVLP5ZztTqx9djEXi1Cs&#038;ehbc=2E312F\" width=\"640\" height=\"480\"><\/iframe>\n","protected":false},"excerpt":{"rendered":"<p>MODALITATS: Estada Sortida d&#8217;un dia Nivells: (cliqueu per visualitzar la fitxa de l&#8217;activitat) Educaci\u00f3 Prim\u00e0ria (CS) Educaci\u00f3 Secund\u00e0ria Desenvolupament de l&#8217;activitat: Al castell de Guardiola de Bergued\u00e0 Al monestir de Sant Lloren\u00e7 prop Bag\u00e0 Al nucli antic de Bag\u00e0 Producte final: Opci\u00f3 1: De retorn al centre els alumnes hauran de confeccionar la pir\u00e0mide social [&hellip;]<\/p>\n","protected":false},"author":1,"featured_media":0,"parent":8235,"menu_order":42,"comment_status":"closed","ping_status":"closed","template":"","meta":{"_bbp_topic_count":0,"_bbp_reply_count":0,"_bbp_total_topic_count":0,"_bbp_total_reply_count":0,"_bbp_voice_count":0,"_bbp_anonymous_reply_count":0,"_bbp_topic_count_hidden":0,"_bbp_reply_count_hidden":0,"_bbp_forum_subforum_count":0,"site-sidebar-layout":"default","site-content-layout":"","ast-site-content-layout":"default","site-content-style":"default","site-sidebar-style":"default","ast-global-header-display":"","ast-banner-title-visibility":"","ast-main-header-display":"","ast-hfb-above-header-display":"","ast-hfb-below-header-display":"","ast-hfb-mobile-header-display":"","site-post-title":"","ast-breadcrumbs-content":"","ast-featured-img":"","footer-sml-layout":"","theme-transparent-header-meta":"","adv-header-id-meta":"","stick-header-meta":"","header-above-stick-meta":"","header-main-stick-meta":"","header-below-stick-meta":"","astra-migrate-meta-layouts":"set","ast-page-background-enabled":"default","ast-page-background-meta":{"desktop":{"background-color":"var(--ast-global-color-4)","background-image":"","background-repeat":"repeat","background-position":"center center","background-size":"auto","background-attachment":"scroll","background-type":"","background-media":"","overlay-type":"","overlay-color":"","overlay-opacity":"","overlay-gradient":""},"tablet":{"background-color":"","background-image":"","background-repeat":"repeat","background-position":"center center","background-size":"auto","background-attachment":"scroll","background-type":"","background-media":"","overlay-type":"","overlay-color":"","overlay-opacity":"","overlay-gradient":""},"mobile":{"background-color":"","background-image":"","background-repeat":"repeat","background-position":"center center","background-size":"auto","background-attachment":"scroll","background-type":"","background-media":"","overlay-type":"","overlay-color":"","overlay-opacity":"","overlay-gradient":""}},"ast-content-background-meta":{"desktop":{"background-color":"var(--ast-global-color-5)","background-image":"","background-repeat":"repeat","background-position":"center center","background-size":"auto","background-attachment":"scroll","background-type":"","background-media":"","overlay-type":"","overlay-color":"","overlay-opacity":"","overlay-gradient":""},"tablet":{"background-color":"var(--ast-global-color-5)","background-image":"","background-repeat":"repeat","background-position":"center center","background-size":"auto","background-attachment":"scroll","background-type":"","background-media":"","overlay-type":"","overlay-color":"","overlay-opacity":"","overlay-gradient":""},"mobile":{"background-color":"var(--ast-global-color-5)","background-image":"","background-repeat":"repeat","background-position":"center center","background-size":"auto","background-attachment":"scroll","background-type":"","background-media":"","overlay-type":"","overlay-color":"","overlay-opacity":"","overlay-gradient":""}},"footnotes":""},"class_list":["post-8894","page","type-page","status-publish","hentry"],"post_mailing_queue_ids":[],"_links":{"self":[{"href":"https:\/\/serveiseducatius.xtec.cat\/cda-altbergueda\/wp-json\/wp\/v2\/pages\/8894","targetHints":{"allow":["GET"]}}],"collection":[{"href":"https:\/\/serveiseducatius.xtec.cat\/cda-altbergueda\/wp-json\/wp\/v2\/pages"}],"about":[{"href":"https:\/\/serveiseducatius.xtec.cat\/cda-altbergueda\/wp-json\/wp\/v2\/types\/page"}],"author":[{"embeddable":true,"href":"https:\/\/serveiseducatius.xtec.cat\/cda-altbergueda\/wp-json\/wp\/v2\/users\/1"}],"replies":[{"embeddable":true,"href":"https:\/\/serveiseducatius.xtec.cat\/cda-altbergueda\/wp-json\/wp\/v2\/comments?post=8894"}],"version-history":[{"count":5,"href":"https:\/\/serveiseducatius.xtec.cat\/cda-altbergueda\/wp-json\/wp\/v2\/pages\/8894\/revisions"}],"predecessor-version":[{"id":15579,"href":"https:\/\/serveiseducatius.xtec.cat\/cda-altbergueda\/wp-json\/wp\/v2\/pages\/8894\/revisions\/15579"}],"up":[{"embeddable":true,"href":"https:\/\/serveiseducatius.xtec.cat\/cda-altbergueda\/wp-json\/wp\/v2\/pages\/8235"}],"wp:attachment":[{"href":"https:\/\/serveiseducatius.xtec.cat\/cda-altbergueda\/wp-json\/wp\/v2\/media?parent=8894"}],"curies":[{"name":"wp","href":"https:\/\/api.w.org\/{rel}","templated":true}]}}

Activitat: L&#8217;Edat mitjana a l&#8217;Alt Berguedà

<figure class="wp-block-image aligncenter is-resized"><img loading="lazy" decoding="async" width="1000" height="250" src="http://serveiseducatius.xtec.cat/cda-altbergueda/wp-content/uploads/usu1364/2017/04/EdatmitjanaAltBergueda.png" alt="EdatmitjanaAltBergueda" class="wp-image-8895" style="width:656px;height:auto" srcset="https://serveiseducatius.xtec.cat/cda-altbergueda/wp-content/uploads/usu1364/2017/04/EdatmitjanaAltBergueda.png 1000w, https://serveiseducatius.xtec.cat/cda-altbergueda/wp-content/uploads/usu1364/2017/04/EdatmitjanaAltBergueda-300x75.png 300w, https://serveiseducatius.xtec.cat/cda-altbergueda/wp-content/uploads/usu1364/2017/04/EdatmitjanaAltBergueda-768x192.png 768w" sizes="auto, (max-width: 1000px) 100vw, 1000px" /></figure>



<figure class="wp-block-table"><table class="has-background has-fixed-layout" style="background-color:#96c856;border-style:none;border-width:0px"><tbody><tr><td><strong>MODALITATS:</strong></td></tr><tr><td>Estada</td></tr><tr><td>Sortida d&#8217;un dia</td></tr></tbody></table></figure>



<h5 class="wp-block-heading"><strong>Nivells: (cliqueu per visualitzar la fitxa de l&#8217;activitat)</strong></h5>



<p><a href="https://drive.google.com/file/d/0B3bKbe2nPP6oa2p0eVc4ejBibkk/view?usp=sharing">Educació Primària (CS)</a></p>



<p><a href="https://drive.google.com/file/d/0B3bKbe2nPP6oWXFORHIxVWdkbFE/view?usp=sharing">Educació Secundària</a></p>



<h5 class="wp-block-heading"><strong>Desenvolupament de l&#8217;activitat:</strong></h5>



<h6 class="wp-block-heading">Al castell de Guardiola de Berguedà</h6>



<ul class="wp-block-list">
<li>Funcions i parts de l’edifici.</li>



<li>La restauració de l’edifici.</li>
</ul>



<h6 class="wp-block-heading">Al monestir de Sant Llorenç prop Bagà</h6>



<ul class="wp-block-list">
<li>El context històric: l&#8217;Edat Mitjana i els monestirs.</li>



<li>Introduir l&#8217;alumne en el coneixement de l’estament monàstic en el món medieval.</li>



<li>Conèixer i identificar els principals elements de l&#8217;estil romànic presents en aquest monestir.</li>



<li>Breu història del monestir de St. Llorenç prop Bagà.</li>



<li>Estudi del monestir i de la cripta (la orientació, les naus, la volta, les obertures, el gruix dels pilars, els contraforts, etc.).</li>



<li>La piràmide social de l’època medieval.</li>
</ul>



<h6 class="wp-block-heading">Al nucli antic de Bagà</h6>



<ul class="wp-block-list">
<li>Conèixer l’estructura d’una vila medieval.</li>



<li>Observació dels diferents vestigis i espais medievals a través d’un recorregut pel nucli antic.</li>



<li>Identificació dels principals trets arquitectònics (romànic i gòtic) de l’església parroquial de St. Esteve de Bagà, exemple de transició del Romànic al Gòtic.</li>



<li>Contextualització de l’època: la llegenda del “Rescat de les 100 donzelles”.</li>
</ul>



<h5 class="wp-block-heading"><strong>Producte final:</strong></h5>



<p><strong>Opció 1:</strong> De retorn al centre els alumnes hauran de confeccionar la piràmide social de l’època medieval. Haurem vist 3 edificis representatius del període i dels estaments de la Baixa Edat Medieval. Pot ser interessant traslladar la piràmide social de l’època baix medieval a la societat contemporània, de manera que també creïn una piràmide social per a l’època actual.</p>



<p><strong>Opció 2:</strong> Elaborar un mapa conceptual amb els tres estaments i edificis medievals que hem vist, per tal d’explicar les relacions entre els estaments i alguns trets dels drets i deures de cadascun.</p>



<h5 class="wp-block-heading"><strong>Observacions:</strong></h5>



<p>L’activitat és d’un dia de durada, cal portar esmorzar, dinar i aigua. També és recomanable bon calçat per caminar, ja que els desplaçaments d’un edifici a l’altre es realitzaran a peu. L’activitat es pot modificar a partir de la demanda ii interessos de cada centre i el nivell educatiu dels alumnes, escollint unes o altres parts de l’activitat, en aquest cas caldrà una major coordinació amb els mestres del CdA. L’activitat està pensada com a introducció als alumnes a l’estudi del món medieval. La visita al monestir de Sant Llorenç és gratuïta, sempre que es sol·liciti amb antelació a la Diputació. (Ho heu de fer des del centre educatiu, des del CdA us facilitarem els passos a seguir).</p>



<h5 class="wp-block-heading"><strong>Localitzacions de l&#8217;activitat:</strong></h5>



<iframe loading="lazy" src="https://www.google.com/maps/d/u/0/embed?mid=15_3kus_fIMZwVLP5ZztTqx9djEXi1Cs&#038;ehbc=2E312F" width="640" height="480"></iframe>

<p>MODALITATS: Estada Sortida d&#8217;un dia Nivells: (cliqueu per visualitzar la fitxa de l&#8217;activitat) Educació Primària (CS) Educació Secundària Desenvolupament de l&#8217;activitat: Al castell de Guardiola de Berguedà Al monestir de Sant Llorenç prop Bagà Al nucli antic de Bagà Producte final: Opció 1: De retorn al centre els alumnes hauran de confeccionar la piràmide social [&hellip;]</p>
