{"id":71,"date":"2013-11-14T19:47:14","date_gmt":"2013-11-14T18:47:14","guid":{"rendered":"http:\/\/blocs.xtec.cat\/plantillacda\/?page_id=71"},"modified":"2025-12-17T22:13:55","modified_gmt":"2025-12-17T21:13:55","slug":"on-som","status":"publish","type":"page","link":"https:\/\/serveiseducatius.xtec.cat\/cda-altbergueda\/el-camp\/on-som\/","title":{"rendered":"On som?"},"content":{"rendered":"\n<figure class=\"wp-block-table is-style-stripes\"><table><tbody><tr><td>&nbsp;<\/td><td class=\"has-text-align-center\" data-align=\"center\"><figure><img loading=\"lazy\" decoding=\"async\" class=\"aligncenter wp-image-13839 size-thumbnail\" src=\"https:\/\/serveiseducatius.xtec.cat\/cda-altbergueda\/wp-content\/uploads\/usu1364\/2024\/05\/mapa-150x150.png\" alt=\"\" width=\"150\" height=\"150\" srcset=\"https:\/\/serveiseducatius.xtec.cat\/cda-altbergueda\/wp-content\/uploads\/usu1364\/2024\/05\/mapa-150x150.png 150w, https:\/\/serveiseducatius.xtec.cat\/cda-altbergueda\/wp-content\/uploads\/usu1364\/2024\/05\/mapa-300x300.png 300w, https:\/\/serveiseducatius.xtec.cat\/cda-altbergueda\/wp-content\/uploads\/usu1364\/2024\/05\/mapa.png 512w\" sizes=\"auto, (max-width: 150px) 100vw, 150px\" \/><\/figure><\/td><td>&nbsp;<\/td><\/tr><\/tbody><\/table><\/figure>\n\n\n\n<p>El <strong>Camp d\u2019Aprenentatge de l\u2019Alt Bergued\u00e0<\/strong> est\u00e0 situat al Prepirineu catal\u00e0, en una zona de muntanya mitjana i alta, al costat del Parc Natural del Cad\u00ed-Moixer\u00f3.&nbsp;La seu del CdA est\u00e0 ubicada a Guardiola de Bergued\u00e0, en una ala de l&#8217;escola Sant Lloren\u00e7 del mateix municipi.&nbsp;Els centres educatius que fan estada al nostre Camp s&#8217;allotgen a l&#8217;alberg la Sala, situat entre Guardiola de Bergued\u00e0 i la Pobla de Lillet.<\/p>\n\n\n\n<h4 class=\"wp-block-heading\">Com arribar-hi<\/h4>\n\n\n\n<p>A la seu del Camp d&#8217;Aprenentatge de l&#8217;Alt Bergued\u00e0 s&#8217;hi accedeix <strong>a trav\u00e9s de l&#8217;Eix del Llobregat (C-16)<\/strong>, a la <strong>sortida de Guardiola de Bergued\u00e0<\/strong>. Les instal\u00b7lacions es troben just a l&#8217;entrada del poble, a m\u00e0 dreta, compartint edifici amb l&#8217;escola Sant Lloren\u00e7.<\/p>\n\n\n\n<p class=\"has-text-align-center\"><iframe loading=\"lazy\" src=\"https:\/\/www.google.com\/maps\/d\/embed?mid=1ZCbf9Yy2_7nitbANFY8pT2AQiPE\" width=\"640\" height=\"480\"><\/iframe><\/p>\n\n\n\n<h4 class=\"wp-block-heading\">ALLOTJAMENT<\/h4>\n\n\n\n<figure class=\"wp-block-table is-style-stripes\"><table class=\"has-fixed-layout\"><tbody><tr><td>&nbsp;<\/td><td><figure><img loading=\"lazy\" decoding=\"async\" class=\"wp-image-13841 size-thumbnail aligncenter\" src=\"https:\/\/serveiseducatius.xtec.cat\/cda-altbergueda\/wp-content\/uploads\/usu1364\/2024\/05\/albergue-150x150.png\" alt=\"\" width=\"150\" height=\"150\" srcset=\"https:\/\/serveiseducatius.xtec.cat\/cda-altbergueda\/wp-content\/uploads\/usu1364\/2024\/05\/albergue-150x150.png 150w, https:\/\/serveiseducatius.xtec.cat\/cda-altbergueda\/wp-content\/uploads\/usu1364\/2024\/05\/albergue-300x300.png 300w, https:\/\/serveiseducatius.xtec.cat\/cda-altbergueda\/wp-content\/uploads\/usu1364\/2024\/05\/albergue.png 512w\" sizes=\"auto, (max-width: 150px) 100vw, 150px\" \/><\/figure><\/td><td>&nbsp;<\/td><\/tr><\/tbody><\/table><\/figure>\n\n\n\n<p>Per arribar&nbsp;a <strong>la casa de La Sala&nbsp;<\/strong>no cal entrar a Guardiola, s&#8217;ha de seguir uns 200 metres m\u00e9s, per la C-16, i agafar la sortida cap a la Pobla de Lillet. Al cap d&#8217;uns sis quil\u00f2metres, a m\u00e0 esquerra, es troba el trencant que porta a la casa. M\u00e9s informaci\u00f3 a la&nbsp;<a href=\"https:\/\/www.peretarres.org\/cases-colonies-albergs\/cases-colonies-albergs-catalunya-balears\/cases-colonies-albergs-catalunya\/alberg-la-sala-pobla-de-lillet-barcelona\">web de l&#8217;alberg<\/a>&nbsp;o a la nostra secci\u00f3 <a href=\"http:\/\/serveiseducatius.xtec.cat\/cda-altbergueda\/el-camp\/allotjament\/\">allotjament<\/a>.<\/p>\n","protected":false},"excerpt":{"rendered":"<p>&nbsp; &nbsp; El Camp d\u2019Aprenentatge de l\u2019Alt Bergued\u00e0 est\u00e0 situat al Prepirineu catal\u00e0, en una zona de muntanya mitjana i alta, al costat del Parc Natural del Cad\u00ed-Moixer\u00f3.&nbsp;La seu del CdA est\u00e0 ubicada a Guardiola de Bergued\u00e0, en una ala de l&#8217;escola Sant Lloren\u00e7 del mateix municipi.&nbsp;Els centres educatius que fan estada al nostre Camp [&hellip;]<\/p>\n","protected":false},"author":1,"featured_media":0,"parent":8225,"menu_order":3,"comment_status":"closed","ping_status":"closed","template":"","meta":{"_bbp_topic_count":0,"_bbp_reply_count":0,"_bbp_total_topic_count":0,"_bbp_total_reply_count":0,"_bbp_voice_count":0,"_bbp_anonymous_reply_count":0,"_bbp_topic_count_hidden":0,"_bbp_reply_count_hidden":0,"_bbp_forum_subforum_count":0,"site-sidebar-layout":"default","site-content-layout":"","ast-site-content-layout":"default","site-content-style":"default","site-sidebar-style":"default","ast-global-header-display":"","ast-banner-title-visibility":"","ast-main-header-display":"","ast-hfb-above-header-display":"","ast-hfb-below-header-display":"","ast-hfb-mobile-header-display":"","site-post-title":"","ast-breadcrumbs-content":"","ast-featured-img":"","footer-sml-layout":"","theme-transparent-header-meta":"","adv-header-id-meta":"","stick-header-meta":"","header-above-stick-meta":"","header-main-stick-meta":"","header-below-stick-meta":"","astra-migrate-meta-layouts":"set","ast-page-background-enabled":"default","ast-page-background-meta":{"desktop":{"background-color":"var(--ast-global-color-4)","background-image":"","background-repeat":"repeat","background-position":"center center","background-size":"auto","background-attachment":"scroll","background-type":"","background-media":"","overlay-type":"","overlay-color":"","overlay-opacity":"","overlay-gradient":""},"tablet":{"background-color":"","background-image":"","background-repeat":"repeat","background-position":"center center","background-size":"auto","background-attachment":"scroll","background-type":"","background-media":"","overlay-type":"","overlay-color":"","overlay-opacity":"","overlay-gradient":""},"mobile":{"background-color":"","background-image":"","background-repeat":"repeat","background-position":"center center","background-size":"auto","background-attachment":"scroll","background-type":"","background-media":"","overlay-type":"","overlay-color":"","overlay-opacity":"","overlay-gradient":""}},"ast-content-background-meta":{"desktop":{"background-color":"var(--ast-global-color-5)","background-image":"","background-repeat":"repeat","background-position":"center center","background-size":"auto","background-attachment":"scroll","background-type":"","background-media":"","overlay-type":"","overlay-color":"","overlay-opacity":"","overlay-gradient":""},"tablet":{"background-color":"var(--ast-global-color-5)","background-image":"","background-repeat":"repeat","background-position":"center center","background-size":"auto","background-attachment":"scroll","background-type":"","background-media":"","overlay-type":"","overlay-color":"","overlay-opacity":"","overlay-gradient":""},"mobile":{"background-color":"var(--ast-global-color-5)","background-image":"","background-repeat":"repeat","background-position":"center center","background-size":"auto","background-attachment":"scroll","background-type":"","background-media":"","overlay-type":"","overlay-color":"","overlay-opacity":"","overlay-gradient":""}},"footnotes":""},"class_list":["post-71","page","type-page","status-publish","hentry"],"post_mailing_queue_ids":[],"_links":{"self":[{"href":"https:\/\/serveiseducatius.xtec.cat\/cda-altbergueda\/wp-json\/wp\/v2\/pages\/71","targetHints":{"allow":["GET"]}}],"collection":[{"href":"https:\/\/serveiseducatius.xtec.cat\/cda-altbergueda\/wp-json\/wp\/v2\/pages"}],"about":[{"href":"https:\/\/serveiseducatius.xtec.cat\/cda-altbergueda\/wp-json\/wp\/v2\/types\/page"}],"author":[{"embeddable":true,"href":"https:\/\/serveiseducatius.xtec.cat\/cda-altbergueda\/wp-json\/wp\/v2\/users\/1"}],"replies":[{"embeddable":true,"href":"https:\/\/serveiseducatius.xtec.cat\/cda-altbergueda\/wp-json\/wp\/v2\/comments?post=71"}],"version-history":[{"count":6,"href":"https:\/\/serveiseducatius.xtec.cat\/cda-altbergueda\/wp-json\/wp\/v2\/pages\/71\/revisions"}],"predecessor-version":[{"id":15132,"href":"https:\/\/serveiseducatius.xtec.cat\/cda-altbergueda\/wp-json\/wp\/v2\/pages\/71\/revisions\/15132"}],"up":[{"embeddable":true,"href":"https:\/\/serveiseducatius.xtec.cat\/cda-altbergueda\/wp-json\/wp\/v2\/pages\/8225"}],"wp:attachment":[{"href":"https:\/\/serveiseducatius.xtec.cat\/cda-altbergueda\/wp-json\/wp\/v2\/media?parent=71"}],"curies":[{"name":"wp","href":"https:\/\/api.w.org\/{rel}","templated":true}]}}