{"id":15639,"date":"2026-04-29T12:28:58","date_gmt":"2026-04-29T10:28:58","guid":{"rendered":"https:\/\/serveiseducatius.xtec.cat\/cda-altbergueda\/?page_id=15639"},"modified":"2026-04-29T17:04:26","modified_gmt":"2026-04-29T15:04:26","slug":"itinerari-batxillerat","status":"publish","type":"page","link":"https:\/\/serveiseducatius.xtec.cat\/cda-altbergueda\/modalitats\/estades\/itinerari-batxillerat\/","title":{"rendered":"Itinerari Batxillerat"},"content":{"rendered":"\n<figure class=\"wp-block-image size-full\"><a href=\"https:\/\/serveiseducatius.xtec.cat\/cda-altbergueda\/wp-content\/uploads\/usu1364\/2026\/04\/batxillerat.png\"><img loading=\"lazy\" decoding=\"async\" width=\"992\" height=\"245\" src=\"https:\/\/serveiseducatius.xtec.cat\/cda-altbergueda\/wp-content\/uploads\/usu1364\/2026\/04\/batxillerat.png\" alt=\"\" class=\"wp-image-15679\" srcset=\"https:\/\/serveiseducatius.xtec.cat\/cda-altbergueda\/wp-content\/uploads\/usu1364\/2026\/04\/batxillerat.png 992w, https:\/\/serveiseducatius.xtec.cat\/cda-altbergueda\/wp-content\/uploads\/usu1364\/2026\/04\/batxillerat-300x74.png 300w, https:\/\/serveiseducatius.xtec.cat\/cda-altbergueda\/wp-content\/uploads\/usu1364\/2026\/04\/batxillerat-768x190.png 768w\" sizes=\"auto, (max-width: 992px) 100vw, 992px\" \/><\/a><\/figure>\n\n\n\n<p>Aquest itinerari consisteix en una&nbsp;<strong>seq\u00fc\u00e8ncia d\u2019activitats dissenyades espec\u00edficament per a una estada de Batxillerat al CdA de l\u2019Alt Bergued\u00e0<\/strong>. Les propostes s\u2019emmarquen en una aproximaci\u00f3 pr\u00e0ctica i interdisciplin\u00e0ria del coneixement del medi natural i cient\u00edfic.<\/p>\n\n\n\n<p>Durant l\u2019estada, l\u2019alumnat participar\u00e0 en les seg\u00fcents activitats:<\/p>\n\n\n\n<ul class=\"wp-block-list\">\n<li><strong>Estudi de la biomassa d\u2019una parcel\u00b7la forestal<\/strong>, explorant la relaci\u00f3 entre vegetaci\u00f3, materials i cicle de nutrients.<\/li>\n\n\n\n<li><strong>An\u00e0lisi fisicoqu\u00edmica de l\u2019aigua del riu Llobregat<\/strong>, on l\u2019alumnat aplicar\u00e0 t\u00e8cniques de camp i laboratori per caracteritzar la qualitat de l\u2019aigua.<\/li>\n\n\n\n<li><strong>Itinerari geol\u00f2gic a Coll de Pal<\/strong>, en el qual s\u2019identificaran i classificaran roques i minerals presents en el terreny, tot interpretant els processos geol\u00f2gics que els han generat.<\/li>\n<\/ul>\n\n\n\n<p>Aquestes activitats es&nbsp;<em>definiran i ajustaran durant la reuni\u00f3 de coordinaci\u00f3<\/em>, de manera conjunta amb els docents del centre educativa, per tal d\u2019adaptar-les als objectius formatius i al ritme de l\u2019aula.<\/p>\n","protected":false},"excerpt":{"rendered":"<p>Aquest itinerari consisteix en una&nbsp;seq\u00fc\u00e8ncia d\u2019activitats dissenyades espec\u00edficament per a una estada de Batxillerat al CdA de l\u2019Alt Bergued\u00e0. Les propostes s\u2019emmarquen en una aproximaci\u00f3 pr\u00e0ctica i interdisciplin\u00e0ria del coneixement del medi natural i cient\u00edfic. Durant l\u2019estada, l\u2019alumnat participar\u00e0 en les seg\u00fcents activitats: Aquestes activitats es&nbsp;definiran i ajustaran durant la reuni\u00f3 de coordinaci\u00f3, de manera [&hellip;]<\/p>\n","protected":false},"author":1,"featured_media":0,"parent":157,"menu_order":40,"comment_status":"closed","ping_status":"closed","template":"","meta":{"_bbp_topic_count":0,"_bbp_reply_count":0,"_bbp_total_topic_count":0,"_bbp_total_reply_count":0,"_bbp_voice_count":0,"_bbp_anonymous_reply_count":0,"_bbp_topic_count_hidden":0,"_bbp_reply_count_hidden":0,"_bbp_forum_subforum_count":0,"site-sidebar-layout":"default","site-content-layout":"","ast-site-content-layout":"default","site-content-style":"default","site-sidebar-style":"default","ast-global-header-display":"","ast-banner-title-visibility":"","ast-main-header-display":"","ast-hfb-above-header-display":"","ast-hfb-below-header-display":"","ast-hfb-mobile-header-display":"","site-post-title":"","ast-breadcrumbs-content":"","ast-featured-img":"","footer-sml-layout":"","theme-transparent-header-meta":"","adv-header-id-meta":"","stick-header-meta":"","header-above-stick-meta":"","header-main-stick-meta":"","header-below-stick-meta":"","astra-migrate-meta-layouts":"set","ast-page-background-enabled":"default","ast-page-background-meta":{"desktop":{"background-color":"var(--ast-global-color-4)","background-image":"","background-repeat":"repeat","background-position":"center center","background-size":"auto","background-attachment":"scroll","background-type":"","background-media":"","overlay-type":"","overlay-color":"","overlay-opacity":"","overlay-gradient":""},"tablet":{"background-color":"","background-image":"","background-repeat":"repeat","background-position":"center center","background-size":"auto","background-attachment":"scroll","background-type":"","background-media":"","overlay-type":"","overlay-color":"","overlay-opacity":"","overlay-gradient":""},"mobile":{"background-color":"","background-image":"","background-repeat":"repeat","background-position":"center center","background-size":"auto","background-attachment":"scroll","background-type":"","background-media":"","overlay-type":"","overlay-color":"","overlay-opacity":"","overlay-gradient":""}},"ast-content-background-meta":{"desktop":{"background-color":"var(--ast-global-color-5)","background-image":"","background-repeat":"repeat","background-position":"center center","background-size":"auto","background-attachment":"scroll","background-type":"","background-media":"","overlay-type":"","overlay-color":"","overlay-opacity":"","overlay-gradient":""},"tablet":{"background-color":"var(--ast-global-color-5)","background-image":"","background-repeat":"repeat","background-position":"center center","background-size":"auto","background-attachment":"scroll","background-type":"","background-media":"","overlay-type":"","overlay-color":"","overlay-opacity":"","overlay-gradient":""},"mobile":{"background-color":"var(--ast-global-color-5)","background-image":"","background-repeat":"repeat","background-position":"center center","background-size":"auto","background-attachment":"scroll","background-type":"","background-media":"","overlay-type":"","overlay-color":"","overlay-opacity":"","overlay-gradient":""}},"footnotes":""},"class_list":["post-15639","page","type-page","status-publish","hentry"],"post_mailing_queue_ids":[],"_links":{"self":[{"href":"https:\/\/serveiseducatius.xtec.cat\/cda-altbergueda\/wp-json\/wp\/v2\/pages\/15639","targetHints":{"allow":["GET"]}}],"collection":[{"href":"https:\/\/serveiseducatius.xtec.cat\/cda-altbergueda\/wp-json\/wp\/v2\/pages"}],"about":[{"href":"https:\/\/serveiseducatius.xtec.cat\/cda-altbergueda\/wp-json\/wp\/v2\/types\/page"}],"author":[{"embeddable":true,"href":"https:\/\/serveiseducatius.xtec.cat\/cda-altbergueda\/wp-json\/wp\/v2\/users\/1"}],"replies":[{"embeddable":true,"href":"https:\/\/serveiseducatius.xtec.cat\/cda-altbergueda\/wp-json\/wp\/v2\/comments?post=15639"}],"version-history":[{"count":2,"href":"https:\/\/serveiseducatius.xtec.cat\/cda-altbergueda\/wp-json\/wp\/v2\/pages\/15639\/revisions"}],"predecessor-version":[{"id":15680,"href":"https:\/\/serveiseducatius.xtec.cat\/cda-altbergueda\/wp-json\/wp\/v2\/pages\/15639\/revisions\/15680"}],"up":[{"embeddable":true,"href":"https:\/\/serveiseducatius.xtec.cat\/cda-altbergueda\/wp-json\/wp\/v2\/pages\/157"}],"wp:attachment":[{"href":"https:\/\/serveiseducatius.xtec.cat\/cda-altbergueda\/wp-json\/wp\/v2\/media?parent=15639"}],"curies":[{"name":"wp","href":"https:\/\/api.w.org\/{rel}","templated":true}]}}