{"id":12128,"date":"2022-02-02T13:37:39","date_gmt":"2022-02-02T12:37:39","guid":{"rendered":"https:\/\/serveiseducatius.xtec.cat\/cda-altbergueda\/?page_id=12128"},"modified":"2025-12-17T23:01:15","modified_gmt":"2025-12-17T22:01:15","slug":"itinerari-riu","status":"publish","type":"page","link":"https:\/\/serveiseducatius.xtec.cat\/cda-altbergueda\/modalitats\/estades\/itinerari-riu\/","title":{"rendered":"Itinerari riu"},"content":{"rendered":"\n<figure class=\"wp-block-image size-full\"><a href=\"https:\/\/serveiseducatius.xtec.cat\/cda-altbergueda\/wp-content\/uploads\/usu1364\/2022\/02\/itineraririu.png\"><img loading=\"lazy\" decoding=\"async\" width=\"1000\" height=\"250\" src=\"https:\/\/serveiseducatius.xtec.cat\/cda-altbergueda\/wp-content\/uploads\/usu1364\/2022\/02\/itineraririu.png\" alt=\"\" class=\"wp-image-12150\" srcset=\"https:\/\/serveiseducatius.xtec.cat\/cda-altbergueda\/wp-content\/uploads\/usu1364\/2022\/02\/itineraririu.png 1000w, https:\/\/serveiseducatius.xtec.cat\/cda-altbergueda\/wp-content\/uploads\/usu1364\/2022\/02\/itineraririu-300x75.png 300w, https:\/\/serveiseducatius.xtec.cat\/cda-altbergueda\/wp-content\/uploads\/usu1364\/2022\/02\/itineraririu-768x192.png 768w\" sizes=\"auto, (max-width: 1000px) 100vw, 1000px\" \/><\/a><\/figure>\n\n\n\n<p>El Camp d&#8217;aprenentatge de l&#8217;Alt Bergued\u00e0, per la seva ubicaci\u00f3 i caracter\u00edstiques, no es pot deslligar del riu Llobregat. \u00c9s l&#8217;eix a trav\u00e9s del qual s&#8217;han anat vertebrant les activitats m\u00e9s representatives del Camp en els seus ja m\u00e9s de 25 anys d&#8217;exist\u00e8ncia.<\/p>\n\n\n\n<p>Aquest itinerari riu, el podr\u00edem concretar una mica m\u00e9s i anomenar: &#8220;EL curs alt del riu Llobregat&#8221;. \u00c9s l<span style=\"font-family: inherit; font-size: 1em;\">&#8216;itinerari m\u00e9s destacat de les nostres estades, ja que \u00e9s el m\u00e9s demanat i el que hist\u00f2ricament m\u00e9s centres educatius han portat a terme.<\/span> Aqu\u00ed sota podeu consultar les SD de l&#8217;itinerari per a cada etapa educativa:<\/p>\n\n\n\n<figure class=\"wp-block-table is-style-stripes\"><table class=\"has-fixed-layout\"><tbody><tr><td class=\"has-text-align-center\" data-align=\"center\" colspan=\"4\"><h3>SEQ\u00dc\u00c8NCIES DID\u00c0CTIQUES<\/h3><\/td><\/tr><tr><td class=\"has-text-align-center\" data-align=\"center\"><h4><a href=\"https:\/\/serveiseducatius.xtec.cat\/cda-altbergueda\/docs\/sequencia-didactica-itinerari-riu-ci\/\">CICLE INICIAL<\/a><\/h4><\/td><td class=\"has-text-align-center\" data-align=\"center\"><h4><a href=\"https:\/\/serveiseducatius.xtec.cat\/cda-altbergueda\/docs\/sequencia-didactica-itinerari-riu-cm\/\">CICLE MITJ\u00c0<\/a><\/h4><\/td><td class=\"has-text-align-center\" data-align=\"center\"><h4><a href=\"https:\/\/serveiseducatius.xtec.cat\/cda-altbergueda\/docs\/sequencia-didactica-itinerari-riu-cs\/\">CICLE SUPERIOR<\/a><\/h4><\/td><td class=\"has-text-align-center\" data-align=\"center\"><h4><a href=\"https:\/\/serveiseducatius.xtec.cat\/cda-altbergueda\/docs\/sequencia-didactica-itinerari-riu-eso\/\">ESO<\/a><\/h4><\/td><\/tr><\/tbody><\/table><\/figure>\n\n\n\n<p>Com en totes les seq\u00fc\u00e8ncies did\u00e0ctiques de les estades als camps i entorns d&#8217;aprenentatge del Departament d&#8217;Educaci\u00f3, treballarem en tres moments:<\/p>\n\n\n\n<p>Un<strong> primer moment al centre (M1):<\/strong><\/p>\n\n\n\n<p>Abans de venir a fer l&#8217;estada es proposa treballar amb una cerca d&#8217;informaci\u00f3 relacionada amb la comarca del Bergued\u00e0, de manera comuna amb la resta d&#8217;itineraris que oferim, i de manera particular per a l&#8217;itinerari de riu, amb diversos aspectes relacionats amb els rius, rieres i l&#8217;aigua del planeta, agafant com a referent el riu Llobregat.<\/p>\n\n\n\n<p>Un <strong>segon moment (M2), <\/strong>ja<strong> durant l&#8217;estada al CdA<\/strong>, on podem descobrir i entendre la formaci\u00f3 dels rius en general i del Llobregat en particular, a partir de la visita de la cova de la Tuta i a les Fonts del Llobregat.<\/p>\n\n\n\n<figure class=\"wp-block-image aligncenter is-resized\"><img loading=\"lazy\" decoding=\"async\" width=\"1023\" height=\"575\" src=\"https:\/\/serveiseducatius.xtec.cat\/cda-altbergueda\/wp-content\/uploads\/usu1364\/2021\/09\/20211004_154209.jpg\" alt=\"\" class=\"wp-image-11824\" style=\"width:495px;height:auto\" srcset=\"https:\/\/serveiseducatius.xtec.cat\/cda-altbergueda\/wp-content\/uploads\/usu1364\/2021\/09\/20211004_154209.jpg 1023w, https:\/\/serveiseducatius.xtec.cat\/cda-altbergueda\/wp-content\/uploads\/usu1364\/2021\/09\/20211004_154209-300x169.jpg 300w, https:\/\/serveiseducatius.xtec.cat\/cda-altbergueda\/wp-content\/uploads\/usu1364\/2021\/09\/20211004_154209-768x432.jpg 768w\" sizes=\"auto, (max-width: 1023px) 100vw, 1023px\" \/><\/figure>\n\n\n\n<p><span style=\"font-family: inherit; font-size: 1em;\">Un segon dia on realitzarem un treball de camp i de laboratori per fer un estudi del curs alt del riu i determinar-ne la qualitat de l&#8217;aigua, identificar-ne les principals esp\u00e8cies de vegetaci\u00f3 de ribera que hi habiten i l&#8217;impacte hum\u00e0 que hi observem. Aquest estudi pot servir de guia per elaborar un estudi similar en h\u00e0bitats similars que hi puguin haver propers al centre educatiu.<\/span><\/p>\n\n\n\n<figure class=\"wp-block-image aligncenter is-resized\"><img loading=\"lazy\" decoding=\"async\" width=\"1023\" height=\"767\" src=\"https:\/\/serveiseducatius.xtec.cat\/cda-altbergueda\/wp-content\/uploads\/usu1364\/2022\/02\/1603350524940.jpg\" alt=\"\" class=\"wp-image-12131\" style=\"width:489px;height:auto\" srcset=\"https:\/\/serveiseducatius.xtec.cat\/cda-altbergueda\/wp-content\/uploads\/usu1364\/2022\/02\/1603350524940.jpg 1023w, https:\/\/serveiseducatius.xtec.cat\/cda-altbergueda\/wp-content\/uploads\/usu1364\/2022\/02\/1603350524940-300x225.jpg 300w, https:\/\/serveiseducatius.xtec.cat\/cda-altbergueda\/wp-content\/uploads\/usu1364\/2022\/02\/1603350524940-768x576.jpg 768w, https:\/\/serveiseducatius.xtec.cat\/cda-altbergueda\/wp-content\/uploads\/usu1364\/2022\/02\/1603350524940-200x150.jpg 200w\" sizes=\"auto, (max-width: 1023px) 100vw, 1023px\" \/><\/figure>\n\n\n\n<p><span style=\"font-family: inherit; font-size: 1em;\">I per acabar l&#8217;estada, tot i no estar directament relacionat amb el riu, dedicarem el 3r dia a realitzar un estudi del bosc&nbsp;<\/span><span style=\"font-family: inherit; font-size: 1em;\">de la Sala per con\u00e8ixer una mica millor aquest entorn on haurem passat tres dies plens d&#8217;emocions, viv\u00e8ncies i aprenentatges.<\/span><\/p>\n\n\n\n<p>Finalment, en un <strong>tercer moment (M3)<\/strong>, <strong>de tornada ja al centre<\/strong> on proposem complementar aquest itinerari amb un dec\u00e0leg d&#8217;accions que podem portar a terme per cuidar els nostres rius i ecosistemes d&#8217;aigua i un informe de la qualitat del riu. Aquests seran els treballs posteriors que proposem als centres i que serviran de tancament de la seq\u00fcencia did\u00e0ctica que haurem portat a la pr\u00e0ctica conjuntament.<\/p>\n","protected":false},"excerpt":{"rendered":"<p>El Camp d&#8217;aprenentatge de l&#8217;Alt Bergued\u00e0, per la seva ubicaci\u00f3 i caracter\u00edstiques, no es pot deslligar del riu Llobregat. \u00c9s l&#8217;eix a trav\u00e9s del qual s&#8217;han anat vertebrant les activitats m\u00e9s representatives del Camp en els seus ja m\u00e9s de 25 anys d&#8217;exist\u00e8ncia. Aquest itinerari riu, el podr\u00edem concretar una mica m\u00e9s i anomenar: &#8220;EL [&hellip;]<\/p>\n","protected":false},"author":1,"featured_media":0,"parent":157,"menu_order":10,"comment_status":"closed","ping_status":"closed","template":"","meta":{"_bbp_topic_count":0,"_bbp_reply_count":0,"_bbp_total_topic_count":0,"_bbp_total_reply_count":0,"_bbp_voice_count":0,"_bbp_anonymous_reply_count":0,"_bbp_topic_count_hidden":0,"_bbp_reply_count_hidden":0,"_bbp_forum_subforum_count":0,"site-sidebar-layout":"default","site-content-layout":"","ast-site-content-layout":"default","site-content-style":"default","site-sidebar-style":"default","ast-global-header-display":"","ast-banner-title-visibility":"","ast-main-header-display":"","ast-hfb-above-header-display":"","ast-hfb-below-header-display":"","ast-hfb-mobile-header-display":"","site-post-title":"","ast-breadcrumbs-content":"","ast-featured-img":"","footer-sml-layout":"","theme-transparent-header-meta":"","adv-header-id-meta":"","stick-header-meta":"","header-above-stick-meta":"","header-main-stick-meta":"","header-below-stick-meta":"","astra-migrate-meta-layouts":"set","ast-page-background-enabled":"default","ast-page-background-meta":{"desktop":{"background-color":"var(--ast-global-color-4)","background-image":"","background-repeat":"repeat","background-position":"center center","background-size":"auto","background-attachment":"scroll","background-type":"","background-media":"","overlay-type":"","overlay-color":"","overlay-opacity":"","overlay-gradient":""},"tablet":{"background-color":"","background-image":"","background-repeat":"repeat","background-position":"center center","background-size":"auto","background-attachment":"scroll","background-type":"","background-media":"","overlay-type":"","overlay-color":"","overlay-opacity":"","overlay-gradient":""},"mobile":{"background-color":"","background-image":"","background-repeat":"repeat","background-position":"center center","background-size":"auto","background-attachment":"scroll","background-type":"","background-media":"","overlay-type":"","overlay-color":"","overlay-opacity":"","overlay-gradient":""}},"ast-content-background-meta":{"desktop":{"background-color":"var(--ast-global-color-5)","background-image":"","background-repeat":"repeat","background-position":"center center","background-size":"auto","background-attachment":"scroll","background-type":"","background-media":"","overlay-type":"","overlay-color":"","overlay-opacity":"","overlay-gradient":""},"tablet":{"background-color":"var(--ast-global-color-5)","background-image":"","background-repeat":"repeat","background-position":"center center","background-size":"auto","background-attachment":"scroll","background-type":"","background-media":"","overlay-type":"","overlay-color":"","overlay-opacity":"","overlay-gradient":""},"mobile":{"background-color":"var(--ast-global-color-5)","background-image":"","background-repeat":"repeat","background-position":"center center","background-size":"auto","background-attachment":"scroll","background-type":"","background-media":"","overlay-type":"","overlay-color":"","overlay-opacity":"","overlay-gradient":""}},"footnotes":""},"class_list":["post-12128","page","type-page","status-publish","hentry"],"post_mailing_queue_ids":[],"_links":{"self":[{"href":"https:\/\/serveiseducatius.xtec.cat\/cda-altbergueda\/wp-json\/wp\/v2\/pages\/12128","targetHints":{"allow":["GET"]}}],"collection":[{"href":"https:\/\/serveiseducatius.xtec.cat\/cda-altbergueda\/wp-json\/wp\/v2\/pages"}],"about":[{"href":"https:\/\/serveiseducatius.xtec.cat\/cda-altbergueda\/wp-json\/wp\/v2\/types\/page"}],"author":[{"embeddable":true,"href":"https:\/\/serveiseducatius.xtec.cat\/cda-altbergueda\/wp-json\/wp\/v2\/users\/1"}],"replies":[{"embeddable":true,"href":"https:\/\/serveiseducatius.xtec.cat\/cda-altbergueda\/wp-json\/wp\/v2\/comments?post=12128"}],"version-history":[{"count":6,"href":"https:\/\/serveiseducatius.xtec.cat\/cda-altbergueda\/wp-json\/wp\/v2\/pages\/12128\/revisions"}],"predecessor-version":[{"id":15160,"href":"https:\/\/serveiseducatius.xtec.cat\/cda-altbergueda\/wp-json\/wp\/v2\/pages\/12128\/revisions\/15160"}],"up":[{"embeddable":true,"href":"https:\/\/serveiseducatius.xtec.cat\/cda-altbergueda\/wp-json\/wp\/v2\/pages\/157"}],"wp:attachment":[{"href":"https:\/\/serveiseducatius.xtec.cat\/cda-altbergueda\/wp-json\/wp\/v2\/media?parent=12128"}],"curies":[{"name":"wp","href":"https:\/\/api.w.org\/{rel}","templated":true}]}}