{"id":608,"date":"2015-11-27T10:04:51","date_gmt":"2015-11-27T09:04:51","guid":{"rendered":"http:\/\/serveiseducatius.xtec.cat\/se-castelldefels\/?page_id=608"},"modified":"2023-09-20T10:04:13","modified_gmt":"2023-09-20T08:04:13","slug":"horari-i-calendari","status":"publish","type":"page","link":"https:\/\/serveiseducatius.xtec.cat\/castelldefels\/el-servei-educatiu\/horari-i-calendari\/","title":{"rendered":"Horari"},"content":{"rendered":"<p>De dilluns a\u00a0divendres<\/p>\n<ul>\n<li>Mat\u00ed: de<strong>\u00a08<\/strong>\u00a0a <strong>14 <\/strong>h de Dl a Dv.<\/li>\n<li>Tarda: de<strong> 15<\/strong> a <strong>17:30<\/strong> h de Dl a Dj.<\/li>\n<\/ul>\n<p>El nostre servei educatiu romandr\u00e0 tancat al p\u00fablic, a part dels per\u00edodes de vacances escolars i dels dies de festes laborals oficials a Catalunya, els dies de festa local i de lliure disposici\u00f3 acordats pel Consell Escolar Municipal de Castelldefels. Aix\u00ed mateix, el servei educatiu no obrir\u00e0 a les tardes durant els per\u00edodes d&#8217;horari intensiu escolar (des de la segona setmana de juny fins a la primera setmana de setembre).<\/p>\n","protected":false},"excerpt":{"rendered":"<p>De dilluns a\u00a0divendres<\/p>\n<ul>\n<li>Mat\u00ed: de\u00a08\u00a0a 14 h de Dl a Dv.<\/li>\n<li>Tarda: de 15 a 17:30 h de Dl a Dj.<\/li>\n<\/ul>\n<p>El nostre servei educatiu romandr\u00e0 tancat al p\u00fablic, a part dels per\u00edodes de vacances escolars i dels dies de festes laborals oficials a Catalunya, els dies de&hellip;  <a href=\"https:\/\/serveiseducatius.xtec.cat\/castelldefels\/el-servei-educatiu\/horari-i-calendari\/\" title=\"Read Horari\">Llegeix m\u00e9s\u00bb<\/a><\/p>\n","protected":false},"author":1,"featured_media":0,"parent":806,"menu_order":30,"comment_status":"closed","ping_status":"closed","template":"page-templates\/side-menu.php","meta":{"_bbp_topic_count":0,"_bbp_reply_count":0,"_bbp_total_topic_count":0,"_bbp_total_reply_count":0,"_bbp_voice_count":0,"_bbp_anonymous_reply_count":0,"_bbp_topic_count_hidden":0,"_bbp_reply_count_hidden":0,"_bbp_forum_subforum_count":0,"footnotes":""},"class_list":["post-608","page","type-page","status-publish","hentry"],"post_mailing_queue_ids":[],"_links":{"self":[{"href":"https:\/\/serveiseducatius.xtec.cat\/castelldefels\/wp-json\/wp\/v2\/pages\/608","targetHints":{"allow":["GET"]}}],"collection":[{"href":"https:\/\/serveiseducatius.xtec.cat\/castelldefels\/wp-json\/wp\/v2\/pages"}],"about":[{"href":"https:\/\/serveiseducatius.xtec.cat\/castelldefels\/wp-json\/wp\/v2\/types\/page"}],"author":[{"embeddable":true,"href":"https:\/\/serveiseducatius.xtec.cat\/castelldefels\/wp-json\/wp\/v2\/users\/1"}],"replies":[{"embeddable":true,"href":"https:\/\/serveiseducatius.xtec.cat\/castelldefels\/wp-json\/wp\/v2\/comments?post=608"}],"version-history":[{"count":3,"href":"https:\/\/serveiseducatius.xtec.cat\/castelldefels\/wp-json\/wp\/v2\/pages\/608\/revisions"}],"predecessor-version":[{"id":4537,"href":"https:\/\/serveiseducatius.xtec.cat\/castelldefels\/wp-json\/wp\/v2\/pages\/608\/revisions\/4537"}],"up":[{"embeddable":true,"href":"https:\/\/serveiseducatius.xtec.cat\/castelldefels\/wp-json\/wp\/v2\/pages\/806"}],"wp:attachment":[{"href":"https:\/\/serveiseducatius.xtec.cat\/castelldefels\/wp-json\/wp\/v2\/media?parent=608"}],"curies":[{"name":"wp","href":"https:\/\/api.w.org\/{rel}","templated":true}]}}