{"id":9558,"date":"2018-03-02T14:09:27","date_gmt":"2018-03-02T13:09:27","guid":{"rendered":"http:\/\/serveiseducatius.xtec.cat\/bergueda\/?page_id=9558"},"modified":"2018-03-05T13:25:48","modified_gmt":"2018-03-05T12:25:48","slug":"espai-i-forma","status":"publish","type":"page","link":"https:\/\/serveiseducatius.xtec.cat\/bergueda\/espai-i-forma\/","title":{"rendered":"Espai i forma"},"content":{"rendered":"<p>Les propostes de treball han estat elaborades pel grup de treball \u00a0<a href=\"http:\/\/www.xtec.cat\/se-anoia\/recursosmates\/presenta\/m3a.png\" rel=\"nofollow\"><img decoding=\"async\" src=\"http:\/\/www.xtec.cat\/se-anoia\/recursosmates\/presenta\/m3a.png\" border=\"0\" \/><\/a>\u00a0<b>M<\/b>aterial\u00a0<b>M<\/b>anipulatiu\u00a0<b>M<\/b>atem\u00e0tic\u00a0<b>A<\/b>noia, coordinat per Jordi Payr\u00f3 i Catal\u00e1, mestre i professor de matem\u00e0tiques, i dinamitzat pel CRP de l&#8217;Anoia.<\/p>\n<table style=\"width: 1013px;\">\n<tbody>\n<tr style=\"height: 31px;\">\n<td style=\"width: 216px; height: 31px;\"><img loading=\"lazy\" decoding=\"async\" class=\"size-full wp-image-9561 aligncenter\" src=\"http:\/\/serveiseducatius.xtec.cat\/bergueda\/wp-content\/uploads\/usu878\/2018\/03\/maxicoloredo.png\" alt=\"\" width=\"85\" height=\"61\" \/><\/td>\n<td style=\"width: 611px; height: 31px;\"><strong>Maxi-coloredo<\/strong><\/p>\n<p>Mosaic amb dos suports r\u00edgids i botons grossos de colors que encaixen. Es poden fer 18 models diferents, m\u00e9s altres de lliures. Tamb\u00e9 es poden fer s\u00e8ries de colors<\/p>\n<p><strong>Educaci\u00f3 infantil<\/strong><\/td>\n<td style=\"width: 183px; height: 31px;\"><img loading=\"lazy\" decoding=\"async\" class=\"size-full wp-image-9560 aligncenter\" src=\"http:\/\/serveiseducatius.xtec.cat\/bergueda\/wp-content\/uploads\/usu878\/2018\/03\/geomosaique.png\" alt=\"\" width=\"85\" height=\"56\" \/><\/td>\n<td style=\"width: 604px; height: 31px;\"><strong>G\u00e9omosa\u00efque<\/strong> (4 unitats)<\/p>\n<p>Joc compost per peces de pl\u00e0stic de diferents formes i colors per encaixar sobre una base perforada transparent. T\u00e9 8 plantilles amb models per reproduir. A m\u00e9s permet figures de lliure creaci\u00f3<\/p>\n<p><strong>Educaci\u00f3 infantil i cicle inicial<\/strong><\/td>\n<\/tr>\n<tr style=\"height: 31px;\">\n<td style=\"width: 216px; height: 31px;\"><img loading=\"lazy\" decoding=\"async\" class=\"size-full wp-image-9562 aligncenter\" src=\"http:\/\/serveiseducatius.xtec.cat\/bergueda\/wp-content\/uploads\/usu878\/2018\/03\/mosaicolor.png\" alt=\"\" width=\"85\" height=\"54\" \/><\/td>\n<td style=\"width: 611px; height: 31px;\"><strong>Mosaicolor<\/strong> (3 unitats)<\/p>\n<p>Joc que cont\u00e9 un suport amb forats (190&#215;250), 12 models diferents i 320 xinxetes de quatre colors: vermell, groc verd i blau. Serveis per treballar la situaci\u00f3 a l&#8217;espai creant motius decoratius seguint els models donats o fent servir la seva imaginaci\u00f3. El joc t\u00e9 les peces petites<\/p>\n<p><strong>Cicle inicial<\/strong><\/td>\n<td style=\"width: 183px; height: 31px;\"><img loading=\"lazy\" decoding=\"async\" class=\"size-full wp-image-9563 aligncenter\" src=\"http:\/\/serveiseducatius.xtec.cat\/bergueda\/wp-content\/uploads\/usu878\/2018\/03\/mecano.png\" alt=\"\" width=\"85\" height=\"58\" \/><\/td>\n<td style=\"width: 604px; height: 31px;\"><strong>Joc de construcci\u00f3<\/strong><\/p>\n<p>Joc de construcci\u00f3 amb peces de pl\u00e0stic i demblant a un &#8220;mecano&#8221; bastant simple. Cont\u00e9 algunes l\u00e0mines amb imatges de models de construcci\u00f3<\/p>\n<p>&nbsp;<\/p>\n<p><strong>Educaci\u00f3 infantil i cicle inicial<\/strong><\/td>\n<\/tr>\n<tr style=\"height: 31px;\">\n<td style=\"width: 216px; height: 31px;\"><img loading=\"lazy\" decoding=\"async\" class=\"size-full wp-image-9567 aligncenter\" src=\"http:\/\/serveiseducatius.xtec.cat\/bergueda\/wp-content\/uploads\/usu878\/2018\/03\/magicmosaic.png\" alt=\"\" width=\"65\" height=\"85\" \/><\/td>\n<td style=\"width: 611px; height: 31px;\"><strong>M\u00e0gic mosaic<\/strong><\/p>\n<p>El joc cont\u00e9 un suport de forma hexagonal, peces en forma de trapezi de 4 colors diferents: vermell, verd, blau i groc i un llibret amb diferents models per reproduir. Serveix per treballar la situaci\u00f3 espacial i la creativitat<\/p>\n<p><strong>Educaci\u00f3 prim\u00e0ria\u00a0 \u00a0 \u00a0 \u00a0 \u00a0 \u00a0 \u00a0 \u00a0 \u00a0 \u00a0 \u00a0<\/strong><a href=\"http:\/\/www.xtec.cat\/se-anoia\/recursosmates\/espaiforma\/Magic%20Mosaic.pdf\" target=\"_blank\" rel=\"noopener noreferrer\">Proposta de treball<\/a><\/td>\n<td style=\"width: 183px; height: 31px;\"><img loading=\"lazy\" decoding=\"async\" class=\"size-full wp-image-9568 aligncenter\" src=\"http:\/\/serveiseducatius.xtec.cat\/bergueda\/wp-content\/uploads\/usu878\/2018\/03\/multilink.png\" alt=\"\" width=\"77\" height=\"85\" \/><\/td>\n<td style=\"width: 604px; height: 31px;\"><strong>Multilink <\/strong>(10 bosses)<\/p>\n<p>Material de construcci\u00f3, observaci\u00f3 i an\u00e0lisi de l&#8217;espai. \u00e7serveix per treballar diferents apartats de la geometria: per\u00edmetre, superficie, volum, &#8230; Cont\u00e9 instruccions i guia did\u00e0ctica<\/p>\n<p><strong>Educaci\u00f3 infantil i prim\u00e0ria\u00a0 \u00a0 \u00a0 \u00a0 \u00a0<\/strong><a href=\"https:\/\/sites.google.com\/a\/xtec.cat\/maletesmates\/espai-i-forma\/multilink\" target=\"_blank\" rel=\"noopener noreferrer\">Proposta de treball<\/a><\/td>\n<\/tr>\n<tr style=\"height: 31px;\">\n<td style=\"width: 216px; height: 31px;\"><img loading=\"lazy\" decoding=\"async\" class=\"size-full wp-image-9572 aligncenter\" src=\"http:\/\/serveiseducatius.xtec.cat\/bergueda\/wp-content\/uploads\/usu878\/2018\/03\/creator.png\" alt=\"\" width=\"85\" height=\"67\" \/><\/td>\n<td style=\"width: 611px; height: 31px;\"><strong>Creator <\/strong>(5 bosses)<\/p>\n<p>Material compost de figures geom\u00e8triques planes (triangles equilaters, quadrats i pent\u00e0gons regulars) de diferents colors encaixables per construir cossos geom\u00e8trics, fer mosaics i descomposicions<\/p>\n<p><strong>Educaci\u00f3 infantil, prim\u00e0ria i secund\u00e0ria\u00a0 \u00a0 \u00a0 <\/strong><\/p>\n<p><a href=\"https:\/\/sites.google.com\/a\/xtec.cat\/maletesmates\/espai-i-forma\/creator\" target=\"_blank\" rel=\"noopener noreferrer\">Proposta de treball<\/a><\/td>\n<td style=\"width: 183px; height: 31px;\"><img loading=\"lazy\" decoding=\"async\" class=\"size-full wp-image-9573 aligncenter\" src=\"http:\/\/serveiseducatius.xtec.cat\/bergueda\/wp-content\/uploads\/usu878\/2018\/03\/volumes.png\" alt=\"\" width=\"85\" height=\"54\" \/><\/td>\n<td style=\"width: 604px; height: 31px;\"><strong>Volumes a construire<\/strong><\/p>\n<p>Joc compost per tubets de tres mides i colors diferents i nusos o encaixos de 2-3-4 pius m\u00f2bils. \u00c9s un joc que permet construir figures geom\u00e8triques en el pla i en l&#8217;espai. Cont\u00e9 proposta d&#8217;exercicis<\/p>\n<p><strong>Educaci\u00f3 prim\u00e0ria\u00a0 \u00a0 \u00a0 \u00a0 \u00a0 \u00a0 \u00a0 \u00a0 \u00a0 \u00a0 \u00a0 \u00a0 \u00a0<\/strong><a href=\"https:\/\/sites.google.com\/a\/xtec.cat\/maletesmates\/espai-i-forma\/volumes-a-construire\" target=\"_blank\" rel=\"noopener noreferrer\">Proposta de treball<\/a>\u00a0<strong>\u00a0<\/strong><\/td>\n<\/tr>\n<tr style=\"height: 31px;\">\n<td style=\"width: 216px; height: 31px;\"><img loading=\"lazy\" decoding=\"async\" class=\"size-full wp-image-9575 aligncenter\" src=\"http:\/\/serveiseducatius.xtec.cat\/bergueda\/wp-content\/uploads\/usu878\/2018\/03\/pentominos.png\" alt=\"\" width=\"71\" height=\"85\" \/><\/td>\n<td style=\"width: 611px; height: 31px;\"><strong>Pentomino <\/strong>(3 unitats)<\/p>\n<p>Joc compost per 12 peces de formes diferents per\u00f2 totes elles de la mateixa superf\u00edcie. Serveix per construir models de figures planes i trobar relacions geom\u00e8triques, fer transformacions geom\u00e8triques del pla i comparar i classificar figures geom\u00e8triques per diversos criteris<\/p>\n<p><strong>Cicle superior i secund\u00e0ria\u00a0<\/strong> \u00a0 \u00a0 \u00a0 \u00a0 \u00a0 \u00a0 \u00a0 <a href=\"https:\/\/sites.google.com\/a\/xtec.cat\/maletesmates\/espai-i-forma\/pentomino\" target=\"_blank\" rel=\"noopener noreferrer\">Proposta de treball<\/a><\/td>\n<td style=\"width: 183px; height: 31px;\"><img loading=\"lazy\" decoding=\"async\" class=\"size-full wp-image-9576 aligncenter\" src=\"http:\/\/serveiseducatius.xtec.cat\/bergueda\/wp-content\/uploads\/usu878\/2018\/03\/geopl.png\" alt=\"\" width=\"85\" height=\"71\" \/><\/td>\n<td style=\"width: 604px; height: 31px;\"><strong>Geopl\u00e0<\/strong><\/p>\n<p>Una planxa quadrada on hi ha una s\u00e8rie de claus o pivots col\u00b7locats de forma quadrada o circular. Calen gomes el\u00e0stiques preferentment de diferents colors. Serveix per treballar la geometria plana, tamb\u00e9 com a joc creatiu<\/p>\n<p><strong>Educaci\u00f3 prim\u00e0ria<\/strong>\u00a0 \u00a0 \u00a0 \u00a0 \u00a0 \u00a0 \u00a0 \u00a0 \u00a0 \u00a0 \u00a0 \u00a0 \u00a0 \u00a0 \u00a0 <a href=\"https:\/\/sites.google.com\/a\/xtec.cat\/maletesmates\/espai-i-forma\/geopla\" target=\"_blank\" rel=\"noopener noreferrer\">Proposta de treball<\/a><\/td>\n<\/tr>\n<tr style=\"height: 31px;\">\n<td style=\"width: 216px; height: 31px;\"><img loading=\"lazy\" decoding=\"async\" class=\"size-full wp-image-9578 aligncenter\" src=\"http:\/\/serveiseducatius.xtec.cat\/bergueda\/wp-content\/uploads\/usu878\/2018\/03\/tangram.png\" alt=\"\" width=\"85\" height=\"54\" \/><\/td>\n<td style=\"width: 611px; height: 31px;\"><strong>Tangram xin\u00e8s<\/strong> (9 unitats)<\/p>\n<p>Trencaclosques d&#8217;origen xin\u00e8s que consta de 7 peces obtingudes de la descomposici\u00f3 d&#8217;un quadrat. Serveix per construir i\/o transformar models amb figures planes, reproduir diferents figures conservant l&#8217;\u00e0rea<\/p>\n<p><strong>A partir Cicle mitj\u00e0<\/strong>\u00a0 \u00a0 \u00a0 \u00a0 \u00a0 \u00a0 \u00a0 \u00a0 \u00a0 \u00a0 \u00a0 \u00a0 \u00a0 \u00a0 \u00a0 <a href=\"https:\/\/sites.google.com\/a\/xtec.cat\/maletesmates\/espai-i-forma\/tangram-xines\" target=\"_blank\" rel=\"noopener noreferrer\">Proposta de treball<\/a><\/td>\n<td style=\"width: 183px; height: 31px;\"><img loading=\"lazy\" decoding=\"async\" class=\"size-full wp-image-9579 aligncenter\" src=\"http:\/\/serveiseducatius.xtec.cat\/bergueda\/wp-content\/uploads\/usu878\/2018\/03\/organicubes.png\" alt=\"\" width=\"85\" height=\"44\" \/><\/td>\n<td style=\"width: 604px; height: 31px;\"><strong>Organicubes<\/strong> (2 unitats)<\/p>\n<p>Material de construcci\u00f3, observaci\u00f3 i an\u00e0lisi de l&#8217;espai. Cont\u00e9 48 fitxes. Es tracta de reproduir amb les peces els models de les fitxes que hi ha a l&#8217;interior o realitzar construccions lliures<\/p>\n<p><strong>Educaci\u00f3 infantil\u00a0<\/strong> \u00a0 \u00a0 \u00a0 \u00a0 \u00a0 \u00a0 \u00a0 \u00a0 \u00a0 \u00a0 \u00a0 \u00a0 \u00a0 \u00a0 \u00a0<a href=\"http:\/\/www.xtec.cat\/se-anoia\/recursosmates\/espaiforma\/Organicubes.pdf\" target=\"_blank\" rel=\"noopener noreferrer\">Proposta de treball<\/a><\/td>\n<\/tr>\n<tr style=\"height: 31px;\">\n<td style=\"width: 216px; height: 31px;\"><img loading=\"lazy\" decoding=\"async\" class=\"size-full wp-image-9580 aligncenter\" src=\"http:\/\/serveiseducatius.xtec.cat\/bergueda\/wp-content\/uploads\/usu878\/2018\/03\/structuro.png\" alt=\"\" width=\"85\" height=\"41\" \/><\/td>\n<td style=\"width: 611px; height: 31px;\"><strong>Structuro<\/strong><\/p>\n<p>32 cubs, amb cares oposades del mateix color: blau, vermell i groc. 90 fitxes organitzades en quatre s\u00e8ries A, B, C i D, amb un ordre creixent de dificultat. Consisteix en reproduir en volum les imatges vistes en perpectiva impreses a les l\u00e0mines<\/p>\n<p><strong>Educaci\u00f3 prim\u00e0ria<\/strong>\u00a0 \u00a0 \u00a0 \u00a0 \u00a0 \u00a0 \u00a0 \u00a0 \u00a0 \u00a0 \u00a0 \u00a0 \u00a0 \u00a0 \u00a0 \u00a0<a href=\"http:\/\/www.xtec.cat\/se-anoia\/recursosmates\/espaiforma\/Estructuro.pdf\" target=\"_blank\" rel=\"noopener noreferrer\">Proposta de treball<\/a><\/td>\n<td style=\"width: 183px; height: 31px;\"><img loading=\"lazy\" decoding=\"async\" class=\"size-full wp-image-9581 aligncenter\" src=\"http:\/\/serveiseducatius.xtec.cat\/bergueda\/wp-content\/uploads\/usu878\/2018\/03\/zometol.png\" alt=\"\" width=\"85\" height=\"62\" \/><\/td>\n<td style=\"width: 604px; height: 31px;\"><strong>Zone System<\/strong><\/p>\n<p>Joc d&#8217;esferes amb diferents encaixos i varilles de diferents mides i formes d&#8217;encaixar per construir figures tridimensionals. Es poden utilitzar les figures per treballar amb les bombolles de sab\u00f3. Cont\u00e9 una guia<\/p>\n<p><strong>Educaci\u00f3 secund\u00e0ria<\/strong><\/td>\n<\/tr>\n<tr style=\"height: 31px;\">\n<td style=\"width: 216px; height: 31px;\"><img loading=\"lazy\" decoding=\"async\" class=\"size-full wp-image-9582 aligncenter\" src=\"http:\/\/serveiseducatius.xtec.cat\/bergueda\/wp-content\/uploads\/usu878\/2018\/03\/tridijoc.png\" alt=\"\" width=\"85\" height=\"56\" \/><\/td>\n<td style=\"width: 611px; height: 31px;\"><strong>Tridijoc<\/strong><\/p>\n<p>Joc format per peces de fusta de diferents formes i colors que permet fer construccions amb volum. Cont\u00e9 guia<\/p>\n<p><strong>A partir de 3 anys<\/strong><\/td>\n<td style=\"width: 183px; height: 31px;\"><img loading=\"lazy\" decoding=\"async\" class=\"size-full wp-image-9583 aligncenter\" src=\"http:\/\/serveiseducatius.xtec.cat\/bergueda\/wp-content\/uploads\/usu878\/2018\/03\/poliedros.png\" alt=\"\" width=\"72\" height=\"85\" \/><\/td>\n<td style=\"width: 604px; height: 31px;\"><strong>Poliedros regulares<\/strong><\/p>\n<p>Joc per construir els 5 poliedres regulars: tetr\u00e0edre, cub, act\u00e0edre, dodec\u00e0edre i icos\u00e0edre<\/p>\n<p><strong>Educaci\u00f3 prim\u00e0ria i secund\u00e0ria<\/strong><\/td>\n<\/tr>\n<tr style=\"height: 31px;\">\n<td style=\"width: 216px; height: 31px;\"><img loading=\"lazy\" decoding=\"async\" class=\"size-full wp-image-9584 aligncenter\" src=\"http:\/\/serveiseducatius.xtec.cat\/bergueda\/wp-content\/uploads\/usu878\/2018\/03\/bloclogics.png\" alt=\"\" width=\"90\" height=\"82\" \/><\/td>\n<td style=\"width: 611px; height: 31px;\"><strong>Bloques l\u00f3gicos<\/strong><\/p>\n<p>Peces de fusta de quatre formes diferents: quadrat, cecle, triangle i rectangle. Cada forma est\u00e0 en 3 colors i 3 mides<\/p>\n<p><strong>Educaci\u00f3 infantil i prim\u00e0ria<\/strong><\/td>\n<td style=\"width: 183px; height: 31px;\"><img loading=\"lazy\" decoding=\"async\" class=\"size-full wp-image-9585 aligncenter\" src=\"http:\/\/serveiseducatius.xtec.cat\/bergueda\/wp-content\/uploads\/usu878\/2018\/03\/dausformes.png\" alt=\"\" width=\"90\" height=\"80\" \/><\/td>\n<td style=\"width: 604px; height: 31px;\"><strong>Cubs amb formes<\/strong><\/p>\n<p>Cubs amb les cares de diferents formes i colors. Targes amb models per reproduir<\/p>\n<p><strong>Educaci\u00f3 infantil i prim\u00e0ria<\/strong><\/td>\n<\/tr>\n<tr style=\"height: 31px;\">\n<td style=\"width: 216px; height: 31px;\"><img loading=\"lazy\" decoding=\"async\" class=\"size-full wp-image-9586 aligncenter\" src=\"http:\/\/serveiseducatius.xtec.cat\/bergueda\/wp-content\/uploads\/usu878\/2018\/03\/jocmirall.png\" alt=\"\" width=\"90\" height=\"85\" \/><\/td>\n<td style=\"width: 611px; height: 31px;\"><strong>Jeu du miroir<\/strong><\/p>\n<p>Joc de rreflexi\u00f3 i craci\u00f3 per treballar les transformacions a partir dels miralls<\/p>\n<p><strong>Educaci\u00f3 prim\u00e0ria<\/strong><\/td>\n<td style=\"width: 183px; height: 31px;\"><img loading=\"lazy\" decoding=\"async\" class=\"size-full wp-image-9587 aligncenter\" src=\"http:\/\/serveiseducatius.xtec.cat\/bergueda\/wp-content\/uploads\/usu878\/2018\/03\/trigonometria.png\" alt=\"\" width=\"68\" height=\"74\" \/><\/td>\n<td style=\"width: 604px; height: 31px;\"><strong>Trigonometria<\/strong><\/p>\n<p>Joc de cartes per practicar les funcions trogonom\u00e8triques<\/p>\n<p><strong>Educaci\u00f3 secund\u00e0ria<\/strong><\/td>\n<\/tr>\n<tr style=\"height: 31px;\">\n<td style=\"width: 216px; height: 31px;\"><img loading=\"lazy\" decoding=\"async\" class=\"size-full wp-image-9588 aligncenter\" src=\"http:\/\/serveiseducatius.xtec.cat\/bergueda\/wp-content\/uploads\/usu878\/2018\/03\/heinevetersimbol.png\" alt=\"\" width=\"100\" height=\"62\" \/><\/td>\n<td style=\"width: 611px; height: 31px;\"><strong>Heinevetters Symbol-Mengentrainer<\/strong><\/p>\n<p>Joc autorrectiu per practicar la l\u00f2gica de conjunts<\/p>\n<p><strong>Educaci\u00f3 prim\u00e0ria<\/strong><\/td>\n<td style=\"width: 183px; height: 31px;\"><img loading=\"lazy\" decoding=\"async\" class=\"size-full wp-image-9589 aligncenter\" src=\"http:\/\/serveiseducatius.xtec.cat\/bergueda\/wp-content\/uploads\/usu878\/2018\/03\/metrecubic.png\" alt=\"\" width=\"100\" height=\"94\" \/><\/td>\n<td style=\"width: 604px; height: 31px;\"><strong>Metre c\u00fabic<\/strong><\/p>\n<p>Material per a la representaci\u00f3 espacial del metre c\u00fabic com a mesura universal del sistema m\u00e8tric.<\/p>\n<p><strong>Educaci\u00f3 prim\u00e0ria<\/strong><\/td>\n<\/tr>\n<tr style=\"height: 31px;\">\n<td style=\"width: 216px; height: 31px;\"><img loading=\"lazy\" decoding=\"async\" class=\"size-full wp-image-9590 alignnone\" src=\"http:\/\/serveiseducatius.xtec.cat\/bergueda\/wp-content\/uploads\/usu878\/2018\/03\/figures_descomposiciop.jpg\" alt=\"\" width=\"120\" height=\"55\" \/><\/td>\n<td style=\"width: 611px; height: 31px;\"><strong>Figures geom\u00e8triques-descomposici\u00f3<\/strong><\/p>\n<p>Caixa amb 11 peces geom\u00e8triques: cub; cilindre; con; prisma amb base triangular, quadrada, pentagonal i hexagonal. A l&#8217;interior hi ha el desenvolupament volum\u00e8tric de la pe\u00e7a per veure-ho en dues dimensions. Costat del quadrat 10,5 cm.<\/p>\n<p><strong>Educaci\u00f3 prim\u00e0ria i secund\u00e0ria<\/strong><\/td>\n<td style=\"width: 183px; height: 31px;\"><img loading=\"lazy\" decoding=\"async\" class=\"alignnone size-full wp-image-9591\" src=\"http:\/\/serveiseducatius.xtec.cat\/bergueda\/wp-content\/uploads\/usu878\/2018\/03\/cossos_geometrics.jpg\" alt=\"\" width=\"110\" height=\"79\" \/><\/td>\n<td style=\"width: 604px; height: 31px;\"><strong>Figures geom\u00e8triques-volums<\/strong><\/p>\n<p>Conjunt de 15 poliedres buits i de parets transparents. Els interiors es poden omplir\u00a0amb sorra, arr\u00f2s o qualsevol altre material similar per establir quantitativament les equival\u00e0ncies. Costat del cub 10,5 cm.<\/p>\n<p><strong>Educaci\u00f3 prim\u00e0ria i secund\u00e0ria<\/strong><\/td>\n<\/tr>\n<\/tbody>\n<\/table>\n","protected":false},"excerpt":{"rendered":"<p>Les propostes de treball han estat elaborades pel grup de treball \u00a0\u00a0Material\u00a0Manipulatiu\u00a0Matem\u00e0tic\u00a0Anoia, coordinat per Jordi Payr\u00f3 i Catal\u00e1, mestre i [&hellip;]<\/p>\n","protected":false},"author":1,"featured_media":0,"parent":0,"menu_order":0,"comment_status":"closed","ping_status":"closed","template":"","meta":{"_bbp_topic_count":0,"_bbp_reply_count":0,"_bbp_total_topic_count":0,"_bbp_total_reply_count":0,"_bbp_voice_count":0,"_bbp_anonymous_reply_count":0,"_bbp_topic_count_hidden":0,"_bbp_reply_count_hidden":0,"_bbp_forum_subforum_count":0,"site-sidebar-layout":"default","site-content-layout":"","ast-site-content-layout":"","site-content-style":"default","site-sidebar-style":"default","ast-global-header-display":"","ast-banner-title-visibility":"","ast-main-header-display":"","ast-hfb-above-header-display":"","ast-hfb-below-header-display":"","ast-hfb-mobile-header-display":"","site-post-title":"","ast-breadcrumbs-content":"","ast-featured-img":"","footer-sml-layout":"","theme-transparent-header-meta":"","adv-header-id-meta":"","stick-header-meta":"","header-above-stick-meta":"","header-main-stick-meta":"","header-below-stick-meta":"","astra-migrate-meta-layouts":"default","ast-page-background-enabled":"default","ast-page-background-meta":{"desktop":{"background-color":"var(--ast-global-color-4)","background-image":"","background-repeat":"repeat","background-position":"center center","background-size":"auto","background-attachment":"scroll","background-type":"","background-media":"","overlay-type":"","overlay-color":"","overlay-opacity":"","overlay-gradient":""},"tablet":{"background-color":"","background-image":"","background-repeat":"repeat","background-position":"center center","background-size":"auto","background-attachment":"scroll","background-type":"","background-media":"","overlay-type":"","overlay-color":"","overlay-opacity":"","overlay-gradient":""},"mobile":{"background-color":"","background-image":"","background-repeat":"repeat","background-position":"center center","background-size":"auto","background-attachment":"scroll","background-type":"","background-media":"","overlay-type":"","overlay-color":"","overlay-opacity":"","overlay-gradient":""}},"ast-content-background-meta":{"desktop":{"background-color":"var(--ast-global-color-5)","background-image":"","background-repeat":"repeat","background-position":"center center","background-size":"auto","background-attachment":"scroll","background-type":"","background-media":"","overlay-type":"","overlay-color":"","overlay-opacity":"","overlay-gradient":""},"tablet":{"background-color":"var(--ast-global-color-5)","background-image":"","background-repeat":"repeat","background-position":"center center","background-size":"auto","background-attachment":"scroll","background-type":"","background-media":"","overlay-type":"","overlay-color":"","overlay-opacity":"","overlay-gradient":""},"mobile":{"background-color":"var(--ast-global-color-5)","background-image":"","background-repeat":"repeat","background-position":"center center","background-size":"auto","background-attachment":"scroll","background-type":"","background-media":"","overlay-type":"","overlay-color":"","overlay-opacity":"","overlay-gradient":""}},"footnotes":""},"class_list":["post-9558","page","type-page","status-publish","hentry"],"post_mailing_queue_ids":[],"_links":{"self":[{"href":"https:\/\/serveiseducatius.xtec.cat\/bergueda\/wp-json\/wp\/v2\/pages\/9558","targetHints":{"allow":["GET"]}}],"collection":[{"href":"https:\/\/serveiseducatius.xtec.cat\/bergueda\/wp-json\/wp\/v2\/pages"}],"about":[{"href":"https:\/\/serveiseducatius.xtec.cat\/bergueda\/wp-json\/wp\/v2\/types\/page"}],"author":[{"embeddable":true,"href":"https:\/\/serveiseducatius.xtec.cat\/bergueda\/wp-json\/wp\/v2\/users\/1"}],"replies":[{"embeddable":true,"href":"https:\/\/serveiseducatius.xtec.cat\/bergueda\/wp-json\/wp\/v2\/comments?post=9558"}],"version-history":[{"count":3,"href":"https:\/\/serveiseducatius.xtec.cat\/bergueda\/wp-json\/wp\/v2\/pages\/9558\/revisions"}],"predecessor-version":[{"id":9592,"href":"https:\/\/serveiseducatius.xtec.cat\/bergueda\/wp-json\/wp\/v2\/pages\/9558\/revisions\/9592"}],"wp:attachment":[{"href":"https:\/\/serveiseducatius.xtec.cat\/bergueda\/wp-json\/wp\/v2\/media?parent=9558"}],"curies":[{"name":"wp","href":"https:\/\/api.w.org\/{rel}","templated":true}]}}