{"id":9499,"date":"2018-02-27T17:42:07","date_gmt":"2018-02-27T16:42:07","guid":{"rendered":"http:\/\/serveiseducatius.xtec.cat\/bergueda\/?page_id=9499"},"modified":"2025-11-05T15:57:50","modified_gmt":"2025-11-05T14:57:50","slug":"xarxa-de-competencies-basiques","status":"publish","type":"page","link":"https:\/\/serveiseducatius.xtec.cat\/bergueda\/formacio\/xarxa-de-competencies-basiques\/","title":{"rendered":"Xarxa de Compet\u00e8ncies"},"content":{"rendered":"<p><a href=\"https:\/\/projectes.xtec.cat\/xarxacb\/\"><img loading=\"lazy\" decoding=\"async\" class=\"size-full wp-image-15122 aligncenter\" src=\"https:\/\/serveiseducatius.xtec.cat\/bergueda\/wp-content\/uploads\/usu878\/2022\/09\/Nou-logo-cb-e1662367799817.jpg\" alt=\"\" width=\"200\" height=\"71\" \/><\/a><\/p>\n<p>El curs 2017-2018 el Bergued\u00e0 ens vam incorporar a la Xarxa de Compet\u00e8ncies B\u00e0siques, a la xarxa territorial 3 (XCBT3) formada per centres d&#8217;Osona i el Bergued\u00e0.<\/p>\n<p>El curs 2025-2026, els centres del Bergued\u00e0 que en formen part s\u00f3n:<\/p>\n<ul>\n<li>Escola Alfred Mata (Puig-reig)<\/li>\n<li>Escola Galceran de Pin\u00f3s (Bag\u00e0)<\/li>\n<li>Escola Princesa L\u00e0scaris (Casserres)<\/li>\n<li>Escola Santa Maria d&#8217;Avi\u00e0 (Avi\u00e0)<\/li>\n<li>Escola Sant Lloren\u00e7 (Guardiola de Bergued\u00e0)<\/li>\n<li>Escola Sant Salvador (Cercs)<\/li>\n<li>Institut L&#8217;Alt Bergued\u00e0 (Bag\u00e0)<\/li>\n<li>Institut Pere Fontdevila (Gironella)<\/li>\n<li>Institut Serra de Noet (Berga)<\/li>\n<\/ul>\n<p>&nbsp;<\/p>\n<p><a href=\"https:\/\/drive.google.com\/file\/d\/0B5JxqkTkotQLZ0RqU3dXRUx2WmtsUVpVaDl1TWVBLWNlXzdF\/view?resourcekey=0-2wWp7l0FTsxcjfjMrXw4aw\"><img loading=\"lazy\" decoding=\"async\" class=\"size-full wp-image-14418 aligncenter\" src=\"https:\/\/serveiseducatius.xtec.cat\/bergueda\/wp-content\/uploads\/usu878\/2022\/03\/200-anys-xarxa.png\" alt=\"\" width=\"1024\" height=\"534\" srcset=\"https:\/\/serveiseducatius.xtec.cat\/bergueda\/wp-content\/uploads\/usu878\/2022\/03\/200-anys-xarxa.png 1024w, https:\/\/serveiseducatius.xtec.cat\/bergueda\/wp-content\/uploads\/usu878\/2022\/03\/200-anys-xarxa-300x156.png 300w, https:\/\/serveiseducatius.xtec.cat\/bergueda\/wp-content\/uploads\/usu878\/2022\/03\/200-anys-xarxa-768x401.png 768w\" sizes=\"auto, (max-width: 1024px) 100vw, 1024px\" \/><\/a><\/p>\n<header class=\"entry-header\">\n<h1 class=\"entry-title\">Presentaci\u00f3<\/h1>\n<\/header>\n<div class=\"entry-content\">\n<h5><strong>\u00ab20 anys treballant per la millora dels aprenentatges de tots els alumnes!\u00bb<\/strong><\/h5>\n<h5><\/h5>\n<h5><strong>Qui som?<\/strong><\/h5>\n<p>La Xarxa de Compet\u00e8ncies B\u00e0siques est\u00e0 formada per un grup de docents que reflexionen i actuen en equip per transformar l\u2019escola en un espai que afavoreixi l\u2019aprenentatge.<\/p>\n<h5><strong>Qu\u00e8 fem?<\/strong><\/h5>\n<ul>\n<li>Promovem la creaci\u00f3 d\u2019espais pedag\u00f2gics en el si dels centres per apoderar els equips docents.<\/li>\n<li>Fomentem l\u2019intercanvi d\u2019experi\u00e8ncies i la creaci\u00f3 de sabers compartits.<\/li>\n<li>Compartim un modalitat de formaci\u00f3 docent entre iguals i en xarxa, per millorar els aprenentatges de l\u2019alumnat.<\/li>\n<\/ul>\n<h5><strong>Per qu\u00e8 ho fem?<\/strong><\/h5>\n<ul>\n<li>Perqu\u00e8 volem afavorir que tots els alumnes aprenguin m\u00e9s i millor.<\/li>\n<li>Perqu\u00e8 creiem que l\u2019alumne ha de ser el protagonista del seu aprenentatge.<\/li>\n<li>Perqu\u00e8 entenem l\u2019avaluaci\u00f3 com un proc\u00e9s \u00fatil per aprendre.<\/li>\n<li>Perqu\u00e8 sabem que treballant en equip s\u2019apr\u00e8n m\u00e9s i millor.<\/li>\n<li>Perqu\u00e8, en un m\u00f3n global, s\u2019ha d\u2019afavorir l\u2019adquisici\u00f3 d\u2019aprenentatges aut\u00e8ntics, no fragmentats.<br \/>\n<h5><strong><img loading=\"lazy\" decoding=\"async\" class=\"wp-image-8861 alignright\" src=\"https:\/\/projectes.xtec.cat\/xarxacb\/wp-content\/uploads\/usu1277\/2021\/08\/logo-petit-blanc-xcb.jpg\" alt=\"\" width=\"73\" height=\"75\" \/><\/strong><\/h5>\n<\/li>\n<li>Perqu\u00e8, en un m\u00f3n canviant, volem fomentar la iniciativa, l\u2019esperit cr\u00edtic, la creativitat i el gust per aprendre.<\/li>\n<li>Perqu\u00e8 volem que els nostres alumnes siguin competents per continuar aprenent al llarg de tota la vida.<\/li>\n<li>Perqu\u00e8 sabem que cada alumne \u00e9s \u00fanic i tenim altes expectatives per a tots i cadascun d\u2019ells.<\/li>\n<\/ul>\n<h5><strong> <a href=\"https:\/\/serveiseducatius.xtec.cat\/bergueda\/wp-content\/uploads\/usu878\/2021\/06\/xarxacb2.jpg\"><img loading=\"lazy\" decoding=\"async\" class=\"size-full wp-image-13182 aligncenter\" src=\"https:\/\/serveiseducatius.xtec.cat\/bergueda\/wp-content\/uploads\/usu878\/2021\/06\/xarxacb2.jpg\" alt=\"\" width=\"714\" height=\"348\" srcset=\"https:\/\/serveiseducatius.xtec.cat\/bergueda\/wp-content\/uploads\/usu878\/2021\/06\/xarxacb2.jpg 714w, https:\/\/serveiseducatius.xtec.cat\/bergueda\/wp-content\/uploads\/usu878\/2021\/06\/xarxacb2-300x146.jpg 300w\" sizes=\"auto, (max-width: 714px) 100vw, 714px\" \/><\/a><\/strong><\/h5>\n<\/div>\n","protected":false},"excerpt":{"rendered":"<p>El curs 2017-2018 el Bergued\u00e0 ens vam incorporar a la Xarxa de Compet\u00e8ncies B\u00e0siques, a la xarxa territorial 3 (XCBT3) [&hellip;]<\/p>\n","protected":false},"author":1,"featured_media":0,"parent":416,"menu_order":0,"comment_status":"closed","ping_status":"closed","template":"","meta":{"_bbp_topic_count":0,"_bbp_reply_count":0,"_bbp_total_topic_count":0,"_bbp_total_reply_count":0,"_bbp_voice_count":0,"_bbp_anonymous_reply_count":0,"_bbp_topic_count_hidden":0,"_bbp_reply_count_hidden":0,"_bbp_forum_subforum_count":0,"site-sidebar-layout":"default","site-content-layout":"","ast-site-content-layout":"default","site-content-style":"default","site-sidebar-style":"default","ast-global-header-display":"","ast-banner-title-visibility":"","ast-main-header-display":"","ast-hfb-above-header-display":"","ast-hfb-below-header-display":"","ast-hfb-mobile-header-display":"","site-post-title":"","ast-breadcrumbs-content":"","ast-featured-img":"","footer-sml-layout":"","theme-transparent-header-meta":"default","adv-header-id-meta":"","stick-header-meta":"","header-above-stick-meta":"","header-main-stick-meta":"","header-below-stick-meta":"","astra-migrate-meta-layouts":"set","ast-page-background-enabled":"default","ast-page-background-meta":{"desktop":{"background-color":"var(--ast-global-color-4)","background-image":"","background-repeat":"repeat","background-position":"center center","background-size":"auto","background-attachment":"scroll","background-type":"","background-media":"","overlay-type":"","overlay-color":"","overlay-opacity":"","overlay-gradient":""},"tablet":{"background-color":"","background-image":"","background-repeat":"repeat","background-position":"center center","background-size":"auto","background-attachment":"scroll","background-type":"","background-media":"","overlay-type":"","overlay-color":"","overlay-opacity":"","overlay-gradient":""},"mobile":{"background-color":"","background-image":"","background-repeat":"repeat","background-position":"center center","background-size":"auto","background-attachment":"scroll","background-type":"","background-media":"","overlay-type":"","overlay-color":"","overlay-opacity":"","overlay-gradient":""}},"ast-content-background-meta":{"desktop":{"background-color":"var(--ast-global-color-5)","background-image":"","background-repeat":"repeat","background-position":"center center","background-size":"auto","background-attachment":"scroll","background-type":"","background-media":"","overlay-type":"","overlay-color":"","overlay-opacity":"","overlay-gradient":""},"tablet":{"background-color":"var(--ast-global-color-5)","background-image":"","background-repeat":"repeat","background-position":"center center","background-size":"auto","background-attachment":"scroll","background-type":"","background-media":"","overlay-type":"","overlay-color":"","overlay-opacity":"","overlay-gradient":""},"mobile":{"background-color":"var(--ast-global-color-5)","background-image":"","background-repeat":"repeat","background-position":"center center","background-size":"auto","background-attachment":"scroll","background-type":"","background-media":"","overlay-type":"","overlay-color":"","overlay-opacity":"","overlay-gradient":""}},"footnotes":""},"class_list":["post-9499","page","type-page","status-publish","hentry"],"post_mailing_queue_ids":[],"_links":{"self":[{"href":"https:\/\/serveiseducatius.xtec.cat\/bergueda\/wp-json\/wp\/v2\/pages\/9499","targetHints":{"allow":["GET"]}}],"collection":[{"href":"https:\/\/serveiseducatius.xtec.cat\/bergueda\/wp-json\/wp\/v2\/pages"}],"about":[{"href":"https:\/\/serveiseducatius.xtec.cat\/bergueda\/wp-json\/wp\/v2\/types\/page"}],"author":[{"embeddable":true,"href":"https:\/\/serveiseducatius.xtec.cat\/bergueda\/wp-json\/wp\/v2\/users\/1"}],"replies":[{"embeddable":true,"href":"https:\/\/serveiseducatius.xtec.cat\/bergueda\/wp-json\/wp\/v2\/comments?post=9499"}],"version-history":[{"count":8,"href":"https:\/\/serveiseducatius.xtec.cat\/bergueda\/wp-json\/wp\/v2\/pages\/9499\/revisions"}],"predecessor-version":[{"id":20316,"href":"https:\/\/serveiseducatius.xtec.cat\/bergueda\/wp-json\/wp\/v2\/pages\/9499\/revisions\/20316"}],"up":[{"embeddable":true,"href":"https:\/\/serveiseducatius.xtec.cat\/bergueda\/wp-json\/wp\/v2\/pages\/416"}],"wp:attachment":[{"href":"https:\/\/serveiseducatius.xtec.cat\/bergueda\/wp-json\/wp\/v2\/media?parent=9499"}],"curies":[{"name":"wp","href":"https:\/\/api.w.org\/{rel}","templated":true}]}}

Xarxa de Competències

<p><a href="https://projectes.xtec.cat/xarxacb/"><img loading="lazy" decoding="async" class="size-full wp-image-15122 aligncenter" src="https://serveiseducatius.xtec.cat/bergueda/wp-content/uploads/usu878/2022/09/Nou-logo-cb-e1662367799817.jpg" alt="" width="200" height="71" /></a></p>
<p>El curs 2017-2018 el Berguedà ens vam incorporar a la Xarxa de Competències Bàsiques, a la xarxa territorial 3 (XCBT3) formada per centres d&#8217;Osona i el Berguedà.</p>
<p>El curs 2025-2026, els centres del Berguedà que en formen part són:</p>
<ul>
<li>Escola Alfred Mata (Puig-reig)</li>
<li>Escola Galceran de Pinós (Bagà)</li>
<li>Escola Princesa Làscaris (Casserres)</li>
<li>Escola Santa Maria d&#8217;Avià (Avià)</li>
<li>Escola Sant Llorenç (Guardiola de Berguedà)</li>
<li>Escola Sant Salvador (Cercs)</li>
<li>Institut L&#8217;Alt Berguedà (Bagà)</li>
<li>Institut Pere Fontdevila (Gironella)</li>
<li>Institut Serra de Noet (Berga)</li>
</ul>
<p>&nbsp;</p>
<p><a href="https://drive.google.com/file/d/0B5JxqkTkotQLZ0RqU3dXRUx2WmtsUVpVaDl1TWVBLWNlXzdF/view?resourcekey=0-2wWp7l0FTsxcjfjMrXw4aw"><img loading="lazy" decoding="async" class="size-full wp-image-14418 aligncenter" src="https://serveiseducatius.xtec.cat/bergueda/wp-content/uploads/usu878/2022/03/200-anys-xarxa.png" alt="" width="1024" height="534" srcset="https://serveiseducatius.xtec.cat/bergueda/wp-content/uploads/usu878/2022/03/200-anys-xarxa.png 1024w, https://serveiseducatius.xtec.cat/bergueda/wp-content/uploads/usu878/2022/03/200-anys-xarxa-300x156.png 300w, https://serveiseducatius.xtec.cat/bergueda/wp-content/uploads/usu878/2022/03/200-anys-xarxa-768x401.png 768w" sizes="auto, (max-width: 1024px) 100vw, 1024px" /></a></p>
<header class="entry-header">
<h1 class="entry-title">Presentació</h1>
</header>
<div class="entry-content">
<h5><strong>«20 anys treballant per la millora dels aprenentatges de tots els alumnes!»</strong></h5>
<h5></h5>
<h5><strong>Qui som?</strong></h5>
<p>La Xarxa de Competències Bàsiques està formada per un grup de docents que reflexionen i actuen en equip per transformar l’escola en un espai que afavoreixi l’aprenentatge.</p>
<h5><strong>Què fem?</strong></h5>
<ul>
<li>Promovem la creació d’espais pedagògics en el si dels centres per apoderar els equips docents.</li>
<li>Fomentem l’intercanvi d’experiències i la creació de sabers compartits.</li>
<li>Compartim un modalitat de formació docent entre iguals i en xarxa, per millorar els aprenentatges de l’alumnat.</li>
</ul>
<h5><strong>Per què ho fem?</strong></h5>
<ul>
<li>Perquè volem afavorir que tots els alumnes aprenguin més i millor.</li>
<li>Perquè creiem que l’alumne ha de ser el protagonista del seu aprenentatge.</li>
<li>Perquè entenem l’avaluació com un procés útil per aprendre.</li>
<li>Perquè sabem que treballant en equip s’aprèn més i millor.</li>
<li>Perquè, en un món global, s’ha d’afavorir l’adquisició d’aprenentatges autèntics, no fragmentats.<br />
<h5><strong><img loading="lazy" decoding="async" class="wp-image-8861 alignright" src="https://projectes.xtec.cat/xarxacb/wp-content/uploads/usu1277/2021/08/logo-petit-blanc-xcb.jpg" alt="" width="73" height="75" /></strong></h5>
</li>
<li>Perquè, en un món canviant, volem fomentar la iniciativa, l’esperit crític, la creativitat i el gust per aprendre.</li>
<li>Perquè volem que els nostres alumnes siguin competents per continuar aprenent al llarg de tota la vida.</li>
<li>Perquè sabem que cada alumne és únic i tenim altes expectatives per a tots i cadascun d’ells.</li>
</ul>
<h5><strong> <a href="https://serveiseducatius.xtec.cat/bergueda/wp-content/uploads/usu878/2021/06/xarxacb2.jpg"><img loading="lazy" decoding="async" class="size-full wp-image-13182 aligncenter" src="https://serveiseducatius.xtec.cat/bergueda/wp-content/uploads/usu878/2021/06/xarxacb2.jpg" alt="" width="714" height="348" srcset="https://serveiseducatius.xtec.cat/bergueda/wp-content/uploads/usu878/2021/06/xarxacb2.jpg 714w, https://serveiseducatius.xtec.cat/bergueda/wp-content/uploads/usu878/2021/06/xarxacb2-300x146.jpg 300w" sizes="auto, (max-width: 714px) 100vw, 714px" /></a></strong></h5>
</div>

<p>El curs 2017-2018 el Berguedà ens vam incorporar a la Xarxa de Competències Bàsiques, a la xarxa territorial 3 (XCBT3) [&hellip;]</p>
