{"id":10427,"date":"2019-01-28T16:08:23","date_gmt":"2019-01-28T15:08:23","guid":{"rendered":"http:\/\/serveiseducatius.xtec.cat\/bergueda\/?page_id=10427"},"modified":"2019-01-28T16:08:23","modified_gmt":"2019-01-28T15:08:23","slug":"1-projectes-deducacio-inclusiva","status":"publish","type":"page","link":"https:\/\/serveiseducatius.xtec.cat\/bergueda\/el-servei-educatiu\/equip\/eap\/1-projectes-deducacio-inclusiva\/","title":{"rendered":"1. Projectes d&#8217;educaci\u00f3 inclusiva"},"content":{"rendered":"<p><span style=\"font-weight: 400;\">P<\/span><span style=\"font-weight: 400;\">rojecte curs 2015-16:<\/span><a href=\"https:\/\/docs.google.com\/a\/xtec.cat\/viewer?a=v&amp;pid=sites&amp;srcid=eHRlYy5jYXR8ZWFwLWRlbC1iZXJndWVkYXxneDozZjA1YjMxNDg2ZTM5NTBj\"> <span style=\"font-weight: 400;\">Atenci\u00f3 a la diversitat des d&#8217;un model d&#8217;educaci\u00f3 inclusiva<\/span><\/a><\/p>\n<p><span style=\"font-weight: 400;\">Projecte curs 2014-15: <\/span><a href=\"https:\/\/docs.google.com\/a\/xtec.cat\/viewer?a=v&amp;pid=sites&amp;srcid=eHRlYy5jYXR8ZWFwLWRlbC1iZXJndWVkYXxneDo2NmE0ZDgxYTJiYzBhNTAx\"><span style=\"font-weight: 400;\">\u00a0<\/span><span style=\"font-weight: 400;\">L&#8217;atenci\u00f3 a la diversitat i innovaci\u00f3 educativa des d&#8217;un model inclusiu d&#8217;educaci\u00f3<\/span><\/a><\/p>\n<p><span style=\"font-weight: 400;\">Projecte curs 2013-14: <\/span><a href=\"https:\/\/docs.google.com\/a\/xtec.cat\/viewer?a=v&amp;pid=sites&amp;srcid=eHRlYy5jYXR8ZWFwLWRlbC1iZXJndWVkYXxneDpiNGUyNzNlYmZmNTg0YmM\"><span style=\"font-weight: 400;\">\u00a0<\/span><span style=\"font-weight: 400;\">L&#8217;atenci\u00f3 a la diversitat i innovaci\u00f3 educativa des d&#8217;un model inclusiu d&#8217;educaci\u00f3<\/span><\/a><\/p>\n<p>&nbsp;<\/p>\n<p><span style=\"font-weight: 400;\">Projecte curs 2012-13:<\/span><a href=\"https:\/\/docs.google.com\/a\/xtec.cat\/viewer?a=v&amp;pid=sites&amp;srcid=eHRlYy5jYXR8ZWFwLWRlbC1iZXJndWVkYXxneDo1MzdlMTA2YzAxNDFmYmQ5\"> <span style=\"font-weight: 400;\">L&#8217;atenci\u00f3 a la diversitat i innovaci\u00f3 educativa des d&#8217;un model inclusiu d&#8217;educaci\u00f3<\/span><\/a><\/p>\n<p>&nbsp;<\/p>\n<p><span style=\"font-weight: 400;\">Projecte curs 2011-12: <\/span><a href=\"https:\/\/docs.google.com\/a\/xtec.cat\/viewer?a=v&amp;pid=sites&amp;srcid=eHRlYy5jYXR8ZWFwLWRlbC1iZXJndWVkYXxneDo0YzM0ZTBmYWNlY2M5YWYx\"><span style=\"font-weight: 400;\">\u00a0<\/span><span style=\"font-weight: 400;\">L&#8217;atenci\u00f3 a la diversitat i innovaci\u00f3 educativa des d&#8217;un model inclusiu d&#8217;educaci\u00f3<\/span><\/a><\/p>\n<p><span style=\"font-weight: 400;\">Projecte curs 2010-11: <\/span><a href=\"https:\/\/docs.google.com\/a\/xtec.cat\/viewer?a=v&amp;pid=sites&amp;srcid=eHRlYy5jYXR8ZWFwLWRlbC1iZXJndWVkYXxneDoxMzE4ZjljMWM1YzdkMWI4\"><span style=\"font-weight: 400;\">\u00a0<\/span><span style=\"font-weight: 400;\">L&#8217;atenci\u00f3 a la diversitat i innovaci\u00f3 educativa des d&#8217;un model inclusiu d&#8217;educaci\u00f3<\/span><\/a><\/p>\n<p><span style=\"font-weight: 400;\">Projecte curs 2009-10: <\/span><a href=\"https:\/\/docs.google.com\/a\/xtec.cat\/viewer?a=v&amp;pid=sites&amp;srcid=eHRlYy5jYXR8ZWFwLWRlbC1iZXJndWVkYXxneDozNDhkNDQyOGQxNjI5MTUy\"><span style=\"font-weight: 400;\">\u00a0<\/span><span style=\"font-weight: 400;\">L&#8217;atenci\u00f3 a la diversitat i innovaci\u00f3 educativa des d&#8217;un model inclusiu d&#8217;educaci\u00f3<\/span><\/a><\/p>\n<p><span style=\"font-weight: 400;\">Projecte curs 2008-09: <\/span><a href=\"https:\/\/docs.google.com\/a\/xtec.cat\/viewer?a=v&amp;pid=sites&amp;srcid=eHRlYy5jYXR8ZWFwLWRlbC1iZXJndWVkYXxneDoxZmI3NGNkNTE1NDhjZjM3\"><span style=\"font-weight: 400;\">\u00a0<\/span><span style=\"font-weight: 400;\">L&#8217;atenci\u00f3 a la diversitat i innovaci\u00f3 educativa des d&#8217;un model inclusiu d&#8217;educaci\u00f3<\/span><\/a><\/p>\n<p><span style=\"font-weight: 400;\">Projecte curs 2007-08: <\/span><a href=\"https:\/\/docs.google.com\/a\/xtec.cat\/viewer?a=v&amp;pid=sites&amp;srcid=eHRlYy5jYXR8ZWFwLWRlbC1iZXJndWVkYXxneDoxYjBlZGIwY2QyODcwOTQ\"><span style=\"font-weight: 400;\">\u00a0<\/span><span style=\"font-weight: 400;\">L&#8217;atenci\u00f3 a la diversitat i innovaci\u00f3 educativa des d&#8217;un model inclusiu d&#8217;educaci\u00f3<\/span><\/a><\/p>\n<p><span style=\"font-weight: 400;\">Projecte curs 2006-07: <\/span><a href=\"https:\/\/docs.google.com\/a\/xtec.cat\/viewer?a=v&amp;pid=sites&amp;srcid=eHRlYy5jYXR8ZWFwLWRlbC1iZXJndWVkYXxneDo0ZTFkZDViNWUyYzQ0OTE5\"><span style=\"font-weight: 400;\">\u00a0<\/span><span style=\"font-weight: 400;\">L&#8217;atenci\u00f3 a la diversitat i innovaci\u00f3 educativa des d&#8217;un model inclusiu d&#8217;educaci\u00f3<\/span><\/a><\/p>\n<p><span style=\"font-weight: 400;\">Projecte curs 2005-06: <\/span><a href=\"https:\/\/docs.google.com\/a\/xtec.cat\/viewer?a=v&amp;pid=sites&amp;srcid=eHRlYy5jYXR8ZWFwLWRlbC1iZXJndWVkYXxneDoxNDliZjBmMGQ2MDhlNTdm\"><span style=\"font-weight: 400;\">\u00a0<\/span><span style=\"font-weight: 400;\">L&#8217;atenci\u00f3 a la diversitat i innovaci\u00f3 educativa des d&#8217;un model inclusiu d&#8217;educaci\u00f3<\/span><\/a><\/p>\n<p><span style=\"font-weight: 400;\">Projecte curs 2004-05: <\/span><a href=\"https:\/\/docs.google.com\/a\/xtec.cat\/viewer?a=v&amp;pid=sites&amp;srcid=eHRlYy5jYXR8ZWFwLWRlbC1iZXJndWVkYXxneDo0YjBlMTBmNzM3NGE2OGY1\"><span style=\"font-weight: 400;\">\u00a0<\/span><span style=\"font-weight: 400;\">Experi\u00e8ncia d&#8217;escola inclusiva a la comarca del Bergued\u00e0<\/span><\/a><\/p>\n<p>&nbsp;<\/p>\n<p><span style=\"font-weight: 400;\">Documents \u00a0<\/span><\/p>\n<p><a href=\"https:\/\/docs.google.com\/a\/xtec.cat\/viewer?a=v&amp;pid=sites&amp;srcid=eHRlYy5jYXR8ZWFwLWRlbC1iZXJndWVkYXxneDoyOThmOWM4ZDY2MGJlMzVl\"><span style=\"font-weight: 400;\">Indicadors per avaluar el Projecte d&#8217;Educaci\u00f3 Inclusiva<\/span><\/a><\/p>\n<p><a href=\"https:\/\/docs.google.com\/a\/xtec.cat\/viewer?a=v&amp;pid=sites&amp;srcid=eHRlYy5jYXR8ZWFwLWRlbC1iZXJndWVkYXxneDoyMDU3MzkxNjA1ZmE3MmY0\"><span style=\"font-weight: 400;\">Clima de centre<\/span><\/a><\/p>\n<p><a href=\"https:\/\/docs.google.com\/a\/xtec.cat\/viewer?a=v&amp;pid=sites&amp;srcid=eHRlYy5jYXR8ZWFwLWRlbC1iZXJndWVkYXxneDoyMWRjNjYyMWQ2Y2NlMzgw\"><span style=\"font-weight: 400;\">Projecte Educatiu Marc<\/span><\/a><\/p>\n<p><a href=\"https:\/\/docs.google.com\/a\/xtec.cat\/viewer?a=v&amp;pid=sites&amp;srcid=eHRlYy5jYXR8ZWFwLWRlbC1iZXJndWVkYXxneDoxOTkyMjk5MmE2MjMyMTI\"><span style=\"font-weight: 400;\">Fonamentaci\u00f3 de l&#8217;educaci\u00f3<\/span><\/a><\/p>\n","protected":false},"excerpt":{"rendered":"<p>Projecte curs 2015-16: Atenci\u00f3 a la diversitat des d&#8217;un model d&#8217;educaci\u00f3 inclusiva Projecte curs 2014-15: \u00a0L&#8217;atenci\u00f3 a la diversitat i [&hellip;]<\/p>\n","protected":false},"author":1,"featured_media":0,"parent":8264,"menu_order":10,"comment_status":"closed","ping_status":"closed","template":"page-templates\/side-menu.php","meta":{"_bbp_topic_count":0,"_bbp_reply_count":0,"_bbp_total_topic_count":0,"_bbp_total_reply_count":0,"_bbp_voice_count":0,"_bbp_anonymous_reply_count":0,"_bbp_topic_count_hidden":0,"_bbp_reply_count_hidden":0,"_bbp_forum_subforum_count":0,"site-sidebar-layout":"default","site-content-layout":"","ast-site-content-layout":"","site-content-style":"default","site-sidebar-style":"default","ast-global-header-display":"","ast-banner-title-visibility":"","ast-main-header-display":"","ast-hfb-above-header-display":"","ast-hfb-below-header-display":"","ast-hfb-mobile-header-display":"","site-post-title":"","ast-breadcrumbs-content":"","ast-featured-img":"","footer-sml-layout":"","theme-transparent-header-meta":"","adv-header-id-meta":"","stick-header-meta":"","header-above-stick-meta":"","header-main-stick-meta":"","header-below-stick-meta":"","astra-migrate-meta-layouts":"default","ast-page-background-enabled":"default","ast-page-background-meta":{"desktop":{"background-color":"var(--ast-global-color-4)","background-image":"","background-repeat":"repeat","background-position":"center center","background-size":"auto","background-attachment":"scroll","background-type":"","background-media":"","overlay-type":"","overlay-color":"","overlay-opacity":"","overlay-gradient":""},"tablet":{"background-color":"","background-image":"","background-repeat":"repeat","background-position":"center center","background-size":"auto","background-attachment":"scroll","background-type":"","background-media":"","overlay-type":"","overlay-color":"","overlay-opacity":"","overlay-gradient":""},"mobile":{"background-color":"","background-image":"","background-repeat":"repeat","background-position":"center center","background-size":"auto","background-attachment":"scroll","background-type":"","background-media":"","overlay-type":"","overlay-color":"","overlay-opacity":"","overlay-gradient":""}},"ast-content-background-meta":{"desktop":{"background-color":"var(--ast-global-color-5)","background-image":"","background-repeat":"repeat","background-position":"center center","background-size":"auto","background-attachment":"scroll","background-type":"","background-media":"","overlay-type":"","overlay-color":"","overlay-opacity":"","overlay-gradient":""},"tablet":{"background-color":"var(--ast-global-color-5)","background-image":"","background-repeat":"repeat","background-position":"center center","background-size":"auto","background-attachment":"scroll","background-type":"","background-media":"","overlay-type":"","overlay-color":"","overlay-opacity":"","overlay-gradient":""},"mobile":{"background-color":"var(--ast-global-color-5)","background-image":"","background-repeat":"repeat","background-position":"center center","background-size":"auto","background-attachment":"scroll","background-type":"","background-media":"","overlay-type":"","overlay-color":"","overlay-opacity":"","overlay-gradient":""}},"footnotes":""},"class_list":["post-10427","page","type-page","status-publish","hentry"],"post_mailing_queue_ids":[],"_links":{"self":[{"href":"https:\/\/serveiseducatius.xtec.cat\/bergueda\/wp-json\/wp\/v2\/pages\/10427","targetHints":{"allow":["GET"]}}],"collection":[{"href":"https:\/\/serveiseducatius.xtec.cat\/bergueda\/wp-json\/wp\/v2\/pages"}],"about":[{"href":"https:\/\/serveiseducatius.xtec.cat\/bergueda\/wp-json\/wp\/v2\/types\/page"}],"author":[{"embeddable":true,"href":"https:\/\/serveiseducatius.xtec.cat\/bergueda\/wp-json\/wp\/v2\/users\/1"}],"replies":[{"embeddable":true,"href":"https:\/\/serveiseducatius.xtec.cat\/bergueda\/wp-json\/wp\/v2\/comments?post=10427"}],"version-history":[{"count":1,"href":"https:\/\/serveiseducatius.xtec.cat\/bergueda\/wp-json\/wp\/v2\/pages\/10427\/revisions"}],"predecessor-version":[{"id":10428,"href":"https:\/\/serveiseducatius.xtec.cat\/bergueda\/wp-json\/wp\/v2\/pages\/10427\/revisions\/10428"}],"up":[{"embeddable":true,"href":"https:\/\/serveiseducatius.xtec.cat\/bergueda\/wp-json\/wp\/v2\/pages\/8264"}],"wp:attachment":[{"href":"https:\/\/serveiseducatius.xtec.cat\/bergueda\/wp-json\/wp\/v2\/media?parent=10427"}],"curies":[{"name":"wp","href":"https:\/\/api.w.org\/{rel}","templated":true}]}}