{"id":8532,"date":"2016-07-14T10:39:58","date_gmt":"2016-07-14T09:39:58","guid":{"rendered":"http:\/\/serveiseducatius.xtec.cat\/bdrlectura\/?page_id=8532"},"modified":"2020-05-09T11:07:14","modified_gmt":"2020-05-09T09:07:14","slug":"competencia-informacional-documentacio","status":"publish","type":"page","link":"https:\/\/serveiseducatius.xtec.cat\/bdrlectura\/competencia-informacional-documentacio\/","title":{"rendered":"Compet\u00e8ncia informacional. Documentaci\u00f3"},"content":{"rendered":"<h3>Estudis i informes<\/h3>\n<ul>\n<li><a href=\"http:\/\/xtec.gencat.cat\/web\/.content\/alfresco\/d\/d\/workspace\/SpacesStore\/0092\/e5114b03-cee3-44dc-af9f-7627fc84b33b\/AlfinCILIP.pdf\" target=\"_blank\" rel=\"noopener noreferrer\">Alfabetitzaci\u00f3n en informaci\u00f3n: la definici\u00f3n de CILIP (UK).<\/a>\u00a0Article publicat al Bolet\u00edn de la Asociaci\u00f3n Andaluza de Bibliotecarios n\u00fam. 77 (desembre 2004), p. 79-84.<\/li>\n<li><a href=\"http:\/\/recursostic.educacion.es\/blogs\/europa\/media\/blogs\/europa\/informes\/Competencia_Digital_Europa_ITE_marzo_2011.pdf\" target=\"_blank\" rel=\"noopener noreferrer\">Competencia digital<\/a>. Informe que recull alguns dels elements m\u00e9s rellevants en relaci\u00f3 al desenvolupament de la compet\u00e8ncia digital dels estudiants presentat pel Departamento de Proyectos Europeos del\u00a0<a href=\"http:\/\/www.ite.educacion.es\/\" target=\"_blank\" rel=\"noopener noreferrer\">Instituto de Tecnolog\u00edas Educativas<\/a>.<\/li>\n<li><a href=\"http:\/\/xtec.gencat.cat\/web\/.content\/alfresco\/d\/d\/workspace\/SpacesStore\/0058\/805bcdee-56e5-4947-ad2e-92bd6c8bf5ca\/DeSeCo.pdf\" target=\"_blank\" rel=\"noopener noreferrer\">DeSeCo (Definition and Selection of Competencies)<\/a>. Document que explica els fonaments te\u00f2rics i conceptuals de la definici\u00f3 i la selecci\u00f3 de les compet\u00e8ncies b\u00e0siques.<\/li>\n<li><a href=\"http:\/\/xtec.gencat.cat\/web\/.content\/alfresco\/d\/d\/workspace\/SpacesStore\/0019\/6e00d4c7-4a04-4428-8205-3ea3e648d9e3\/drets_nuvol.pdf\" target=\"_blank\" rel=\"noopener noreferrer\">Drets dels usuaris del n\u00favol.<\/a>\u00a0Infografia elaborada per Gesti\u00f3n 2000 en col\u00b7laboraci\u00f3 amb\u00a0<a href=\"http:\/\/www.dosdoce.com\/\" target=\"_blank\" rel=\"noopener noreferrer\">Dosdoce.com<\/a>, amb motiu de la publicaci\u00f3 del llibre <em>La empresa en la Web 2.0<\/em>, de Javier Celaya.<\/li>\n<\/ul>\n<h3>Congressos i jornades<\/h3>\n<ul>\n<li><a href=\"http:\/\/www.xtec.cat\/sgfp\/crp\/recursos\/banc\/lectura\/imatges\/art_Daniel%20Cassany.pdf\" target=\"_blank\" rel=\"noopener noreferrer\">Mediar y educar en informaci\u00f3n: por qu\u00e9, c\u00f3mo, d\u00f3nde&#8230;<\/a>\u00a0Intervenci\u00f3 de Daniel Cassany a la taula de debat \u00abLa lectura despu\u00e9s de Internet\u00bb que va tenir lloc al congr\u00e9s Bibliotecas Escolares en Tr\u00e0nsito (novembre 2011).<\/li>\n<\/ul>\n","protected":false},"excerpt":{"rendered":"<p>Estudis i informes<\/p>\n<ul>\n<li><a href=\"http:\/\/xtec.gencat.cat\/web\/.content\/alfresco\/d\/d\/workspace\/SpacesStore\/0092\/e5114b03-cee3-44dc-af9f-7627fc84b33b\/AlfinCILIP.pdf\" target=\"_blank\" rel=\"noopener noreferrer\">Alfabetitzaci\u00f3n en informaci\u00f3n: la definici\u00f3n de CILIP (UK).<\/a>\u00a0Article publicat al Bolet\u00edn de la Asociaci\u00f3n Andaluza de Bibliotecarios n\u00fam. 77 (desembre 2004), p. 79-84.<\/li>\n<li><a href=\"http:\/\/recursostic.educacion.es\/blogs\/europa\/media\/blogs\/europa\/informes\/Competencia_Digital_Europa_ITE_marzo_2011.pdf\" target=\"_blank\" rel=\"noopener noreferrer\">Competencia digital<\/a>. Informe que recull alguns dels elements m\u00e9s rellevants en relaci\u00f3 al&hellip;  <a href=\"https:\/\/serveiseducatius.xtec.cat\/bdrlectura\/competencia-informacional-documentacio\/\" title=\"Read Compet\u00e8ncia informacional. Documentaci\u00f3\">Llegeix m\u00e9s\u00bb<\/a><br \/>\n","protected":false},"author":1,"featured_media":0,"parent":0,"menu_order":210,"comment_status":"closed","ping_status":"closed","template":"","meta":{"_bbp_topic_count":0,"_bbp_reply_count":0,"_bbp_total_topic_count":0,"_bbp_total_reply_count":0,"_bbp_voice_count":0,"_bbp_anonymous_reply_count":0,"_bbp_topic_count_hidden":0,"_bbp_reply_count_hidden":0,"_bbp_forum_subforum_count":0,"footnotes":""},"class_list":["post-8532","page","type-page","status-publish","hentry"],"post_mailing_queue_ids":[],"_links":{"self":[{"href":"https:\/\/serveiseducatius.xtec.cat\/bdrlectura\/wp-json\/wp\/v2\/pages\/8532","targetHints":{"allow":["GET"]}}],"collection":[{"href":"https:\/\/serveiseducatius.xtec.cat\/bdrlectura\/wp-json\/wp\/v2\/pages"}],"about":[{"href":"https:\/\/serveiseducatius.xtec.cat\/bdrlectura\/wp-json\/wp\/v2\/types\/page"}],"author":[{"embeddable":true,"href":"https:\/\/serveiseducatius.xtec.cat\/bdrlectura\/wp-json\/wp\/v2\/users\/1"}],"replies":[{"embeddable":true,"href":"https:\/\/serveiseducatius.xtec.cat\/bdrlectura\/wp-json\/wp\/v2\/comments?post=8532"}],"version-history":[{"count":3,"href":"https:\/\/serveiseducatius.xtec.cat\/bdrlectura\/wp-json\/wp\/v2\/pages\/8532\/revisions"}],"predecessor-version":[{"id":15681,"href":"https:\/\/serveiseducatius.xtec.cat\/bdrlectura\/wp-json\/wp\/v2\/pages\/8532\/revisions\/15681"}],"wp:attachment":[{"href":"https:\/\/serveiseducatius.xtec.cat\/bdrlectura\/wp-json\/wp\/v2\/media?parent=8532"}],"curies":[{"name":"wp","href":"https:\/\/api.w.org\/{rel}","templated":true}]}}