{"id":8384,"date":"2016-06-14T23:25:46","date_gmt":"2016-06-14T22:25:46","guid":{"rendered":"http:\/\/serveiseducatius.xtec.cat\/bdrlectura\/?page_id=8384"},"modified":"2022-06-23T10:27:52","modified_gmt":"2022-06-23T08:27:52","slug":"lectura-digital-bibliografia","status":"publish","type":"page","link":"https:\/\/serveiseducatius.xtec.cat\/bdrlectura\/lectura-digital-bibliografia\/","title":{"rendered":"Bibliografia sobre Lectura digital"},"content":{"rendered":"<ul>\n<li>BACH, Jean-Fran\u00e7ois; HOUD\u00c9, Olivier; L\u00c9NA, Pierre; TISSERON, Serge. <a href=\"http:\/\/www.enssib.fr\/bibliotheque-numerique\/documents\/60271-l-enfant-et-les-ecrans.pdf\" target=\"_blank\" rel=\"noopener noreferrer\">L&#8217;enfant et les \u00e9crans. Un avis de l&#8217;Acad\u00e9mie des sciences.<\/a> Paris: Le Pommier, 2013 (\u00c9ducation)<\/li>\n<li><a href=\"http:\/\/www.educaciontrespuntocero.com\/novedades2\/futuro\/app-bam-boomerang\/23275.html\" target=\"_blank\" rel=\"noopener noreferrer\">Bam Boomerang, la app para aprender a leer del futuro.<\/a> <em>Educaci\u00f3n 3.0. <\/em> <em>La Revista<\/em> <em> para el Aula del Siglo XXI <\/em>(5 de desembre de 2014)<\/li>\n<li>CORRERO, Cristina; REAL, Neus. <a href=\"http:\/\/www.clijcat.cat\/faristol\/descargas\/79\/1_79.pdf\" target=\"_blank\" rel=\"noopener noreferrer\">Literatura infantil digital 0-6. Present i futur.<\/a> <em>Faristol <\/em>n\u00fam. 79 (setembre 2014), p. 3-6<\/li>\n<li><a href=\"http:\/\/ensenyament.gencat.cat\/web\/.content\/home\/departament\/publicacions\/colleccions\/tac\/lectura-digital\/tac_5.pdf\" target=\"_blank\" rel=\"noopener noreferrer\">Lectura en digital.<\/a><i>\u00a0<\/i>Generalitat de Catalunya. Departament d&#8217;Ensenyament, 2012 (TAC; 5)<\/li>\n<li><a href=\"http:\/\/guix.grao.com\/revistas\/guix\/383-lectura-en-pantalles\" target=\"_blank\" rel=\"noopener noreferrer\">Lectura en pantalles.<\/a> Daniel Cassany i Montserrat Vil\u00e0 (coord.). Monogr\u00e0fic de la revista\u00a0<em>Guix. Elements d&#8217;Acci\u00f3 Educativa<\/em>\u00a0n\u00fam. 383 (mar\u00e7 2012)<\/li>\n<li>LLUCH, Gemma. <a href=\"http:\/\/www.gemmalluch.com\/esp\/actividad\/la-lectura-entre-el-paper-i-les-pantalles\/\" target=\"_blank\" rel=\"noopener noreferrer\">La lectura : entre el paper i les pantalles<\/a>. Vic: Eumo, 2018 (Documents)<\/li>\n<\/ul>\n","protected":false},"excerpt":{"rendered":"<ul>\n<li>BACH, Jean-Fran\u00e7ois; HOUD\u00c9, Olivier; L\u00c9NA, Pierre; TISSERON, Serge. <a href=\"http:\/\/www.enssib.fr\/bibliotheque-numerique\/documents\/60271-l-enfant-et-les-ecrans.pdf\" target=\"_blank\" rel=\"noopener noreferrer\">L&#8217;enfant et les \u00e9crans. Un avis de l&#8217;Acad\u00e9mie des sciences.<\/a> Paris: Le Pommier, 2013 (\u00c9ducation)<\/li>\n<li><a href=\"http:\/\/www.educaciontrespuntocero.com\/novedades2\/futuro\/app-bam-boomerang\/23275.html\" target=\"_blank\" rel=\"noopener noreferrer\">Bam Boomerang, la app para aprender a leer del futuro.<\/a> Educaci\u00f3n 3.0.  La Revista&hellip;  <a href=\"https:\/\/serveiseducatius.xtec.cat\/bdrlectura\/lectura-digital-bibliografia\/\" title=\"Read Bibliografia sobre Lectura digital\">Llegeix m\u00e9s\u00bb<\/a><br \/>\n","protected":false},"author":3,"featured_media":0,"parent":0,"menu_order":150,"comment_status":"closed","ping_status":"closed","template":"","meta":{"_bbp_topic_count":0,"_bbp_reply_count":0,"_bbp_total_topic_count":0,"_bbp_total_reply_count":0,"_bbp_voice_count":0,"_bbp_anonymous_reply_count":0,"_bbp_topic_count_hidden":0,"_bbp_reply_count_hidden":0,"_bbp_forum_subforum_count":0,"footnotes":""},"class_list":["post-8384","page","type-page","status-publish","hentry"],"post_mailing_queue_ids":[],"_links":{"self":[{"href":"https:\/\/serveiseducatius.xtec.cat\/bdrlectura\/wp-json\/wp\/v2\/pages\/8384","targetHints":{"allow":["GET"]}}],"collection":[{"href":"https:\/\/serveiseducatius.xtec.cat\/bdrlectura\/wp-json\/wp\/v2\/pages"}],"about":[{"href":"https:\/\/serveiseducatius.xtec.cat\/bdrlectura\/wp-json\/wp\/v2\/types\/page"}],"author":[{"embeddable":true,"href":"https:\/\/serveiseducatius.xtec.cat\/bdrlectura\/wp-json\/wp\/v2\/users\/3"}],"replies":[{"embeddable":true,"href":"https:\/\/serveiseducatius.xtec.cat\/bdrlectura\/wp-json\/wp\/v2\/comments?post=8384"}],"version-history":[{"count":3,"href":"https:\/\/serveiseducatius.xtec.cat\/bdrlectura\/wp-json\/wp\/v2\/pages\/8384\/revisions"}],"predecessor-version":[{"id":18198,"href":"https:\/\/serveiseducatius.xtec.cat\/bdrlectura\/wp-json\/wp\/v2\/pages\/8384\/revisions\/18198"}],"wp:attachment":[{"href":"https:\/\/serveiseducatius.xtec.cat\/bdrlectura\/wp-json\/wp\/v2\/media?parent=8384"}],"curies":[{"name":"wp","href":"https:\/\/api.w.org\/{rel}","templated":true}]}}

<ul>
<li>BACH, Jean-François; HOUDÉ, Olivier; LÉNA, Pierre; TISSERON, Serge. <a href="http://www.enssib.fr/bibliotheque-numerique/documents/60271-l-enfant-et-les-ecrans.pdf" target="_blank" rel="noopener noreferrer">L&#8217;enfant et les écrans. Un avis de l&#8217;Académie des sciences.</a> Paris: Le Pommier, 2013 (Éducation)</li>
<li><a href="http://www.educaciontrespuntocero.com/novedades2/futuro/app-bam-boomerang/23275.html" target="_blank" rel="noopener noreferrer">Bam Boomerang, la app para aprender a leer del futuro.</a> <em>Educación 3.0. </em> <em>La Revista</em> <em> para el Aula del Siglo XXI </em>(5 de desembre de 2014)</li>
<li>CORRERO, Cristina; REAL, Neus. <a href="http://www.clijcat.cat/faristol/descargas/79/1_79.pdf" target="_blank" rel="noopener noreferrer">Literatura infantil digital 0-6. Present i futur.</a> <em>Faristol </em>núm. 79 (setembre 2014), p. 3-6</li>
<li><a href="http://ensenyament.gencat.cat/web/.content/home/departament/publicacions/colleccions/tac/lectura-digital/tac_5.pdf" target="_blank" rel="noopener noreferrer">Lectura en digital.</a><i> </i>Generalitat de Catalunya. Departament d&#8217;Ensenyament, 2012 (TAC; 5)</li>
<li><a href="http://guix.grao.com/revistas/guix/383-lectura-en-pantalles" target="_blank" rel="noopener noreferrer">Lectura en pantalles.</a> Daniel Cassany i Montserrat Vilà (coord.). Monogràfic de la revista <em>Guix. Elements d&#8217;Acció Educativa</em> núm. 383 (març 2012)</li>
<li>LLUCH, Gemma. <a href="http://www.gemmalluch.com/esp/actividad/la-lectura-entre-el-paper-i-les-pantalles/" target="_blank" rel="noopener noreferrer">La lectura : entre el paper i les pantalles</a>. Vic: Eumo, 2018 (Documents)</li>
</ul>

<ul>
<li>BACH, Jean-François; HOUDÉ, Olivier; LÉNA, Pierre; TISSERON, Serge. <a href="http://www.enssib.fr/bibliotheque-numerique/documents/60271-l-enfant-et-les-ecrans.pdf" target="_blank" rel="noopener noreferrer">L&#8217;enfant et les écrans. Un avis de l&#8217;Académie des sciences.</a> Paris: Le Pommier, 2013 (Éducation)</li>
<li><a href="http://www.educaciontrespuntocero.com/novedades2/futuro/app-bam-boomerang/23275.html" target="_blank" rel="noopener noreferrer">Bam Boomerang, la app para aprender a leer del futuro.</a> Educación 3.0.  La Revista&hellip;  <a href="https://serveiseducatius.xtec.cat/bdrlectura/lectura-digital-bibliografia/" title="Read Bibliografia sobre Lectura digital">Llegeix més»</a><br />
