{"id":7491,"date":"2017-05-16T10:59:17","date_gmt":"2017-05-16T08:59:17","guid":{"rendered":"http:\/\/serveiseducatius.xtec.cat\/baixpenedes\/?page_id=7491"},"modified":"2022-07-11T11:53:14","modified_gmt":"2022-07-11T09:53:14","slug":"portem-la-ciencia-al-carrer","status":"publish","type":"page","link":"https:\/\/serveiseducatius.xtec.cat\/baixpenedes\/dinamitzacio\/portem-la-ciencia-al-carrer\/","title":{"rendered":"Portem la ci\u00e8ncia al carrer"},"content":{"rendered":"<h3><\/h3>\n<h2><strong style=\"font-size: 16px;\"><img loading=\"lazy\" decoding=\"async\" class=\"wp-image-12700 alignright\" src=\"https:\/\/serveiseducatius.xtec.cat\/baixpenedes\/wp-content\/uploads\/usu764\/2020\/02\/cartell.png\" alt=\"\" width=\"199\" height=\"280\" srcset=\"https:\/\/serveiseducatius.xtec.cat\/baixpenedes\/wp-content\/uploads\/usu764\/2020\/02\/cartell.png 591w, https:\/\/serveiseducatius.xtec.cat\/baixpenedes\/wp-content\/uploads\/usu764\/2020\/02\/cartell-214x300.png 214w\" sizes=\"auto, (max-width: 199px) 100vw, 199px\" \/><\/strong><\/h2>\n<p><strong>Portem la ci\u00e8ncia al carrer<\/strong> \u00e9s una mostra de projectes de l&#8217;ambit cient\u00edfico tecnol\u00f2gic realitzats per centres educatius tal i com podeu con\u00e8ixer a trav\u00e9s de l&#8217;enlla\u00e7 \ud83d\udc47:<\/p>\n<h3 style=\"text-align: center;\"><span style=\"text-decoration: underline;\"><span style=\"background-color: #ffff00;\"><a style=\"background-color: #ffff00;\" href=\"https:\/\/blocs.xtec.cat\/portemlacienciaalcarrer\/\"><strong>WEB DE LA FIRA PORTEM LA CI\u00c8NCIA AL CARRER<\/strong><\/a><\/span><\/span><\/h3>\n<p><a href=\"https:\/\/blocs.xtec.cat\/portemlacienciaalcarrer\/\" target=\"_blank\" rel=\"noopener noreferrer\"><img loading=\"lazy\" decoding=\"async\" class=\"alignleft wp-image-8722\" src=\"http:\/\/serveiseducatius.xtec.cat\/baixpenedes\/wp-content\/uploads\/usu764\/2017\/05\/logo-portem-ciencia-carrer-Mobile.png\" alt=\"\" width=\"201\" height=\"285\" srcset=\"https:\/\/serveiseducatius.xtec.cat\/baixpenedes\/wp-content\/uploads\/usu764\/2017\/05\/logo-portem-ciencia-carrer-Mobile.png 320w, https:\/\/serveiseducatius.xtec.cat\/baixpenedes\/wp-content\/uploads\/usu764\/2017\/05\/logo-portem-ciencia-carrer-Mobile-212x300.png 212w\" sizes=\"auto, (max-width: 201px) 100vw, 201px\" \/><\/a><\/p>\n<p>A partir de la iniciativa de l\u2019Escola Pau Casals del Vendrell, que t\u00e9 experi\u00e8ncia en l\u2019organitzaci\u00f3 de diverses activitats en \u00e0mbit de centre, el Centre de Recursos del Baix Pened\u00e8s va organitzar el curs 2016\/2017, a la nostra comarca, la Primera fira de ci\u00e8ncia i tecnologia al carrer, amb la participaci\u00f3 activa de l\u2019alumnat i professorat dels centres educatius del Baix Pened\u00e8s. Nom\u00e9s durant el curs 2019-20\u00a0 la quarta edici\u00f3 de la Fira Portem la Ci\u00e8ncia al carrer va haver de ajornar-se al seg\u00fcent curs per l&#8217;estat de confinament d&#8217;alumnat i docents.<\/p>\n<p>Aquesta iniciativa es porta a terme gr\u00e0cies a la col\u00b7laboraci\u00f3 de l\u2019Ajuntament del Vendrell.<br \/>\n<strong><a href=\"http:\/\/serveiseducatius.xtec.cat\/baixpenedes\/categoria\/dinamitzacio\/portem-la-ciencia-al-carrer\/\">Not\u00edcies relacionades<\/a><\/strong><\/p>\n<p>Categoria de not\u00edcies relacionades amb la ci\u00e8ncia:\u00a0<a href=\"http:\/\/serveiseducatius.xtec.cat\/baixpenedes\/categoria\/dinamitzacio\/portem-la-ciencia-al-carrer\/\" target=\"_blank\" rel=\"noopener noreferrer\">http:\/\/serveiseducatius.xtec.cat\/baixpenedes\/categoria\/dinamitzacio\/portem-la-ciencia-al-carrer\/<\/a><\/p>\n<p>&nbsp;<\/p>\n","protected":false},"excerpt":{"rendered":"<p>Portem la ci\u00e8ncia al carrer \u00e9s una mostra de projectes de l&#8217;ambit cient\u00edfico tecnol\u00f2gic realitzats per centres educatius tal i com podeu con\u00e8ixer a trav\u00e9s de l&#8217;enlla\u00e7 \ud83d\udc47: WEB DE LA FIRA PORTEM LA CI\u00c8NCIA AL CARRER A partir de la iniciativa de l\u2019Escola Pau Casals del Vendrell, que t\u00e9 experi\u00e8ncia en l\u2019organitzaci\u00f3 de diverses [&hellip;]<\/p>\n","protected":false},"author":7,"featured_media":0,"parent":5401,"menu_order":0,"comment_status":"closed","ping_status":"closed","template":"page-templates\/side-menu.php","meta":{"_bbp_topic_count":0,"_bbp_reply_count":0,"_bbp_total_topic_count":0,"_bbp_total_reply_count":0,"_bbp_voice_count":0,"_bbp_anonymous_reply_count":0,"_bbp_topic_count_hidden":0,"_bbp_reply_count_hidden":0,"_bbp_forum_subforum_count":0,"site-sidebar-layout":"default","site-content-layout":"","ast-site-content-layout":"","site-content-style":"default","site-sidebar-style":"default","ast-global-header-display":"","ast-banner-title-visibility":"","ast-main-header-display":"","ast-hfb-above-header-display":"","ast-hfb-below-header-display":"","ast-hfb-mobile-header-display":"","site-post-title":"","ast-breadcrumbs-content":"","ast-featured-img":"","footer-sml-layout":"","theme-transparent-header-meta":"","adv-header-id-meta":"","stick-header-meta":"","header-above-stick-meta":"","header-main-stick-meta":"","header-below-stick-meta":"","astra-migrate-meta-layouts":"default","ast-page-background-enabled":"default","ast-page-background-meta":{"desktop":{"background-color":"var(--ast-global-color-4)","background-image":"","background-repeat":"repeat","background-position":"center center","background-size":"auto","background-attachment":"scroll","background-type":"","background-media":"","overlay-type":"","overlay-color":"","overlay-opacity":"","overlay-gradient":""},"tablet":{"background-color":"","background-image":"","background-repeat":"repeat","background-position":"center center","background-size":"auto","background-attachment":"scroll","background-type":"","background-media":"","overlay-type":"","overlay-color":"","overlay-opacity":"","overlay-gradient":""},"mobile":{"background-color":"","background-image":"","background-repeat":"repeat","background-position":"center center","background-size":"auto","background-attachment":"scroll","background-type":"","background-media":"","overlay-type":"","overlay-color":"","overlay-opacity":"","overlay-gradient":""}},"ast-content-background-meta":{"desktop":{"background-color":"var(--ast-global-color-5)","background-image":"","background-repeat":"repeat","background-position":"center center","background-size":"auto","background-attachment":"scroll","background-type":"","background-media":"","overlay-type":"","overlay-color":"","overlay-opacity":"","overlay-gradient":""},"tablet":{"background-color":"var(--ast-global-color-5)","background-image":"","background-repeat":"repeat","background-position":"center center","background-size":"auto","background-attachment":"scroll","background-type":"","background-media":"","overlay-type":"","overlay-color":"","overlay-opacity":"","overlay-gradient":""},"mobile":{"background-color":"var(--ast-global-color-5)","background-image":"","background-repeat":"repeat","background-position":"center center","background-size":"auto","background-attachment":"scroll","background-type":"","background-media":"","overlay-type":"","overlay-color":"","overlay-opacity":"","overlay-gradient":""}},"footnotes":""},"class_list":["post-7491","page","type-page","status-publish","hentry"],"post_mailing_queue_ids":[],"_links":{"self":[{"href":"https:\/\/serveiseducatius.xtec.cat\/baixpenedes\/wp-json\/wp\/v2\/pages\/7491","targetHints":{"allow":["GET"]}}],"collection":[{"href":"https:\/\/serveiseducatius.xtec.cat\/baixpenedes\/wp-json\/wp\/v2\/pages"}],"about":[{"href":"https:\/\/serveiseducatius.xtec.cat\/baixpenedes\/wp-json\/wp\/v2\/types\/page"}],"author":[{"embeddable":true,"href":"https:\/\/serveiseducatius.xtec.cat\/baixpenedes\/wp-json\/wp\/v2\/users\/7"}],"replies":[{"embeddable":true,"href":"https:\/\/serveiseducatius.xtec.cat\/baixpenedes\/wp-json\/wp\/v2\/comments?post=7491"}],"version-history":[{"count":4,"href":"https:\/\/serveiseducatius.xtec.cat\/baixpenedes\/wp-json\/wp\/v2\/pages\/7491\/revisions"}],"predecessor-version":[{"id":15863,"href":"https:\/\/serveiseducatius.xtec.cat\/baixpenedes\/wp-json\/wp\/v2\/pages\/7491\/revisions\/15863"}],"up":[{"embeddable":true,"href":"https:\/\/serveiseducatius.xtec.cat\/baixpenedes\/wp-json\/wp\/v2\/pages\/5401"}],"wp:attachment":[{"href":"https:\/\/serveiseducatius.xtec.cat\/baixpenedes\/wp-json\/wp\/v2\/media?parent=7491"}],"curies":[{"name":"wp","href":"https:\/\/api.w.org\/{rel}","templated":true}]}}