{"id":396,"date":"2015-10-15T09:48:50","date_gmt":"2015-10-15T08:48:50","guid":{"rendered":"http:\/\/agora.xtec.cat\/formacio\/form021\/?page_id=396"},"modified":"2020-11-04T14:15:30","modified_gmt":"2020-11-04T13:15:30","slug":"pla-de-formacio-de-zona","status":"publish","type":"page","link":"https:\/\/serveiseducatius.xtec.cat\/baixpenedes\/formacio\/pla-de-formacio-de-zona\/","title":{"rendered":"Pla de Formaci\u00f3 de Zona"},"content":{"rendered":"<h3 style=\"text-align: center;\"><span style=\"color: #000000;\"><b>PLA DE FORMACI\u00d3 DE ZONA DEL BAIX PENED\u00c8S<\/b><\/span><img loading=\"lazy\" decoding=\"async\" class=\"size-full wp-image-8301 alignleft\" style=\"font-size: 14px;\" src=\"https:\/\/serveiseducatius.xtec.cat\/baixpenedes\/wp-content\/uploads\/usu764\/2017\/02\/PFZ_gran_blanc_10.png\" alt=\"\" width=\"177\" height=\"146\" \/><\/h3>\n<h5><\/h5>\n<h5><a href=\"https:\/\/sites.google.com\/xtec.cat\/pfz-del-baix-penedes\/inici\"><span style=\"background-color: #ffff00;\">CONSULTEU EN AQUEST ENLLA\u00c7 TOTA LA INFORMACI\u00d3 DEL PFZ I EL PROC\u00c9S DE DEMANDES DELS CENTRES.<\/span><\/a><\/h5>\n<h5><\/h5>\n<p>&nbsp;<\/p>\n<p style=\"text-align: left;\">Al PFZ del Baix Pened\u00e8s li correspon donar resposta a les necessitats formatives detectades a la comarca, a partir de les propostes del Departament d&#8217;Educaci\u00f3 i de les demandes dels centres i del seu professorat, mitjan\u00e7ant la Comissi\u00f3 del PFZ del Baix Pened\u00e8s.<\/p>\n<p style=\"text-align: left;\">El <strong>Pla de Formaci\u00f3 de Zona<\/strong> \u00e9s un recurs del Departament d&#8217;Educaci\u00f3 que contribueix a l&#8217;assoliment i la millora dels projectes educatius dels centres i a l&#8217;enfortiment de les compet\u00e8ncies professionals del professorat.<\/p>\n<p style=\"text-align: left;\">El Departament d&#8217;Educaci\u00f3 estructura aquesta formaci\u00f3 en diferents \u00e0mbits de planificaci\u00f3, organitzaci\u00f3 i gesti\u00f3.<\/p>\n<p style=\"text-align: left;\">Els Plans de Formaci\u00f3 de Zona s\u00f3n el marc en qu\u00e8 es recull tota l&#8217;oferta formativa, preferentment la <em>formaci\u00f3 en centre<\/em> i <em>per a centres<\/em>, que afecta els centres educatius i\/o els docents de la seva zona.<\/p>\n<p>&nbsp;<\/p>\n","protected":false},"excerpt":{"rendered":"<p>PLA DE FORMACI\u00d3 DE ZONA DEL BAIX PENED\u00c8S CONSULTEU EN AQUEST ENLLA\u00c7 TOTA LA INFORMACI\u00d3 DEL PFZ I EL PROC\u00c9S DE DEMANDES DELS CENTRES. &nbsp; Al PFZ del Baix Pened\u00e8s li correspon donar resposta a les necessitats formatives detectades a la comarca, a partir de les propostes del Departament d&#8217;Educaci\u00f3 i de les demandes dels [&hellip;]<\/p>\n","protected":false},"author":7,"featured_media":0,"parent":4274,"menu_order":0,"comment_status":"closed","ping_status":"closed","template":"page-templates\/side-menu.php","meta":{"_bbp_topic_count":0,"_bbp_reply_count":0,"_bbp_total_topic_count":0,"_bbp_total_reply_count":0,"_bbp_voice_count":0,"_bbp_anonymous_reply_count":0,"_bbp_topic_count_hidden":0,"_bbp_reply_count_hidden":0,"_bbp_forum_subforum_count":0,"site-sidebar-layout":"default","site-content-layout":"","ast-site-content-layout":"","site-content-style":"default","site-sidebar-style":"default","ast-global-header-display":"","ast-banner-title-visibility":"","ast-main-header-display":"","ast-hfb-above-header-display":"","ast-hfb-below-header-display":"","ast-hfb-mobile-header-display":"","site-post-title":"","ast-breadcrumbs-content":"","ast-featured-img":"","footer-sml-layout":"","theme-transparent-header-meta":"","adv-header-id-meta":"","stick-header-meta":"","header-above-stick-meta":"","header-main-stick-meta":"","header-below-stick-meta":"","astra-migrate-meta-layouts":"default","ast-page-background-enabled":"default","ast-page-background-meta":{"desktop":{"background-color":"var(--ast-global-color-4)","background-image":"","background-repeat":"repeat","background-position":"center center","background-size":"auto","background-attachment":"scroll","background-type":"","background-media":"","overlay-type":"","overlay-color":"","overlay-opacity":"","overlay-gradient":""},"tablet":{"background-color":"","background-image":"","background-repeat":"repeat","background-position":"center center","background-size":"auto","background-attachment":"scroll","background-type":"","background-media":"","overlay-type":"","overlay-color":"","overlay-opacity":"","overlay-gradient":""},"mobile":{"background-color":"","background-image":"","background-repeat":"repeat","background-position":"center center","background-size":"auto","background-attachment":"scroll","background-type":"","background-media":"","overlay-type":"","overlay-color":"","overlay-opacity":"","overlay-gradient":""}},"ast-content-background-meta":{"desktop":{"background-color":"var(--ast-global-color-5)","background-image":"","background-repeat":"repeat","background-position":"center center","background-size":"auto","background-attachment":"scroll","background-type":"","background-media":"","overlay-type":"","overlay-color":"","overlay-opacity":"","overlay-gradient":""},"tablet":{"background-color":"var(--ast-global-color-5)","background-image":"","background-repeat":"repeat","background-position":"center center","background-size":"auto","background-attachment":"scroll","background-type":"","background-media":"","overlay-type":"","overlay-color":"","overlay-opacity":"","overlay-gradient":""},"mobile":{"background-color":"var(--ast-global-color-5)","background-image":"","background-repeat":"repeat","background-position":"center center","background-size":"auto","background-attachment":"scroll","background-type":"","background-media":"","overlay-type":"","overlay-color":"","overlay-opacity":"","overlay-gradient":""}},"footnotes":""},"class_list":["post-396","page","type-page","status-publish","hentry"],"post_mailing_queue_ids":[],"_links":{"self":[{"href":"https:\/\/serveiseducatius.xtec.cat\/baixpenedes\/wp-json\/wp\/v2\/pages\/396","targetHints":{"allow":["GET"]}}],"collection":[{"href":"https:\/\/serveiseducatius.xtec.cat\/baixpenedes\/wp-json\/wp\/v2\/pages"}],"about":[{"href":"https:\/\/serveiseducatius.xtec.cat\/baixpenedes\/wp-json\/wp\/v2\/types\/page"}],"author":[{"embeddable":true,"href":"https:\/\/serveiseducatius.xtec.cat\/baixpenedes\/wp-json\/wp\/v2\/users\/7"}],"replies":[{"embeddable":true,"href":"https:\/\/serveiseducatius.xtec.cat\/baixpenedes\/wp-json\/wp\/v2\/comments?post=396"}],"version-history":[{"count":3,"href":"https:\/\/serveiseducatius.xtec.cat\/baixpenedes\/wp-json\/wp\/v2\/pages\/396\/revisions"}],"predecessor-version":[{"id":13862,"href":"https:\/\/serveiseducatius.xtec.cat\/baixpenedes\/wp-json\/wp\/v2\/pages\/396\/revisions\/13862"}],"up":[{"embeddable":true,"href":"https:\/\/serveiseducatius.xtec.cat\/baixpenedes\/wp-json\/wp\/v2\/pages\/4274"}],"wp:attachment":[{"href":"https:\/\/serveiseducatius.xtec.cat\/baixpenedes\/wp-json\/wp\/v2\/media?parent=396"}],"curies":[{"name":"wp","href":"https:\/\/api.w.org\/{rel}","templated":true}]}}