{"id":39,"date":"2014-09-17T16:36:44","date_gmt":"2014-09-17T16:36:44","guid":{"rendered":"http:\/\/agora.xtec.cat\/formacio\/form021\/?page_id=39"},"modified":"2025-09-09T08:43:55","modified_gmt":"2025-09-09T06:43:55","slug":"equips","status":"publish","type":"page","link":"https:\/\/serveiseducatius.xtec.cat\/baixpenedes\/serveieducatiu\/equips\/","title":{"rendered":"Equips"},"content":{"rendered":"<div class=\"entry-content\">\n<p>Cada servei educatiu est\u00e0 format per un equip multidisciplinari:<\/p>\n<ul>\n<li><a href=\"https:\/\/serveiseducatius.xtec.cat\/baixpenedes\/serveieducatiu\/centres\/crp\/\"><strong>CRP <\/strong>(Centre de recursos pedag\u00f2gics)<\/a>:\u00a0equip que d\u00f3na\u00a0<strong>suport a l\u2019activitat pedag\u00f2gica dels centres<\/strong> i a la tasca docent de mestres i professorat, especialment, en temes de formaci\u00f3 permanent, de recursos pedag\u00f2gics i de dinamitzaci\u00f3 de projectes de centre i de la zona.<\/li>\n<li><a href=\"https:\/\/serveiseducatius.xtec.cat\/baixpenedes\/serveieducatiu\/centres\/eap\/\"><strong>EAP <\/strong>(Equip assessorament i orientaci\u00f3 psicopedag\u00f2gic)<\/a><span class=\"Apple-converted-space\">: equip<\/span>\u00a0que dona\u00a0suport al professorat i als centres educatius en la resposta a la <strong>diversitat de l\u2019alumnat<\/strong> i en relaci\u00f3 als alumnes que presenten <strong>necessitats educatives especials<\/strong>, aix\u00ed com a les seves fam\u00edlies.<\/li>\n<li><a href=\"https:\/\/serveiseducatius.xtec.cat\/baixpenedes\/serveieducatiu\/equips\/elic\/\"><strong>ELIC <\/strong>(Equip de Llengua, Interculturalitat i Cohesi\u00f3 social)<\/a>: equip d\u2019assessorament i orientaci\u00f3 en<span class=\"Apple-converted-space\">\u00a0<\/span><strong>llengua, interculturalitat i cohesi\u00f3 social<\/strong><span class=\"Apple-converted-space\">\u00a0<\/span>que donen suport al professorat en l\u2019atenci\u00f3 a la diversitat relacionada amb l\u2019alumnat, especialment procedent de la immigraci\u00f3 i\/o amb l\u2019alumnat amb risc d\u2019exclusi\u00f3 social, en l\u2019\u00e0mbit dels centres educatius i els plans educatius d\u2019entorn.<\/li>\n<li><a href=\"https:\/\/serveiseducatius.xtec.cat\/baixpenedes\/serveieducatiu\/equips\/creda\/\"><strong>CREDA<\/strong> (Centre de Recursos Educatius per a Deficients Auditius)<\/a>: \u00c9s un servei educatiu espec\u00edfic de suport a la tasca docent del professorat, pel que fa a alumnes amb greus dificultats d&#8217;audici\u00f3 i\/o llenguatge.<\/li>\n<li><a href=\"https:\/\/projectes.xtec.cat\/edc-suport\/mentoria-digital\/\"><strong>MENTORIA ROB\u00d2TICA 4.0<\/strong><\/a> :\n<div>\n<div id=\"m_-6634892894196168793gmail-center_1_1R\">\n<div id=\"m_-6634892894196168793gmail-8b852240-37bc-11ec-82e3-005056924a59\">\n<p><span lang=\"CA\">La figura del mentor o mentora 4.0 s&#8217;encarrega d\u2019assessorar i acompanyar els docents amb la finalitat de capacitar el professorat i l\u2019alumnat en compet\u00e8ncies digitals, especialment les relacionades amb el\u00a0<\/span><span lang=\"CA\">pensament computacional, la rob\u00f2tica i la programaci\u00f3<\/span><span lang=\"CA\">.<\/span><\/p>\n<\/div>\n<\/div>\n<\/div>\n<p><span lang=\"CA\">Entre les funcions de les persones mentores 4.0 destaquen:<\/span><\/p>\n<ul>\n<li><span lang=\"CA\">L\u2019assessorament als centres educatius de\u00a0<\/span><span lang=\"CA\">segon cicle d\u2019educaci\u00f3 infantil, de prim\u00e0ria i de secund\u00e0ria obligat\u00f2ria<\/span><span lang=\"CA\">\u00a0en la concreci\u00f3 del curr\u00edculum.<\/span><\/li>\n<li><span lang=\"CA\">Acompanyar els docents en la millora de la compet\u00e8ncia digital i l\u2019aplicaci\u00f3 a l\u2019aula, del pensament computacional, la rob\u00f2tica i la programaci\u00f3.<\/span><\/li>\n<\/ul>\n<p>Els mentors digitals del Baix Pened\u00e8s s\u00f3n <strong>\u00c0ngel Espinosa (<\/strong>coordinador de la mentoria i referent de l&#8217;Esc La Parellada, Esc \u00c0ngels Garriga, Ginesta i ZER Els Ceps<strong>),<\/strong>\u00a0<strong>Manel Guzm\u00e1n <\/strong>(referent centres de costa)<strong> i Anton Nin<\/strong> (referent\u00a0 centres Alt Pened\u00e8s) .<\/li>\n<li><a href=\"https:\/\/documents.espai.educacio.gencat.cat\/IPCNormativa\/DisposicionsInternes\/20250523_Resoluci%C3%B3_mentories_PCMAT.pdf\">MENTORIA PCMAT<\/a> , Dins les actuacions del programa \u201cC\u00f3digo Escuela 4.0\u201d es crea el programa temporal \u201cMentories PCMAT\u201d finan\u00e7at pel Ministeri d\u2019Educaci\u00f3, Formaci\u00f3 Professional i Esports a Catalunya en relaci\u00f3 amb la millora de la compet\u00e8ncia matem\u00e0tica.<span style=\"font-family: inherit; font-size: 1em;\">Al Baix Pened\u00e8s \u00e9s en <strong>Jordi Oliv\u00e9<\/strong>, qui assumir\u00e0 la funci\u00f3 <\/span>\u00a0<strong style=\"font-family: inherit; font-size: 1em;\">d\u2019acompanyar i\u00a0assessorar\u00a0\u00a0els centres educatius i els mestres en la implementaci\u00f3 de les compet\u00e8ncies matem\u00e0tiques a l\u2019aula, especialment les referides al pensament computacional, els llenguatges de programaci\u00f3 i la rob\u00f2tica educativa als nivells de cinqu\u00e8 i sis\u00e8 de prim\u00e0ria.<\/strong><span style=\"font-family: inherit; font-size: 1em;\">\u200b<\/span><\/li>\n<\/ul>\n<p><img loading=\"lazy\" decoding=\"async\" class=\" size-full wp-image-185 alignright\" src=\"http:\/\/agora.xtec.cat\/se-baixllobregat6\/wp-content\/uploads\/usu778\/2014\/09\/ampa.png\" alt=\"ampa\" width=\"315\" height=\"126\" srcset=\"https:\/\/serveiseducatius.xtec.cat\/baixpenedes\/wp-content\/uploads\/usu764\/2014\/09\/ampa.png 315w, https:\/\/serveiseducatius.xtec.cat\/baixpenedes\/wp-content\/uploads\/usu764\/2014\/09\/ampa-300x120.png 300w\" sizes=\"auto, (max-width: 315px) 100vw, 315px\" \/><\/p>\n<\/div>\n<ul>\n<li><a href=\"http:\/\/serveiseducatius.xtec.cat\/baixpenedes\/serveiseducatius\/centres\/camp-daprenentatge\/\">CdA PAU CASALS\u00a0<\/a><\/li>\n<\/ul>\n<p>&nbsp;<\/p>\n","protected":false},"excerpt":{"rendered":"<p>Cada servei educatiu est\u00e0 format per un equip multidisciplinari: CRP (Centre de recursos pedag\u00f2gics):\u00a0equip que d\u00f3na\u00a0suport a l\u2019activitat pedag\u00f2gica dels centres i a la tasca docent de mestres i professorat, especialment, en temes de formaci\u00f3 permanent, de recursos pedag\u00f2gics i de dinamitzaci\u00f3 de projectes de centre i de la zona. EAP (Equip assessorament i orientaci\u00f3 [&hellip;]<\/p>\n","protected":false},"author":1,"featured_media":0,"parent":19,"menu_order":2,"comment_status":"closed","ping_status":"closed","template":"page-templates\/side-menu.php","meta":{"_bbp_topic_count":0,"_bbp_reply_count":0,"_bbp_total_topic_count":0,"_bbp_total_reply_count":0,"_bbp_voice_count":0,"_bbp_anonymous_reply_count":0,"_bbp_topic_count_hidden":0,"_bbp_reply_count_hidden":0,"_bbp_forum_subforum_count":0,"site-sidebar-layout":"default","site-content-layout":"","ast-site-content-layout":"","site-content-style":"default","site-sidebar-style":"default","ast-global-header-display":"","ast-banner-title-visibility":"","ast-main-header-display":"","ast-hfb-above-header-display":"","ast-hfb-below-header-display":"","ast-hfb-mobile-header-display":"","site-post-title":"","ast-breadcrumbs-content":"","ast-featured-img":"","footer-sml-layout":"","theme-transparent-header-meta":"","adv-header-id-meta":"","stick-header-meta":"","header-above-stick-meta":"","header-main-stick-meta":"","header-below-stick-meta":"","astra-migrate-meta-layouts":"default","ast-page-background-enabled":"default","ast-page-background-meta":{"desktop":{"background-color":"var(--ast-global-color-4)","background-image":"","background-repeat":"repeat","background-position":"center center","background-size":"auto","background-attachment":"scroll","background-type":"","background-media":"","overlay-type":"","overlay-color":"","overlay-opacity":"","overlay-gradient":""},"tablet":{"background-color":"","background-image":"","background-repeat":"repeat","background-position":"center center","background-size":"auto","background-attachment":"scroll","background-type":"","background-media":"","overlay-type":"","overlay-color":"","overlay-opacity":"","overlay-gradient":""},"mobile":{"background-color":"","background-image":"","background-repeat":"repeat","background-position":"center center","background-size":"auto","background-attachment":"scroll","background-type":"","background-media":"","overlay-type":"","overlay-color":"","overlay-opacity":"","overlay-gradient":""}},"ast-content-background-meta":{"desktop":{"background-color":"var(--ast-global-color-5)","background-image":"","background-repeat":"repeat","background-position":"center center","background-size":"auto","background-attachment":"scroll","background-type":"","background-media":"","overlay-type":"","overlay-color":"","overlay-opacity":"","overlay-gradient":""},"tablet":{"background-color":"var(--ast-global-color-5)","background-image":"","background-repeat":"repeat","background-position":"center center","background-size":"auto","background-attachment":"scroll","background-type":"","background-media":"","overlay-type":"","overlay-color":"","overlay-opacity":"","overlay-gradient":""},"mobile":{"background-color":"var(--ast-global-color-5)","background-image":"","background-repeat":"repeat","background-position":"center center","background-size":"auto","background-attachment":"scroll","background-type":"","background-media":"","overlay-type":"","overlay-color":"","overlay-opacity":"","overlay-gradient":""}},"footnotes":""},"class_list":["post-39","page","type-page","status-publish","hentry"],"post_mailing_queue_ids":[],"_links":{"self":[{"href":"https:\/\/serveiseducatius.xtec.cat\/baixpenedes\/wp-json\/wp\/v2\/pages\/39","targetHints":{"allow":["GET"]}}],"collection":[{"href":"https:\/\/serveiseducatius.xtec.cat\/baixpenedes\/wp-json\/wp\/v2\/pages"}],"about":[{"href":"https:\/\/serveiseducatius.xtec.cat\/baixpenedes\/wp-json\/wp\/v2\/types\/page"}],"author":[{"embeddable":true,"href":"https:\/\/serveiseducatius.xtec.cat\/baixpenedes\/wp-json\/wp\/v2\/users\/1"}],"replies":[{"embeddable":true,"href":"https:\/\/serveiseducatius.xtec.cat\/baixpenedes\/wp-json\/wp\/v2\/comments?post=39"}],"version-history":[{"count":6,"href":"https:\/\/serveiseducatius.xtec.cat\/baixpenedes\/wp-json\/wp\/v2\/pages\/39\/revisions"}],"predecessor-version":[{"id":20882,"href":"https:\/\/serveiseducatius.xtec.cat\/baixpenedes\/wp-json\/wp\/v2\/pages\/39\/revisions\/20882"}],"up":[{"embeddable":true,"href":"https:\/\/serveiseducatius.xtec.cat\/baixpenedes\/wp-json\/wp\/v2\/pages\/19"}],"wp:attachment":[{"href":"https:\/\/serveiseducatius.xtec.cat\/baixpenedes\/wp-json\/wp\/v2\/media?parent=39"}],"curies":[{"name":"wp","href":"https:\/\/api.w.org\/{rel}","templated":true}]}}