{"id":2549,"date":"2016-02-24T10:50:12","date_gmt":"2016-02-24T09:50:12","guid":{"rendered":"http:\/\/serveiseducatius.xtec.cat\/se-baixpenedes\/?page_id=2549"},"modified":"2017-06-23T12:57:49","modified_gmt":"2017-06-23T10:57:49","slug":"apps","status":"publish","type":"page","link":"https:\/\/serveiseducatius.xtec.cat\/baixpenedes\/recursos\/recursos-tic\/apps\/","title":{"rendered":"APPs"},"content":{"rendered":"<p>Les tauletes (Android 4.4.2), duen les apps per defecte d&#8217;aquest sistema i a m\u00e9s s&#8217;han instal\u00b7lat les que estan referenciades en el Taller Obert &#8220;<strong><a href=\"https:\/\/sites.google.com\/a\/xtec.cat\/taller-obert-mobils\/\" target=\"_blank\" rel=\"nofollow\">dispositius m\u00f2bils<\/a><\/strong>&#8221; a l&#8217;aula, de la xarxa <strong><a href=\"http:\/\/educat.xtec.cat\/\" rel=\"nofollow\">Educat<\/a><\/strong>. Tamb\u00e9 s&#8217;incorporen apps referenciades a <strong><a href=\"https:\/\/sites.google.com\/a\/xtec.cat\/crpaltcamp\/portada\/plataformaeducativatoolbox\" target=\"_blank\">Toolbox<\/a><\/strong>.<\/p>\n<p>Tanmateix en qualsevol moment es poden afegir les app que el professorat consideri oportunes i adequades per al seu treball a l&#8217;aula, sempre i quan no siguin de pagament.<\/p>\n<p>Totes les tauletes tenen dos usuaris, un administrador, i un alumne. L&#8217;acc\u00e9s a l&#8217;usuari administrador amb contrasenya, i l&#8217;alumne sense. L&#8217;administrador d\u00f3na permisos sobre quines de les aplicacions pot usar l&#8217;alumne. Aquest procediment que \u00e9s r\u00e0pid es fa des de l&#8217;opci\u00f3 usuaris. L&#8217;alumne mai t\u00e9 acc\u00e9s a dades de configuraci\u00f3.<\/p>\n<p><strong>Podeu consultar totes les aplicacions de qu\u00e8 disposa cada tauleta, en la seg\u00fcent taula:<\/strong><\/p>\n<h2 style=\"color: green;\">Taula d&#8217;Apps<\/h2>\n<table style=\"width: 100%;\">\n<tbody>\n<tr>\n<td style=\"text-align: center;\" width=\"300px\" height=\"50px\"><strong><a href=\"http:\/\/serveiseducatius.xtec.cat\/baixpenedes\/recursos\/altres-recursos\/apps\/apps-imatge-2\/\">\u00a0Imatge<\/a><\/strong><\/td>\n<td width=\"300px\" height=\"50px\"><center><strong><a href=\"http:\/\/serveiseducatius.xtec.cat\/baixpenedes\/recursos\/altres-recursos\/apps\/apps-video\/\">V\u00eddeo<\/a><\/strong><\/center><\/td>\n<td width=\"300px\" height=\"50px\"><center><strong><a href=\"http:\/\/serveiseducatius.xtec.cat\/baixpenedes\/recursos\/altres-recursos\/apps\/apps-audio\/\">Audio<\/a><\/strong><\/center><\/td>\n<td width=\"300px\" height=\"50px\"><center><strong><a href=\"http:\/\/serveiseducatius.xtec.cat\/baixpenedes\/recursos\/altres-recursos\/apps\/apps-ofimatica\/\">Ofim\u00e0tica<\/a><\/strong><\/center><\/td>\n<\/tr>\n<tr>\n<td width=\"300px\" height=\"50px\"><center><strong><a href=\"http:\/\/serveiseducatius.xtec.cat\/baixpenedes\/recursos\/altres-recursos\/apps\/apps-qr\/\">Codi QR<\/a><\/strong><\/center><\/td>\n<td width=\"300px\" height=\"50px\"><center><strong><a href=\"http:\/\/serveiseducatius.xtec.cat\/baixpenedes\/recursos\/altres-recursos\/apps\/apps-educatives\/\">Educatives<\/a><\/strong><\/center><\/td>\n<td width=\"300px\" height=\"50px\"><center><strong><a href=\"http:\/\/serveiseducatius.xtec.cat\/baixpenedes\/recursos\/altres-recursos\/apps\/altres-apps\/\">Altres Apps<\/a><\/strong><\/center><\/td>\n<td width=\"300px\" height=\"50px\"><\/td>\n<\/tr>\n<\/tbody>\n<\/table>\n","protected":false},"excerpt":{"rendered":"<p>Les tauletes (Android 4.4.2), duen les apps per defecte d&#8217;aquest sistema i a m\u00e9s s&#8217;han instal\u00b7lat les que estan referenciades en el Taller Obert &#8220;dispositius m\u00f2bils&#8221; a l&#8217;aula, de la xarxa Educat. Tamb\u00e9 s&#8217;incorporen apps referenciades a Toolbox. Tanmateix en qualsevol moment es poden afegir les app que el professorat consideri oportunes i adequades per [&hellip;]<\/p>\n","protected":false},"author":7,"featured_media":0,"parent":6459,"menu_order":0,"comment_status":"closed","ping_status":"closed","template":"page-templates\/side-menu.php","meta":{"_bbp_topic_count":0,"_bbp_reply_count":0,"_bbp_total_topic_count":0,"_bbp_total_reply_count":0,"_bbp_voice_count":0,"_bbp_anonymous_reply_count":0,"_bbp_topic_count_hidden":0,"_bbp_reply_count_hidden":0,"_bbp_forum_subforum_count":0,"site-sidebar-layout":"default","site-content-layout":"","ast-site-content-layout":"","site-content-style":"default","site-sidebar-style":"default","ast-global-header-display":"","ast-banner-title-visibility":"","ast-main-header-display":"","ast-hfb-above-header-display":"","ast-hfb-below-header-display":"","ast-hfb-mobile-header-display":"","site-post-title":"","ast-breadcrumbs-content":"","ast-featured-img":"","footer-sml-layout":"","theme-transparent-header-meta":"","adv-header-id-meta":"","stick-header-meta":"","header-above-stick-meta":"","header-main-stick-meta":"","header-below-stick-meta":"","astra-migrate-meta-layouts":"default","ast-page-background-enabled":"default","ast-page-background-meta":{"desktop":{"background-color":"var(--ast-global-color-4)","background-image":"","background-repeat":"repeat","background-position":"center center","background-size":"auto","background-attachment":"scroll","background-type":"","background-media":"","overlay-type":"","overlay-color":"","overlay-opacity":"","overlay-gradient":""},"tablet":{"background-color":"","background-image":"","background-repeat":"repeat","background-position":"center center","background-size":"auto","background-attachment":"scroll","background-type":"","background-media":"","overlay-type":"","overlay-color":"","overlay-opacity":"","overlay-gradient":""},"mobile":{"background-color":"","background-image":"","background-repeat":"repeat","background-position":"center center","background-size":"auto","background-attachment":"scroll","background-type":"","background-media":"","overlay-type":"","overlay-color":"","overlay-opacity":"","overlay-gradient":""}},"ast-content-background-meta":{"desktop":{"background-color":"var(--ast-global-color-5)","background-image":"","background-repeat":"repeat","background-position":"center center","background-size":"auto","background-attachment":"scroll","background-type":"","background-media":"","overlay-type":"","overlay-color":"","overlay-opacity":"","overlay-gradient":""},"tablet":{"background-color":"var(--ast-global-color-5)","background-image":"","background-repeat":"repeat","background-position":"center center","background-size":"auto","background-attachment":"scroll","background-type":"","background-media":"","overlay-type":"","overlay-color":"","overlay-opacity":"","overlay-gradient":""},"mobile":{"background-color":"var(--ast-global-color-5)","background-image":"","background-repeat":"repeat","background-position":"center center","background-size":"auto","background-attachment":"scroll","background-type":"","background-media":"","overlay-type":"","overlay-color":"","overlay-opacity":"","overlay-gradient":""}},"footnotes":""},"class_list":["post-2549","page","type-page","status-publish","hentry"],"post_mailing_queue_ids":[],"_links":{"self":[{"href":"https:\/\/serveiseducatius.xtec.cat\/baixpenedes\/wp-json\/wp\/v2\/pages\/2549","targetHints":{"allow":["GET"]}}],"collection":[{"href":"https:\/\/serveiseducatius.xtec.cat\/baixpenedes\/wp-json\/wp\/v2\/pages"}],"about":[{"href":"https:\/\/serveiseducatius.xtec.cat\/baixpenedes\/wp-json\/wp\/v2\/types\/page"}],"author":[{"embeddable":true,"href":"https:\/\/serveiseducatius.xtec.cat\/baixpenedes\/wp-json\/wp\/v2\/users\/7"}],"replies":[{"embeddable":true,"href":"https:\/\/serveiseducatius.xtec.cat\/baixpenedes\/wp-json\/wp\/v2\/comments?post=2549"}],"version-history":[{"count":4,"href":"https:\/\/serveiseducatius.xtec.cat\/baixpenedes\/wp-json\/wp\/v2\/pages\/2549\/revisions"}],"predecessor-version":[{"id":5664,"href":"https:\/\/serveiseducatius.xtec.cat\/baixpenedes\/wp-json\/wp\/v2\/pages\/2549\/revisions\/5664"}],"up":[{"embeddable":true,"href":"https:\/\/serveiseducatius.xtec.cat\/baixpenedes\/wp-json\/wp\/v2\/pages\/6459"}],"wp:attachment":[{"href":"https:\/\/serveiseducatius.xtec.cat\/baixpenedes\/wp-json\/wp\/v2\/media?parent=2549"}],"curies":[{"name":"wp","href":"https:\/\/api.w.org\/{rel}","templated":true}]}}