{"id":2148,"date":"2016-02-16T12:33:59","date_gmt":"2016-02-16T11:33:59","guid":{"rendered":"http:\/\/serveiseducatius.xtec.cat\/se-baixpenedes\/?page_id=2148"},"modified":"2020-04-05T18:00:18","modified_gmt":"2020-04-05T16:00:18","slug":"apadrinem-el-nostre-patrimoni","status":"publish","type":"page","link":"https:\/\/serveiseducatius.xtec.cat\/baixpenedes\/dinamitzacio\/apadrinem-el-nostre-patrimoni\/","title":{"rendered":"Apadrinem el nostre patrimoni"},"content":{"rendered":"<p><strong><a href=\"http:\/\/xtec.gencat.cat\/ca\/projectes\/apadrinemnostrepatrimoni\/\" target=\"_blank\" rel=\"noopener noreferrer\"><img loading=\"lazy\" decoding=\"async\" class=\"alignleft wp-image-6535 size-full\" src=\"http:\/\/serveiseducatius.xtec.cat\/baixpenedes\/wp-content\/uploads\/usu764\/2016\/02\/apadrinem-167x167.png_1740014637.png\" alt=\"apadrinem-167x167-png_1740014637\" width=\"167\" height=\"167\" srcset=\"https:\/\/serveiseducatius.xtec.cat\/baixpenedes\/wp-content\/uploads\/usu764\/2016\/02\/apadrinem-167x167.png_1740014637.png 167w, https:\/\/serveiseducatius.xtec.cat\/baixpenedes\/wp-content\/uploads\/usu764\/2016\/02\/apadrinem-167x167.png_1740014637-150x150.png 150w\" sizes=\"auto, (max-width: 167px) 100vw, 167px\" \/><\/a>Projecte Apadrinem el nostre patrimoni:<\/strong> <a href=\"http:\/\/xtec.gencat.cat\/ca\/projectes\/apadrinemnostrepatrimoni\/\" target=\"_blank\" rel=\"noopener noreferrer\">http:\/\/xtec.gencat.cat\/ca\/projectes\/apadrinemnostrepatrimoni\/<\/a><\/p>\n<p><strong>El coneixement del patrimoni local des d\u2019un punt de vista hist\u00f2ric, art\u00edstic, cultural, natural i cient\u00edfic \u00e9s important per fomentar la implicaci\u00f3 dels alumnes en el territori i la societat. El programa Apadrinem el nostre patrimoni es basa en la idea de l\u2019apadrinament per part d\u2019un centre educatiu d\u2019un element del patrimoni monumental, cultural immaterial o natural.<\/strong><\/p>\n<p>&nbsp;<\/p>\n<p>El programa: Apadrinem el nostre patrimoni es basa en la idea de l\u2019apadrinament d\u2019un element del patrimoni monumental, del patrimoni cultural immaterial o del patrimoni natural, per part d\u2019un centre educatiu.<\/p>\n<p>L\u2019apadrinament implica que el centre educatiu inclogui en el seu Projecte Educatiu de Centre el coneixement i l\u2019estudi d\u2019un element patrimonial del seu entorn \u00a0local o comarcal com a centre d\u2019inter\u00e8s per a un o tots els seus nivells educatius.<\/p>\n<p>El coneixement del patrimoni local des d\u2019un punt de vista hist\u00f2ric, art\u00edstic, cultural, natural i cient\u00edfic \u00e9s important per fomentar la implicaci\u00f3 dels alumnes en el territori i la societat i, en darrer terme, per promoure l\u2019exercici d\u2019una ciutadania cr\u00edtica i responsable.<\/p>\n<p>El projecte des d\u2019un punt de vista pedag\u00f2gic, facilita que l\u2019alumnat assoleixi les compet\u00e8ncies b\u00e0siques del coneixement art\u00edstic, social, cultural, cient\u00edfic i hist\u00f2ric, en promoure la utilitzaci\u00f3, per part del professorat, d\u2019una metodologia activa, en la qual l\u2019alumne \u00e9s el protagonista del seu propi proc\u00e9s d\u2019aprenentatge.<\/p>\n<p><a href=\"http:\/\/mhm.mobileworldcapital.com\/\" target=\"_blank\" rel=\"noopener noreferrer\">Mobile History Map (MHM)<\/a> permet incorporar els apadrinaments en una plataforma consultable des del web i des d&#8217;una <a href=\"https:\/\/play.google.com\/store\/apps\/details?id=com.itinerarium.mhm\" target=\"_blank\" rel=\"noopener noreferrer\">app Android<\/a> o una <a href=\"https:\/\/itunes.apple.com\/es\/app\/mobile-history-map\/id881510667?mt=8\" target=\"_blank\" rel=\"noopener noreferrer\">app IOS<\/a>.<\/p>\n<p><strong>Podeu consultar els elements apadrinats fins ara en el seg\u00fcent mapa o consultant el web de<\/strong> <a href=\"http:\/\/mhm.mobileworldcapital.com\/\" target=\"_blank\" rel=\"noopener noreferrer\">Mobile History Map<\/a>.<\/p>\n<p><iframe loading=\"lazy\" src=\"http:\/\/mhm.mobileworldcapital.com\/ca_ES\/escenari\/61\/mostraEscenariIframe\" width=\"960\" height=\"440\" name=\"Escenari\"><\/iframe><\/p>\n","protected":false},"excerpt":{"rendered":"<p>Projecte Apadrinem el nostre patrimoni: http:\/\/xtec.gencat.cat\/ca\/projectes\/apadrinemnostrepatrimoni\/ El coneixement del patrimoni local des d\u2019un punt de vista hist\u00f2ric, art\u00edstic, cultural, natural i cient\u00edfic \u00e9s important per fomentar la implicaci\u00f3 dels alumnes en el territori i la societat. El programa Apadrinem el nostre patrimoni es basa en la idea de l\u2019apadrinament per part d\u2019un centre educatiu d\u2019un [&hellip;]<\/p>\n","protected":false},"author":7,"featured_media":0,"parent":5401,"menu_order":0,"comment_status":"closed","ping_status":"closed","template":"page-templates\/side-menu.php","meta":{"_bbp_topic_count":0,"_bbp_reply_count":0,"_bbp_total_topic_count":0,"_bbp_total_reply_count":0,"_bbp_voice_count":0,"_bbp_anonymous_reply_count":0,"_bbp_topic_count_hidden":0,"_bbp_reply_count_hidden":0,"_bbp_forum_subforum_count":0,"site-sidebar-layout":"default","site-content-layout":"","ast-site-content-layout":"","site-content-style":"default","site-sidebar-style":"default","ast-global-header-display":"","ast-banner-title-visibility":"","ast-main-header-display":"","ast-hfb-above-header-display":"","ast-hfb-below-header-display":"","ast-hfb-mobile-header-display":"","site-post-title":"","ast-breadcrumbs-content":"","ast-featured-img":"","footer-sml-layout":"","theme-transparent-header-meta":"","adv-header-id-meta":"","stick-header-meta":"","header-above-stick-meta":"","header-main-stick-meta":"","header-below-stick-meta":"","astra-migrate-meta-layouts":"default","ast-page-background-enabled":"default","ast-page-background-meta":{"desktop":{"background-color":"var(--ast-global-color-4)","background-image":"","background-repeat":"repeat","background-position":"center center","background-size":"auto","background-attachment":"scroll","background-type":"","background-media":"","overlay-type":"","overlay-color":"","overlay-opacity":"","overlay-gradient":""},"tablet":{"background-color":"","background-image":"","background-repeat":"repeat","background-position":"center center","background-size":"auto","background-attachment":"scroll","background-type":"","background-media":"","overlay-type":"","overlay-color":"","overlay-opacity":"","overlay-gradient":""},"mobile":{"background-color":"","background-image":"","background-repeat":"repeat","background-position":"center center","background-size":"auto","background-attachment":"scroll","background-type":"","background-media":"","overlay-type":"","overlay-color":"","overlay-opacity":"","overlay-gradient":""}},"ast-content-background-meta":{"desktop":{"background-color":"var(--ast-global-color-5)","background-image":"","background-repeat":"repeat","background-position":"center center","background-size":"auto","background-attachment":"scroll","background-type":"","background-media":"","overlay-type":"","overlay-color":"","overlay-opacity":"","overlay-gradient":""},"tablet":{"background-color":"var(--ast-global-color-5)","background-image":"","background-repeat":"repeat","background-position":"center center","background-size":"auto","background-attachment":"scroll","background-type":"","background-media":"","overlay-type":"","overlay-color":"","overlay-opacity":"","overlay-gradient":""},"mobile":{"background-color":"var(--ast-global-color-5)","background-image":"","background-repeat":"repeat","background-position":"center center","background-size":"auto","background-attachment":"scroll","background-type":"","background-media":"","overlay-type":"","overlay-color":"","overlay-opacity":"","overlay-gradient":""}},"footnotes":""},"class_list":["post-2148","page","type-page","status-publish","hentry"],"post_mailing_queue_ids":[],"_links":{"self":[{"href":"https:\/\/serveiseducatius.xtec.cat\/baixpenedes\/wp-json\/wp\/v2\/pages\/2148","targetHints":{"allow":["GET"]}}],"collection":[{"href":"https:\/\/serveiseducatius.xtec.cat\/baixpenedes\/wp-json\/wp\/v2\/pages"}],"about":[{"href":"https:\/\/serveiseducatius.xtec.cat\/baixpenedes\/wp-json\/wp\/v2\/types\/page"}],"author":[{"embeddable":true,"href":"https:\/\/serveiseducatius.xtec.cat\/baixpenedes\/wp-json\/wp\/v2\/users\/7"}],"replies":[{"embeddable":true,"href":"https:\/\/serveiseducatius.xtec.cat\/baixpenedes\/wp-json\/wp\/v2\/comments?post=2148"}],"version-history":[{"count":4,"href":"https:\/\/serveiseducatius.xtec.cat\/baixpenedes\/wp-json\/wp\/v2\/pages\/2148\/revisions"}],"predecessor-version":[{"id":12910,"href":"https:\/\/serveiseducatius.xtec.cat\/baixpenedes\/wp-json\/wp\/v2\/pages\/2148\/revisions\/12910"}],"up":[{"embeddable":true,"href":"https:\/\/serveiseducatius.xtec.cat\/baixpenedes\/wp-json\/wp\/v2\/pages\/5401"}],"wp:attachment":[{"href":"https:\/\/serveiseducatius.xtec.cat\/baixpenedes\/wp-json\/wp\/v2\/media?parent=2148"}],"curies":[{"name":"wp","href":"https:\/\/api.w.org\/{rel}","templated":true}]}}

<p><strong><a href="http://xtec.gencat.cat/ca/projectes/apadrinemnostrepatrimoni/" target="_blank" rel="noopener noreferrer"><img loading="lazy" decoding="async" class="alignleft wp-image-6535 size-full" src="http://serveiseducatius.xtec.cat/baixpenedes/wp-content/uploads/usu764/2016/02/apadrinem-167x167.png_1740014637.png" alt="apadrinem-167x167-png_1740014637" width="167" height="167" srcset="https://serveiseducatius.xtec.cat/baixpenedes/wp-content/uploads/usu764/2016/02/apadrinem-167x167.png_1740014637.png 167w, https://serveiseducatius.xtec.cat/baixpenedes/wp-content/uploads/usu764/2016/02/apadrinem-167x167.png_1740014637-150x150.png 150w" sizes="auto, (max-width: 167px) 100vw, 167px" /></a>Projecte Apadrinem el nostre patrimoni:</strong> <a href="http://xtec.gencat.cat/ca/projectes/apadrinemnostrepatrimoni/" target="_blank" rel="noopener noreferrer">http://xtec.gencat.cat/ca/projectes/apadrinemnostrepatrimoni/</a></p>
<p><strong>El coneixement del patrimoni local des d’un punt de vista històric, artístic, cultural, natural i científic és important per fomentar la implicació dels alumnes en el territori i la societat. El programa Apadrinem el nostre patrimoni es basa en la idea de l’apadrinament per part d’un centre educatiu d’un element del patrimoni monumental, cultural immaterial o natural.</strong></p>
<p>&nbsp;</p>
<p>El programa: Apadrinem el nostre patrimoni es basa en la idea de l’apadrinament d’un element del patrimoni monumental, del patrimoni cultural immaterial o del patrimoni natural, per part d’un centre educatiu.</p>
<p>L’apadrinament implica que el centre educatiu inclogui en el seu Projecte Educatiu de Centre el coneixement i l’estudi d’un element patrimonial del seu entorn  local o comarcal com a centre d’interès per a un o tots els seus nivells educatius.</p>
<p>El coneixement del patrimoni local des d’un punt de vista històric, artístic, cultural, natural i científic és important per fomentar la implicació dels alumnes en el territori i la societat i, en darrer terme, per promoure l’exercici d’una ciutadania crítica i responsable.</p>
<p>El projecte des d’un punt de vista pedagògic, facilita que l’alumnat assoleixi les competències bàsiques del coneixement artístic, social, cultural, científic i històric, en promoure la utilització, per part del professorat, d’una metodologia activa, en la qual l’alumne és el protagonista del seu propi procés d’aprenentatge.</p>
<p><a href="http://mhm.mobileworldcapital.com/" target="_blank" rel="noopener noreferrer">Mobile History Map (MHM)</a> permet incorporar els apadrinaments en una plataforma consultable des del web i des d&#8217;una <a href="https://play.google.com/store/apps/details?id=com.itinerarium.mhm" target="_blank" rel="noopener noreferrer">app Android</a> o una <a href="https://itunes.apple.com/es/app/mobile-history-map/id881510667?mt=8" target="_blank" rel="noopener noreferrer">app IOS</a>.</p>
<p><strong>Podeu consultar els elements apadrinats fins ara en el següent mapa o consultant el web de</strong> <a href="http://mhm.mobileworldcapital.com/" target="_blank" rel="noopener noreferrer">Mobile History Map</a>.</p>
<p><iframe loading="lazy" src="http://mhm.mobileworldcapital.com/ca_ES/escenari/61/mostraEscenariIframe" width="960" height="440" name="Escenari"></iframe></p>

<p>Projecte Apadrinem el nostre patrimoni: http://xtec.gencat.cat/ca/projectes/apadrinemnostrepatrimoni/ El coneixement del patrimoni local des d’un punt de vista històric, artístic, cultural, natural i científic és important per fomentar la implicació dels alumnes en el territori i la societat. El programa Apadrinem el nostre patrimoni es basa en la idea de l’apadrinament per part d’un centre educatiu d’un [&hellip;]</p>
