{"id":19,"date":"2014-09-17T14:56:56","date_gmt":"2014-09-17T14:56:56","guid":{"rendered":"http:\/\/agora.xtec.cat\/formacio\/form021\/?page_id=19"},"modified":"2025-04-09T15:43:53","modified_gmt":"2025-04-09T13:43:53","slug":"serveieducatiu","status":"publish","type":"page","link":"https:\/\/serveiseducatius.xtec.cat\/baixpenedes\/serveieducatiu\/","title":{"rendered":"Servei Educatiu"},"content":{"rendered":"<p style=\"color: #444444;\"><strong>En aquesta secci\u00f3 trobareu una descripci\u00f3 general del Servei Educatiu.<\/strong><\/p>\n<p><a href=\"https:\/\/serveiseducatius.xtec.cat\/baixpenedes\/serveieducatiu\/el-servei-educatiu-del-baix-penedes\/\"><strong>Presentaci\u00f3 <\/strong><\/a><strong style=\"color: #444444;\"><a style=\"color: #2795b6;\" href=\"https:\/\/serveiseducatius.xtec.cat\/baixpenedes\/wp-content\/uploads\/usu764\/2025\/04\/Presentacio-del-SEI-Baix-Penedes.pdf\">Presentaci\u00f3 del SEI Baix Pened\u00e8s<\/a><\/strong><\/p>\n<p><strong><a href=\"https:\/\/serveiseducatius.xtec.cat\/baixpenedes\/serveieducatiu\/carta-de-serveis\/\">Carta de serveis<\/a><\/strong><\/p>\n<p><strong><a href=\"https:\/\/serveiseducatius.xtec.cat\/baixpenedes\/serveieducatiu\/centres\/\">Equips:<\/a> \u00a0 &lt;<a href=\"https:\/\/serveiseducatius.xtec.cat\/baixpenedes\/serveieducatiu\/centres\/crp\/\">CRP<\/a>&gt;\u00a0 \u00a0 &lt;<a href=\"https:\/\/serveiseducatius.xtec.cat\/baixpenedes\/serveieducatiu\/centres\/eap\/\">EAP<\/a>&gt;\u00a0 \u00a0&lt;<a href=\"https:\/\/serveiseducatius.xtec.cat\/baixpenedes\/serveieducatiu\/centres\/elic\/\">ELIC<\/a>&gt;\u00a0 \u00a0 &lt;<a href=\"https:\/\/serveiseducatius.xtec.cat\/baixpenedes\/serveieducatiu\/centres\/creda\/\">CREDA<\/a>&gt;\u00a0 \u00a0 &lt;<a href=\"https:\/\/serveiseducatius.xtec.cat\/baixpenedes\/serveieducatiu\/centres\/camp-daprenentatge\/\">Camp d&#8217;Aprenentatge<\/a>&gt;<\/strong><\/p>\n<p><strong><a href=\"https:\/\/serveiseducatius.xtec.cat\/baixpenedes\/serveieducatiu\/on-som\/\">On som<\/a><\/strong><\/p>\n<p><strong><a href=\"https:\/\/serveiseducatius.xtec.cat\/baixpenedes\/serveieducatiu\/dies-obertura\/\">Dies obertura<\/a><\/strong><\/p>\n<p><strong><a href=\"https:\/\/serveiseducatius.xtec.cat\/baixpenedes\/serveieducatiu\/horaris\/\">Horaris atenci\u00f3 i adreces electr\u00f2niques de contacte<\/a><\/strong><\/p>\n<p><strong><a href=\"https:\/\/serveiseducatius.xtec.cat\/baixpenedes\/serveieducatiu\/extensions\/\">Extensions telef\u00f2niques<\/a><\/strong><\/p>\n<p><strong><a href=\"https:\/\/serveiseducatius.xtec.cat\/baixpenedes\/serveieducatiu\/agenda\/\">Agenda<\/a><\/strong><\/p>\n<p style=\"color: #444444;\">\n","protected":false},"excerpt":{"rendered":"<p>En aquesta secci\u00f3 trobareu una descripci\u00f3 general del Servei Educatiu. Presentaci\u00f3 Presentaci\u00f3 del SEI Baix Pened\u00e8s Carta de serveis Equips: \u00a0 &lt;CRP&gt;\u00a0 \u00a0 &lt;EAP&gt;\u00a0 \u00a0&lt;ELIC&gt;\u00a0 \u00a0 &lt;CREDA&gt;\u00a0 \u00a0 &lt;Camp d&#8217;Aprenentatge&gt; On som Dies obertura Horaris atenci\u00f3 i adreces electr\u00f2niques de contacte Extensions telef\u00f2niques Agenda<\/p>\n","protected":false},"author":1,"featured_media":0,"parent":0,"menu_order":0,"comment_status":"closed","ping_status":"closed","template":"page-templates\/side-menu.php","meta":{"_bbp_topic_count":0,"_bbp_reply_count":0,"_bbp_total_topic_count":0,"_bbp_total_reply_count":0,"_bbp_voice_count":0,"_bbp_anonymous_reply_count":0,"_bbp_topic_count_hidden":0,"_bbp_reply_count_hidden":0,"_bbp_forum_subforum_count":0,"site-sidebar-layout":"default","site-content-layout":"","ast-site-content-layout":"","site-content-style":"default","site-sidebar-style":"default","ast-global-header-display":"","ast-banner-title-visibility":"","ast-main-header-display":"","ast-hfb-above-header-display":"","ast-hfb-below-header-display":"","ast-hfb-mobile-header-display":"","site-post-title":"","ast-breadcrumbs-content":"","ast-featured-img":"","footer-sml-layout":"","theme-transparent-header-meta":"","adv-header-id-meta":"","stick-header-meta":"","header-above-stick-meta":"","header-main-stick-meta":"","header-below-stick-meta":"","astra-migrate-meta-layouts":"default","ast-page-background-enabled":"default","ast-page-background-meta":{"desktop":{"background-color":"var(--ast-global-color-4)","background-image":"","background-repeat":"repeat","background-position":"center center","background-size":"auto","background-attachment":"scroll","background-type":"","background-media":"","overlay-type":"","overlay-color":"","overlay-opacity":"","overlay-gradient":""},"tablet":{"background-color":"","background-image":"","background-repeat":"repeat","background-position":"center center","background-size":"auto","background-attachment":"scroll","background-type":"","background-media":"","overlay-type":"","overlay-color":"","overlay-opacity":"","overlay-gradient":""},"mobile":{"background-color":"","background-image":"","background-repeat":"repeat","background-position":"center center","background-size":"auto","background-attachment":"scroll","background-type":"","background-media":"","overlay-type":"","overlay-color":"","overlay-opacity":"","overlay-gradient":""}},"ast-content-background-meta":{"desktop":{"background-color":"var(--ast-global-color-5)","background-image":"","background-repeat":"repeat","background-position":"center center","background-size":"auto","background-attachment":"scroll","background-type":"","background-media":"","overlay-type":"","overlay-color":"","overlay-opacity":"","overlay-gradient":""},"tablet":{"background-color":"var(--ast-global-color-5)","background-image":"","background-repeat":"repeat","background-position":"center center","background-size":"auto","background-attachment":"scroll","background-type":"","background-media":"","overlay-type":"","overlay-color":"","overlay-opacity":"","overlay-gradient":""},"mobile":{"background-color":"var(--ast-global-color-5)","background-image":"","background-repeat":"repeat","background-position":"center center","background-size":"auto","background-attachment":"scroll","background-type":"","background-media":"","overlay-type":"","overlay-color":"","overlay-opacity":"","overlay-gradient":""}},"footnotes":""},"class_list":["post-19","page","type-page","status-publish","hentry"],"post_mailing_queue_ids":[],"_links":{"self":[{"href":"https:\/\/serveiseducatius.xtec.cat\/baixpenedes\/wp-json\/wp\/v2\/pages\/19","targetHints":{"allow":["GET"]}}],"collection":[{"href":"https:\/\/serveiseducatius.xtec.cat\/baixpenedes\/wp-json\/wp\/v2\/pages"}],"about":[{"href":"https:\/\/serveiseducatius.xtec.cat\/baixpenedes\/wp-json\/wp\/v2\/types\/page"}],"author":[{"embeddable":true,"href":"https:\/\/serveiseducatius.xtec.cat\/baixpenedes\/wp-json\/wp\/v2\/users\/1"}],"replies":[{"embeddable":true,"href":"https:\/\/serveiseducatius.xtec.cat\/baixpenedes\/wp-json\/wp\/v2\/comments?post=19"}],"version-history":[{"count":6,"href":"https:\/\/serveiseducatius.xtec.cat\/baixpenedes\/wp-json\/wp\/v2\/pages\/19\/revisions"}],"predecessor-version":[{"id":20349,"href":"https:\/\/serveiseducatius.xtec.cat\/baixpenedes\/wp-json\/wp\/v2\/pages\/19\/revisions\/20349"}],"wp:attachment":[{"href":"https:\/\/serveiseducatius.xtec.cat\/baixpenedes\/wp-json\/wp\/v2\/media?parent=19"}],"curies":[{"name":"wp","href":"https:\/\/api.w.org\/{rel}","templated":true}]}}