{"id":13646,"date":"2020-09-26T19:26:06","date_gmt":"2020-09-26T17:26:06","guid":{"rendered":"http:\/\/serveiseducatius.xtec.cat\/baixpenedes\/?page_id=13646"},"modified":"2025-09-30T13:29:08","modified_gmt":"2025-09-30T11:29:08","slug":"extensions","status":"publish","type":"page","link":"https:\/\/serveiseducatius.xtec.cat\/baixpenedes\/serveieducatiu\/extensions\/","title":{"rendered":"Extensions telef\u00f2niques"},"content":{"rendered":"<p>Tel\u00e8fon de contacte: <strong>977663360<\/strong><\/p>\n<p>Per contactar amb una extensi\u00f3, consulteu pr\u00e8viament l&#8217;<a href=\"https:\/\/serveiseducatius.xtec.cat\/baixpenedes\/serveieducatiu\/horaris\/\">horari d&#8217;atenci\u00f3 de cada equip<\/a>.<\/p>\n<table dir=\"ltr\" style=\"width: 32.2386%; height: 1204px;\" border=\"1\" cellspacing=\"0\" cellpadding=\"0\">\n<colgroup>\n<col width=\"114\" \/>\n<col width=\"148\" \/>\n<col width=\"65\" \/><\/colgroup>\n<tbody>\n<tr style=\"height: 33px;\">\n<td style=\"width: 162px; height: 33px;\" data-sheets-value=\"{&quot;1&quot;:2,&quot;2&quot;:&quot;Professional&quot;}\"><strong>Professional<\/strong><\/td>\n<td style=\"width: 180px; height: 33px;\" data-sheets-value=\"{&quot;1&quot;:2,&quot;2&quot;:&quot;Equip&quot;}\"><strong>Equip<\/strong><\/td>\n<td style=\"width: 94px; height: 33px;\" data-sheets-value=\"{&quot;1&quot;:2,&quot;2&quot;:&quot;Extensi\u00f3&quot;}\"><strong>Extensi\u00f3<\/strong><\/td>\n<\/tr>\n<tr style=\"height: 33px;\">\n<td style=\"width: 162px; height: 33px;\" data-sheets-value=\"{&quot;1&quot;:2,&quot;2&quot;:&quot;Administrativa&quot;}\">Administratiu<\/td>\n<td style=\"width: 180px; height: 33px;\" data-sheets-value=\"{&quot;1&quot;:2,&quot;2&quot;:&quot;Administraci\u00f3&quot;}\">Administraci\u00f3<\/td>\n<td style=\"width: 94px; height: 33px;\" data-sheets-value=\"{&quot;1&quot;:3,&quot;3&quot;:100}\">100<\/td>\n<\/tr>\n<tr style=\"height: 33px;\">\n<td style=\"width: 162px; height: 33px;\" data-sheets-value=\"{&quot;1&quot;:2,&quot;2&quot;:&quot;Josep Bofarull&quot;}\">Josep Bofarull<\/td>\n<td style=\"width: 180px; height: 33px;\" data-sheets-value=\"{&quot;1&quot;:2,&quot;2&quot;:&quot;CRP director&quot;}\">CRP director<\/td>\n<td style=\"width: 94px; height: 33px;\" data-sheets-value=\"{&quot;1&quot;:3,&quot;3&quot;:101}\">101<\/td>\n<\/tr>\n<tr style=\"height: 33px;\">\n<td style=\"width: 162px; height: 33px;\" data-sheets-value=\"{&quot;1&quot;:2,&quot;2&quot;:&quot;Laura Carbonell&quot;}\">Laura Carbonell<\/td>\n<td style=\"width: 180px; height: 33px;\" data-sheets-value=\"{&quot;1&quot;:2,&quot;2&quot;:&quot;CRP&quot;}\">CRP<\/td>\n<td style=\"width: 94px; height: 33px;\" data-sheets-value=\"{&quot;1&quot;:3,&quot;3&quot;:102}\">102<\/td>\n<\/tr>\n<tr style=\"height: 33px;\">\n<td style=\"width: 162px; height: 33px;\" data-sheets-value=\"{&quot;1&quot;:2,&quot;2&quot;:&quot;Llu\u00efsa Forjan&quot;}\">Llu\u00efsa Forjan<\/td>\n<td style=\"width: 180px; height: 33px;\" data-sheets-value=\"{&quot;1&quot;:2,&quot;2&quot;:&quot;CRP&quot;}\">CRP<\/td>\n<td style=\"width: 94px; height: 33px;\" data-sheets-value=\"{&quot;1&quot;:3,&quot;3&quot;:103}\">103<\/td>\n<\/tr>\n<tr style=\"height: 33px;\">\n<td style=\"width: 162px; height: 33px;\"><span data-sheets-root=\"1\">Laura Pradas\u00a0<\/span><\/td>\n<td style=\"width: 180px; height: 33px;\">CRP-Educadora Social<\/td>\n<td style=\"width: 94px; height: 33px;\">127<\/td>\n<\/tr>\n<tr style=\"height: 33px;\">\n<td style=\"width: 162px; height: 33px;\">Laia Comas<\/td>\n<td style=\"width: 180px; height: 33px;\">EAP directora<\/td>\n<td style=\"width: 94px; height: 33px;\">119<\/td>\n<\/tr>\n<tr style=\"height: 33px;\">\n<td style=\"width: 162px; height: 33px;\" data-sheets-value=\"{&quot;1&quot;:2,&quot;2&quot;:&quot;Laura Santiago&quot;}\">M\u00f3nica Ortiz<\/td>\n<td style=\"width: 180px; height: 33px;\" data-sheets-value=\"{&quot;1&quot;:2,&quot;2&quot;:&quot;EAP Fisioterapeuta&quot;}\">EAP Fisioterapeuta<\/td>\n<td style=\"width: 94px; height: 99px;\" rowspan=\"3\" data-sheets-value=\"{&quot;1&quot;:3,&quot;3&quot;:113}\">114<\/td>\n<\/tr>\n<tr style=\"height: 33px;\">\n<td style=\"width: 162px; height: 33px;\" data-sheets-value=\"{&quot;1&quot;:2,&quot;2&quot;:&quot;Fisio 1 \/ Roser Roig&quot;}\">Roser Roig<\/td>\n<td style=\"width: 180px; height: 33px;\" data-sheets-value=\"{&quot;1&quot;:2,&quot;2&quot;:&quot;EAP Fisioterapeuta&quot;}\">EAP Fisioterapeuta<\/td>\n<\/tr>\n<tr style=\"height: 33px;\">\n<td style=\"width: 162px; height: 33px;\">Antoni Girona<\/td>\n<td style=\"width: 180px; height: 33px;\">EAP fisioterapeuta<\/td>\n<\/tr>\n<tr style=\"height: 33px;\">\n<td style=\"width: 162px; height: 33px;\" data-sheets-value=\"{&quot;1&quot;:2,&quot;2&quot;:&quot;Olga Carmen&quot;}\">Olga Carmen<\/td>\n<td style=\"width: 180px; height: 33px;\" data-sheets-value=\"{&quot;1&quot;:2,&quot;2&quot;:&quot;EAP Treballadora social&quot;}\">EAP Treballadora social<\/td>\n<td style=\"width: 94px; height: 33px;\" data-sheets-value=\"{&quot;1&quot;:3,&quot;3&quot;:115}\">115<\/td>\n<\/tr>\n<tr style=\"height: 33px;\">\n<td style=\"width: 162px; height: 33px;\" data-sheets-value=\"{&quot;1&quot;:2,&quot;2&quot;:&quot;Treball Social 1&quot;}\">Fernanda Rubio<\/td>\n<td style=\"width: 180px; height: 33px;\" data-sheets-value=\"{&quot;1&quot;:2,&quot;2&quot;:&quot;EAP Treballadora social&quot;}\">EAP Treballadora social<\/td>\n<td style=\"width: 94px; height: 33px;\" data-sheets-value=\"{&quot;1&quot;:3,&quot;3&quot;:116}\">116<\/td>\n<\/tr>\n<tr style=\"height: 33px;\">\n<td style=\"width: 162px; height: 33px;\">Neus Angl\u00e8s<\/td>\n<td style=\"width: 180px; height: 33px;\">EAP Psicopedagoga<\/td>\n<td style=\"width: 94px; height: 33px;\">117<\/td>\n<\/tr>\n<tr style=\"height: 33px;\">\n<td style=\"width: 162px; height: 33px;\">\u00a0D\u00e8lia Bernat<\/td>\n<td style=\"width: 180px; height: 33px;\">EAP Psicopedagoga<\/td>\n<td style=\"width: 94px; height: 33px;\">123<\/td>\n<\/tr>\n<tr style=\"height: 33px;\">\n<td style=\"width: 162px; height: 33px;\" data-sheets-value=\"{&quot;1&quot;:2,&quot;2&quot;:&quot;Sandra Moreno&quot;}\">M\u00edriam Bujald\u00f3n<\/td>\n<td style=\"width: 180px; height: 33px;\" data-sheets-value=\"{&quot;1&quot;:2,&quot;2&quot;:&quot;EAP Psicopedagoga&quot;}\">EAP Psicopedagoga<\/td>\n<td style=\"width: 94px; height: 33px;\" data-sheets-value=\"{&quot;1&quot;:3,&quot;3&quot;:117}\">121<\/td>\n<\/tr>\n<tr style=\"height: 33px;\">\n<td style=\"width: 162px; height: 33px;\" data-sheets-value=\"{&quot;1&quot;:2,&quot;2&quot;:&quot;Ester Soriano&quot;}\">\u00a0Fina Codina<\/td>\n<td style=\"width: 180px; height: 33px;\" data-sheets-value=\"{&quot;1&quot;:2,&quot;2&quot;:&quot;EAP Psicopedagoga&quot;}\">EAP Psicopedagoga<\/td>\n<td style=\"width: 94px; height: 33px;\" data-sheets-value=\"{&quot;1&quot;:3,&quot;3&quot;:118}\">122<\/td>\n<\/tr>\n<tr style=\"height: 33px;\">\n<td style=\"width: 162px; height: 33px;\">Olivia Gaspar<\/td>\n<td style=\"width: 180px; height: 33px;\">EAP Psicopedagoga<\/td>\n<td style=\"width: 94px; height: 33px;\">120<\/td>\n<\/tr>\n<tr style=\"height: 33px;\">\n<td style=\"width: 162px; height: 33px;\" data-sheets-value=\"{&quot;1&quot;:2,&quot;2&quot;:&quot;M\u00f2nica Vidal&quot;}\">Sandra Moreno<\/td>\n<td style=\"width: 180px; height: 33px;\" data-sheets-value=\"{&quot;1&quot;:2,&quot;2&quot;:&quot;EAP Psicopedagoga&quot;}\">EAP Psicopedagoga<\/td>\n<td style=\"width: 94px; height: 99px;\" rowspan=\"3\" data-sheets-value=\"{&quot;1&quot;:3,&quot;3&quot;:121}\">128<\/td>\n<\/tr>\n<tr style=\"height: 33px;\">\n<td style=\"width: 162px; height: 33px;\" data-sheets-value=\"{&quot;1&quot;:2,&quot;2&quot;:&quot;Francesca Ruiz&quot;}\">\u00a0Paqui Ruiz<\/td>\n<td style=\"width: 180px; height: 33px;\" data-sheets-value=\"{&quot;1&quot;:2,&quot;2&quot;:&quot;EAP Psicopedagoga&quot;}\">EAP Psicopedagoga<\/td>\n<\/tr>\n<tr style=\"height: 33px;\">\n<td style=\"width: 162px; height: 33px;\">Esther Soriano<\/td>\n<td style=\"width: 180px; height: 33px;\">EAP Psicopedagoga<\/td>\n<\/tr>\n<tr style=\"height: 33px;\">\n<td style=\"width: 162px; height: 33px;\">\u00a0Lourdes Vall\u00e8s<\/td>\n<td style=\"width: 180px; height: 33px;\">EAP Psicopedagoga<\/td>\n<td style=\"width: 94px; height: 33px;\">124<\/td>\n<\/tr>\n<tr style=\"height: 33px;\">\n<td style=\"width: 162px; height: 33px;\" data-sheets-value=\"{&quot;1&quot;:2,&quot;2&quot;:&quot;Aleix Rom&quot;}\">Imma Badell<\/td>\n<td style=\"width: 180px; height: 33px;\" data-sheets-value=\"{&quot;1&quot;:2,&quot;2&quot;:&quot;ELIC&quot;}\">Referent ELIC<\/td>\n<td style=\"width: 94px; height: 132px;\" rowspan=\"4\" data-sheets-value=\"{&quot;1&quot;:3,&quot;3&quot;:108}\">108 i 109<\/td>\n<\/tr>\n<tr style=\"height: 33px;\">\n<td style=\"width: 162px; height: 33px;\" data-sheets-value=\"{&quot;1&quot;:2,&quot;2&quot;:&quot;Mia Balsells&quot;}\">Anna Ibarz<\/td>\n<td style=\"width: 180px; height: 33px;\" data-sheets-value=\"{&quot;1&quot;:2,&quot;2&quot;:&quot;ELIC&quot;}\">ALIC<\/td>\n<\/tr>\n<tr style=\"height: 33px;\">\n<td style=\"width: 162px; height: 33px;\">Elena Monfort<\/td>\n<td style=\"width: 180px; height: 33px;\">ALIC<\/td>\n<\/tr>\n<tr style=\"height: 33px;\">\n<td style=\"width: 162px; height: 33px;\">S\u00f2nia Ventosa<\/td>\n<td style=\"width: 180px; height: 33px;\">ALIC<\/td>\n<\/tr>\n<tr style=\"height: 33px;\">\n<td style=\"width: 162px; height: 33px;\" data-sheets-value=\"{&quot;1&quot;:2,&quot;2&quot;:&quot;\u00c0ngels Ace\u00f1a&quot;}\">\u00c0ngels Ace\u00f1a<\/td>\n<td style=\"width: 180px; height: 33px;\" data-sheets-value=\"{&quot;1&quot;:2,&quot;2&quot;:&quot;CREDA&quot;}\">Directora CREDA<\/td>\n<td style=\"width: 94px; height: 198px;\" rowspan=\"6\" data-sheets-value=\"{&quot;1&quot;:3,&quot;3&quot;:110}\">110<\/td>\n<\/tr>\n<tr style=\"height: 33px;\">\n<td style=\"width: 162px; height: 33px;\" data-sheets-value=\"{&quot;1&quot;:2,&quot;2&quot;:&quot;Elena Alonso&quot;}\">Elena Alonso<\/td>\n<td style=\"width: 180px; height: 33px;\" data-sheets-value=\"{&quot;1&quot;:2,&quot;2&quot;:&quot;CREDA&quot;}\">CREDA<\/td>\n<\/tr>\n<tr style=\"height: 33px;\">\n<td style=\"width: 162px; height: 33px;\">Montse Cunillera<\/td>\n<td style=\"width: 180px; height: 33px;\">CREDA<\/td>\n<\/tr>\n<tr style=\"height: 33px;\">\n<td style=\"width: 162px; height: 33px;\">Anna Huertas<\/td>\n<td style=\"width: 180px; height: 33px;\">CREDA<\/td>\n<\/tr>\n<tr style=\"height: 33px;\">\n<td style=\"width: 162px; height: 33px;\">Maite P\u00e0mies<\/td>\n<td style=\"width: 180px; height: 33px;\">CREDA<\/td>\n<\/tr>\n<tr style=\"height: 33px;\">\n<td style=\"width: 162px; height: 33px;\">Maite Raurich<\/td>\n<td style=\"width: 180px; height: 33px;\">CREDA<\/td>\n<\/tr>\n<tr style=\"height: 49px;\">\n<td style=\"width: 162px; height: 49px;\">\u00c0ngel Espinosa<\/td>\n<td style=\"width: 180px; height: 49px;\">Coordinador Mentor Rob\u00f2tica 4.0<\/td>\n<td style=\"width: 94px; height: 82px;\" rowspan=\"3\"><\/td>\n<\/tr>\n<tr style=\"height: 33px;\">\n<td style=\"width: 162px; height: 33px;\">Manel Guzm\u00e1n<\/td>\n<td style=\"width: 180px; height: 33px;\">Mentor Rob\u00f2tica 4.0<\/td>\n<\/tr>\n<tr style=\"height: 33px;\">\n<td style=\"width: 162px; height: 33px;\">Anton Nin<\/td>\n<td style=\"width: 180px; height: 33px;\">Mentor rob\u00f2tica 4.0<\/td>\n<\/tr>\n<tr style=\"height: 33px;\">\n<td style=\"width: 162px; height: 33px;\">Jordi Oliv\u00e9<\/td>\n<td style=\"width: 180px; height: 33px;\">Mentor PCmat<\/td>\n<td style=\"width: 94px; height: 33px;\"><\/td>\n<\/tr>\n<tr style=\"height: 33px;\">\n<td style=\"width: 162px; height: 33px;\">Inspectors\/-es<\/td>\n<td style=\"width: 180px; height: 33px;\">Inspecci\u00f3<\/td>\n<td style=\"width: 94px; height: 33px;\">106 i 125<\/td>\n<\/tr>\n<\/tbody>\n<\/table>\n","protected":false},"excerpt":{"rendered":"<p>Tel\u00e8fon de contacte: 977663360 Per contactar amb una extensi\u00f3, consulteu pr\u00e8viament l&#8217;horari d&#8217;atenci\u00f3 de cada equip. Professional Equip Extensi\u00f3 Administratiu Administraci\u00f3 100 Josep Bofarull CRP director 101 Laura Carbonell CRP 102 Llu\u00efsa Forjan CRP 103 Laura Pradas\u00a0 CRP-Educadora Social 127 Laia Comas EAP directora 119 M\u00f3nica Ortiz EAP Fisioterapeuta 114 Roser Roig EAP Fisioterapeuta Antoni [&hellip;]<\/p>\n","protected":false},"author":7,"featured_media":0,"parent":19,"menu_order":6,"comment_status":"closed","ping_status":"closed","template":"page-templates\/side-menu.php","meta":{"_bbp_topic_count":0,"_bbp_reply_count":0,"_bbp_total_topic_count":0,"_bbp_total_reply_count":0,"_bbp_voice_count":0,"_bbp_anonymous_reply_count":0,"_bbp_topic_count_hidden":0,"_bbp_reply_count_hidden":0,"_bbp_forum_subforum_count":0,"site-sidebar-layout":"default","site-content-layout":"","ast-site-content-layout":"","site-content-style":"default","site-sidebar-style":"default","ast-global-header-display":"","ast-banner-title-visibility":"","ast-main-header-display":"","ast-hfb-above-header-display":"","ast-hfb-below-header-display":"","ast-hfb-mobile-header-display":"","site-post-title":"","ast-breadcrumbs-content":"","ast-featured-img":"","footer-sml-layout":"","theme-transparent-header-meta":"","adv-header-id-meta":"","stick-header-meta":"","header-above-stick-meta":"","header-main-stick-meta":"","header-below-stick-meta":"","astra-migrate-meta-layouts":"default","ast-page-background-enabled":"default","ast-page-background-meta":{"desktop":{"background-color":"var(--ast-global-color-4)","background-image":"","background-repeat":"repeat","background-position":"center center","background-size":"auto","background-attachment":"scroll","background-type":"","background-media":"","overlay-type":"","overlay-color":"","overlay-opacity":"","overlay-gradient":""},"tablet":{"background-color":"","background-image":"","background-repeat":"repeat","background-position":"center center","background-size":"auto","background-attachment":"scroll","background-type":"","background-media":"","overlay-type":"","overlay-color":"","overlay-opacity":"","overlay-gradient":""},"mobile":{"background-color":"","background-image":"","background-repeat":"repeat","background-position":"center center","background-size":"auto","background-attachment":"scroll","background-type":"","background-media":"","overlay-type":"","overlay-color":"","overlay-opacity":"","overlay-gradient":""}},"ast-content-background-meta":{"desktop":{"background-color":"var(--ast-global-color-5)","background-image":"","background-repeat":"repeat","background-position":"center center","background-size":"auto","background-attachment":"scroll","background-type":"","background-media":"","overlay-type":"","overlay-color":"","overlay-opacity":"","overlay-gradient":""},"tablet":{"background-color":"var(--ast-global-color-5)","background-image":"","background-repeat":"repeat","background-position":"center center","background-size":"auto","background-attachment":"scroll","background-type":"","background-media":"","overlay-type":"","overlay-color":"","overlay-opacity":"","overlay-gradient":""},"mobile":{"background-color":"var(--ast-global-color-5)","background-image":"","background-repeat":"repeat","background-position":"center center","background-size":"auto","background-attachment":"scroll","background-type":"","background-media":"","overlay-type":"","overlay-color":"","overlay-opacity":"","overlay-gradient":""}},"footnotes":""},"class_list":["post-13646","page","type-page","status-publish","hentry"],"post_mailing_queue_ids":[],"_links":{"self":[{"href":"https:\/\/serveiseducatius.xtec.cat\/baixpenedes\/wp-json\/wp\/v2\/pages\/13646","targetHints":{"allow":["GET"]}}],"collection":[{"href":"https:\/\/serveiseducatius.xtec.cat\/baixpenedes\/wp-json\/wp\/v2\/pages"}],"about":[{"href":"https:\/\/serveiseducatius.xtec.cat\/baixpenedes\/wp-json\/wp\/v2\/types\/page"}],"author":[{"embeddable":true,"href":"https:\/\/serveiseducatius.xtec.cat\/baixpenedes\/wp-json\/wp\/v2\/users\/7"}],"replies":[{"embeddable":true,"href":"https:\/\/serveiseducatius.xtec.cat\/baixpenedes\/wp-json\/wp\/v2\/comments?post=13646"}],"version-history":[{"count":7,"href":"https:\/\/serveiseducatius.xtec.cat\/baixpenedes\/wp-json\/wp\/v2\/pages\/13646\/revisions"}],"predecessor-version":[{"id":21063,"href":"https:\/\/serveiseducatius.xtec.cat\/baixpenedes\/wp-json\/wp\/v2\/pages\/13646\/revisions\/21063"}],"up":[{"embeddable":true,"href":"https:\/\/serveiseducatius.xtec.cat\/baixpenedes\/wp-json\/wp\/v2\/pages\/19"}],"wp:attachment":[{"href":"https:\/\/serveiseducatius.xtec.cat\/baixpenedes\/wp-json\/wp\/v2\/media?parent=13646"}],"curies":[{"name":"wp","href":"https:\/\/api.w.org\/{rel}","templated":true}]}}