{"id":12958,"date":"2020-04-05T18:13:09","date_gmt":"2020-04-05T16:13:09","guid":{"rendered":"http:\/\/serveiseducatius.xtec.cat\/baixpenedes\/?page_id=12958"},"modified":"2022-02-23T09:42:33","modified_gmt":"2022-02-23T08:42:33","slug":"pee-vendrell","status":"publish","type":"page","link":"https:\/\/serveiseducatius.xtec.cat\/baixpenedes\/entorn\/pee-vendrell\/","title":{"rendered":"PEE Vendrell"},"content":{"rendered":"<p><strong>Pla Educatiu d&#8217;Entorn del Vendrell<\/strong><\/p>\n<h3><strong><span style=\"background-color: #ffff00;\"><a style=\"background-color: #ffff00;\" href=\"https:\/\/peevendrell.blogspot.com\/\" target=\"_blank\" rel=\"noopener\">BLOC DEL PEE VENDRELL AMB TOTA LA INFORMACI\u00d3 ACTUALITZADA<\/a><\/span><br \/>\n<\/strong><\/h3>\n<h6><a href=\"http:\/\/serveiseducatius.xtec.cat\/baixpenedes\/wp-content\/uploads\/usu764\/2018\/09\/PRESENTACI\u00d3-PEE-2017-2018.ppt\">Qu\u00e8 \u00e9s el PEE?<\/a><\/h6>\n<p style=\"text-align: justify;\"><a href=\"http:\/\/peevendrell.blogspot.com.es\/\" target=\"_blank\" rel=\"noopener noreferrer\"><img loading=\"lazy\" decoding=\"async\" class=\"alignleft wp-image-5923\" src=\"http:\/\/serveiseducatius.xtec.cat\/baixpenedes\/wp-content\/uploads\/usu764\/2016\/02\/pla-educatiu-dentorn-300x177.jpg\" alt=\"pla-educatiu-dentorn\" width=\"231\" height=\"136\" srcset=\"https:\/\/serveiseducatius.xtec.cat\/baixpenedes\/wp-content\/uploads\/usu764\/2016\/02\/pla-educatiu-dentorn-300x177.jpg 300w, https:\/\/serveiseducatius.xtec.cat\/baixpenedes\/wp-content\/uploads\/usu764\/2016\/02\/pla-educatiu-dentorn.jpg 379w\" sizes=\"auto, (max-width: 231px) 100vw, 231px\" \/><\/a><\/p>\n<p style=\"text-align: justify;\">Es tracta d&#8217;una iniciativa de cooperaci\u00f3 educativa que vol promoure la cohesi\u00f3 social mitjan\u00e7ant l&#8217;educaci\u00f3 intercultural i l&#8217;\u00fas de la llengua catalana en un marc multiling\u00fce entre el Departament d&#8217;Ensenyament de la Generalitat de Catalunya i la regidoria d&#8217;educaci\u00f3 de l&#8217;Ajuntament del Vendrell amb la participaci\u00f3 d&#8217;entitats de la vila, en la qual la funci\u00f3 educativa i socila de l&#8217;aprenentatge supera l&#8217;\u00e0mbit del sistema educatiu i esdev\u00e9 una responsabilitat col\u00b7lectiva.<\/p>\n<p style=\"text-align: justify;\">\u00c9s una proposta educativa i innovadora que vol donar resposta a les necessitats de la nostra societat. una responsabilitat a l&#8217;hora de promoure h\u00e0bits, valors i capacitats que ens ajudin a construir una ciutadania preparada per al m\u00f3n complex i divers del que formen part.<\/p>\n<p style=\"text-align: justify;\">\u00c9s tota la societat que ha de ser educadora, i els Plans educatius d&#8217;entorn s\u00f3n un refor\u00e7 important per a la xarxa de relacions humanes i educatives.<\/p>\n<p>El Pla Educatiu del Vendrell a les xarxes socials:<\/p>\n<div>\n<div><img loading=\"lazy\" decoding=\"async\" class=\"CToWUd\" src=\"https:\/\/mail.google.com\/mail\/u\/0?ui=2&amp;ik=c6f619f4c2&amp;attid=0.2&amp;permmsgid=msg-f:1657511717349858480&amp;th=1700aa2003af9cb0&amp;view=fimg&amp;sz=s0-l75-ft&amp;attbid=ANGjdJ9NiQFXxiEJx3MsGPvTjy_jYWyoFacsmF_zgW6X_1rubK2EA4Ctc9UDivkkB7sAL9kZ9wWokMcu0pmmsa03iPuF_E9Gp-3_2q3rrsogd6oZaiAAIAkZT7dvrIc&amp;disp=emb&amp;realattid=ii_k669bp1s3\" alt=\"FACEBOOK 3.jpg\" width=\"29\" height=\"29\" data-image-whitelisted=\"\" \/>\u00a0<a href=\"https:\/\/www.facebook.com\/Pla-Educatiu-dEntorn-Vendrell-1537170629913944\/?ref=br_rs\" target=\"_blank\" rel=\"noopener noreferrer\" data-saferedirecturl=\"https:\/\/www.google.com\/url?q=https:\/\/www.facebook.com\/Pla-Educatiu-dEntorn-Vendrell-1537170629913944\/?ref%3Dbr_rs&amp;source=gmail&amp;ust=1586165535797000&amp;usg=AFQjCNFKZDP_yk0bQ4pkyHxkCAJLMnk6Sg\">Pla Educatiu d&#8217;Entorn Vendrell<\/a><\/div>\n<div><img loading=\"lazy\" decoding=\"async\" class=\"CToWUd\" src=\"https:\/\/mail.google.com\/mail\/u\/0?ui=2&amp;ik=c6f619f4c2&amp;attid=0.4&amp;permmsgid=msg-f:1657511717349858480&amp;th=1700aa2003af9cb0&amp;view=fimg&amp;sz=s0-l75-ft&amp;attbid=ANGjdJ_wnx2ml8IQ5ejJUXaWEzBJFzd8rqu2ndPkMnw_cs_rUldIIAEuey-rf0p0EzNO-DjSBE-C-SAbaOeFA9Wd7FRb71dDwlgabrZkVZfcv-ghpgAe95d0i9hSb44&amp;disp=emb&amp;realattid=ii_k669gtre4\" alt=\"TWITTER.png\" width=\"36\" height=\"36\" data-image-whitelisted=\"\" \/><a href=\"https:\/\/twitter.com\/educatiu\" target=\"_blank\" rel=\"noopener noreferrer\" data-saferedirecturl=\"https:\/\/www.google.com\/url?q=https:\/\/twitter.com\/educatiu&amp;source=gmail&amp;ust=1586165535797000&amp;usg=AFQjCNGdIOuPx5Gvdtp3e1O_wmN0uk6QyA\">https:\/\/twitter.com\/educatiu<\/a><\/div>\n<div><\/div>\n<div>\n<div><img loading=\"lazy\" decoding=\"async\" class=\"CToWUd\" src=\"https:\/\/mail.google.com\/mail\/u\/0?ui=2&amp;ik=c6f619f4c2&amp;attid=0.3&amp;permmsgid=msg-f:1657511717349858480&amp;th=1700aa2003af9cb0&amp;view=fimg&amp;sz=s0-l75-ft&amp;attbid=ANGjdJ-2vkPL3XHhZM6cCvsK9d-mbQZ1BjCDmmobRjFjyWJIIyvG8osMNU0ScU194ZevZAiSdTChBak40oPkfnWxXl_vNA6BFjqUxOGv7KQzqH6I8RpagHXvHY0DhWk&amp;disp=emb&amp;realattid=ii_k669iqxs5\" alt=\"INSTAGRAM 4.jpg\" width=\"31\" height=\"31\" data-image-whitelisted=\"\" \/>\u00a0<a href=\"https:\/\/www.instagram.com\/peevendrell\/\" target=\"_blank\" rel=\"noopener noreferrer\" data-saferedirecturl=\"https:\/\/www.google.com\/url?q=https:\/\/www.instagram.com\/peevendrell\/&amp;source=gmail&amp;ust=1586165535797000&amp;usg=AFQjCNHoWY5DvhUAXcwyd3P2tqG_65jASw\">https:\/\/www.instagram.com\/<wbr \/>peevendrell\/<\/a><\/div>\n<div><\/div>\n<\/div>\n<\/div>\n<div><img loading=\"lazy\" decoding=\"async\" class=\"CToWUd\" src=\"https:\/\/mail.google.com\/mail\/u\/0?ui=2&amp;ik=c6f619f4c2&amp;attid=0.1&amp;permmsgid=msg-f:1657511717349858480&amp;th=1700aa2003af9cb0&amp;view=fimg&amp;sz=s0-l75-ft&amp;attbid=ANGjdJ89fXVoRRtc2Yiu8gBi5QZSBxfIw_pcycuC8FL-1uDBIbuwuHDTrbd4N_CWmBBtuKZPNzHJHWNaRmrinaLJlZ-NU-EbTpWCrdHJ6cR5s1sKtq3Gz6ARjQhldbg&amp;disp=emb&amp;realattid=ii_k669q7920\" alt=\"Blogger-01.jpg\" width=\"32\" height=\"32\" data-image-whitelisted=\"\" \/>\u00a0<a href=\"https:\/\/peevendrell.blogspot.com\/\" target=\"_blank\" rel=\"noopener noreferrer\" data-saferedirecturl=\"https:\/\/www.google.com\/url?q=https:\/\/peevendrell.blogspot.com\/&amp;source=gmail&amp;ust=1586165535797000&amp;usg=AFQjCNGlcXPQ9Pd2aaO76TZARlSESn6VOA\">https:\/\/peevendrell.blogspot.<wbr \/>com\/<\/a><\/div>\n<div><\/div>\n<p>&nbsp;<\/p>\n<h3><a href=\"http:\/\/serveiseducatius.xtec.cat\/baixpenedes\/categoria\/comunitat\/pee\/\">Not\u00edcies del pla educatiu d&#8217;entorn<\/a><\/h3>\n<p><a href=\"http:\/\/www.elvendrelleduca.cat\/index.php\/pla-educatiu-d-entorn\" target=\"_blank\" rel=\"noopener noreferrer\">Regiduria d&#8217;Educaci\u00f3 de l&#8217;Ajuntament del Vendrell<\/a><\/p>\n","protected":false},"excerpt":{"rendered":"<p>Pla Educatiu d&#8217;Entorn del Vendrell BLOC DEL PEE VENDRELL AMB TOTA LA INFORMACI\u00d3 ACTUALITZADA Qu\u00e8 \u00e9s el PEE? Es tracta d&#8217;una iniciativa de cooperaci\u00f3 educativa que vol promoure la cohesi\u00f3 social mitjan\u00e7ant l&#8217;educaci\u00f3 intercultural i l&#8217;\u00fas de la llengua catalana en un marc multiling\u00fce entre el Departament d&#8217;Ensenyament de la Generalitat de Catalunya i la [&hellip;]<\/p>\n","protected":false},"author":7,"featured_media":0,"parent":2007,"menu_order":0,"comment_status":"closed","ping_status":"closed","template":"page-templates\/side-menu.php","meta":{"_bbp_topic_count":0,"_bbp_reply_count":0,"_bbp_total_topic_count":0,"_bbp_total_reply_count":0,"_bbp_voice_count":0,"_bbp_anonymous_reply_count":0,"_bbp_topic_count_hidden":0,"_bbp_reply_count_hidden":0,"_bbp_forum_subforum_count":0,"site-sidebar-layout":"default","site-content-layout":"","ast-site-content-layout":"","site-content-style":"default","site-sidebar-style":"default","ast-global-header-display":"","ast-banner-title-visibility":"","ast-main-header-display":"","ast-hfb-above-header-display":"","ast-hfb-below-header-display":"","ast-hfb-mobile-header-display":"","site-post-title":"","ast-breadcrumbs-content":"","ast-featured-img":"","footer-sml-layout":"","theme-transparent-header-meta":"","adv-header-id-meta":"","stick-header-meta":"","header-above-stick-meta":"","header-main-stick-meta":"","header-below-stick-meta":"","astra-migrate-meta-layouts":"default","ast-page-background-enabled":"default","ast-page-background-meta":{"desktop":{"background-color":"var(--ast-global-color-4)","background-image":"","background-repeat":"repeat","background-position":"center center","background-size":"auto","background-attachment":"scroll","background-type":"","background-media":"","overlay-type":"","overlay-color":"","overlay-opacity":"","overlay-gradient":""},"tablet":{"background-color":"","background-image":"","background-repeat":"repeat","background-position":"center center","background-size":"auto","background-attachment":"scroll","background-type":"","background-media":"","overlay-type":"","overlay-color":"","overlay-opacity":"","overlay-gradient":""},"mobile":{"background-color":"","background-image":"","background-repeat":"repeat","background-position":"center center","background-size":"auto","background-attachment":"scroll","background-type":"","background-media":"","overlay-type":"","overlay-color":"","overlay-opacity":"","overlay-gradient":""}},"ast-content-background-meta":{"desktop":{"background-color":"var(--ast-global-color-5)","background-image":"","background-repeat":"repeat","background-position":"center center","background-size":"auto","background-attachment":"scroll","background-type":"","background-media":"","overlay-type":"","overlay-color":"","overlay-opacity":"","overlay-gradient":""},"tablet":{"background-color":"var(--ast-global-color-5)","background-image":"","background-repeat":"repeat","background-position":"center center","background-size":"auto","background-attachment":"scroll","background-type":"","background-media":"","overlay-type":"","overlay-color":"","overlay-opacity":"","overlay-gradient":""},"mobile":{"background-color":"var(--ast-global-color-5)","background-image":"","background-repeat":"repeat","background-position":"center center","background-size":"auto","background-attachment":"scroll","background-type":"","background-media":"","overlay-type":"","overlay-color":"","overlay-opacity":"","overlay-gradient":""}},"footnotes":""},"class_list":["post-12958","page","type-page","status-publish","hentry"],"post_mailing_queue_ids":[],"_links":{"self":[{"href":"https:\/\/serveiseducatius.xtec.cat\/baixpenedes\/wp-json\/wp\/v2\/pages\/12958","targetHints":{"allow":["GET"]}}],"collection":[{"href":"https:\/\/serveiseducatius.xtec.cat\/baixpenedes\/wp-json\/wp\/v2\/pages"}],"about":[{"href":"https:\/\/serveiseducatius.xtec.cat\/baixpenedes\/wp-json\/wp\/v2\/types\/page"}],"author":[{"embeddable":true,"href":"https:\/\/serveiseducatius.xtec.cat\/baixpenedes\/wp-json\/wp\/v2\/users\/7"}],"replies":[{"embeddable":true,"href":"https:\/\/serveiseducatius.xtec.cat\/baixpenedes\/wp-json\/wp\/v2\/comments?post=12958"}],"version-history":[{"count":3,"href":"https:\/\/serveiseducatius.xtec.cat\/baixpenedes\/wp-json\/wp\/v2\/pages\/12958\/revisions"}],"predecessor-version":[{"id":15303,"href":"https:\/\/serveiseducatius.xtec.cat\/baixpenedes\/wp-json\/wp\/v2\/pages\/12958\/revisions\/15303"}],"up":[{"embeddable":true,"href":"https:\/\/serveiseducatius.xtec.cat\/baixpenedes\/wp-json\/wp\/v2\/pages\/2007"}],"wp:attachment":[{"href":"https:\/\/serveiseducatius.xtec.cat\/baixpenedes\/wp-json\/wp\/v2\/media?parent=12958"}],"curies":[{"name":"wp","href":"https:\/\/api.w.org\/{rel}","templated":true}]}}