{"id":12954,"date":"2020-04-05T18:10:03","date_gmt":"2020-04-05T16:10:03","guid":{"rendered":"http:\/\/serveiseducatius.xtec.cat\/baixpenedes\/?page_id=12954"},"modified":"2020-04-05T18:11:29","modified_gmt":"2020-04-05T16:11:29","slug":"pee-santa-oliva","status":"publish","type":"page","link":"https:\/\/serveiseducatius.xtec.cat\/baixpenedes\/entorn\/pee-santa-oliva\/","title":{"rendered":"PEE Santa Oliva"},"content":{"rendered":"<p><strong>Pla Educatiu d&#8217;Entorn de Santa Oliva<\/strong><\/p>\n<p><img loading=\"lazy\" decoding=\"async\" class=\"size-medium wp-image-8387 alignleft\" src=\"http:\/\/serveiseducatius.xtec.cat\/baixpenedes\/wp-content\/uploads\/usu764\/2016\/02\/FG005185-300x235.jpg\" alt=\"\" width=\"300\" height=\"235\" srcset=\"https:\/\/serveiseducatius.xtec.cat\/baixpenedes\/wp-content\/uploads\/usu764\/2016\/02\/FG005185-300x235.jpg 300w, https:\/\/serveiseducatius.xtec.cat\/baixpenedes\/wp-content\/uploads\/usu764\/2016\/02\/FG005185.jpg 455w\" sizes=\"auto, (max-width: 300px) 100vw, 300px\" \/>Aquest Pla \u00e9s un conjunt d\u2019actuacions encaminades a enfortir la xarxa social del poble, fomentar l\u2019\u00fas de la llengua catalana i facilitar la integraci\u00f3 social. Els PEE s\u2019adrecen a tot l\u2019alumnat i a tota la comunitat educativa, per\u00f2 amb una especial sensibilitat als sectors socials m\u00e9s desfavorits i fr\u00e0gils i a les edats m\u00e9s vulnerables per tal d\u2019assegurar-ne la igualtat d\u2019oportunitats.<\/p>\n<p>Els PEE tenen per objectius promoure la cohesi\u00f3 social a trav\u00e9s de l\u2019educaci\u00f3 intercultural, l\u2019equitat i l\u2019\u00fas de la llengua catalana; volen incrementar l\u2019\u00e8xit escolar i millorar el vincle entre les fam\u00edlies, l\u2019escola i entorn; enfortir les xarxes educatives i la participaci\u00f3 en activitats de lleure, reduint desigualtats entre col.lectius.<\/p>\n<p>El pla educatiu d\u2019entorn de Santa Oliva ha estat impulsat i liderat per l\u2019Ajuntament de Santa Oliva i el Departament d\u2019Educaci\u00f3 i Universitats, juntament amb l&#8217;escola La Parellada amb la participaci\u00f3 d\u2019entitats i agents del territori amb la voluntat de consolidar un projecte educatiu integrat.<\/p>\n<ul>\n<li><a href=\"http:\/\/www.santaoliva.cat\/ca\/arees\/educacio\/pla-educatiu-d-entorn-2016-2017\/\">Llegir m\u00e9s<\/a><\/li>\n<li><a href=\"http:\/\/www.santaoliva.cat\/santaoliva\/apartats\/index.php?apartat=181\">Blog de l&#8217;Ajuntament de Santa Oliva<\/a><\/li>\n<li><a href=\"http:\/\/serveiseducatius.xtec.cat\/baixpenedes\/categoria\/comunitat\/pee\/pee-santa-oliva\/\">Not\u00edcies<\/a><\/li>\n<\/ul>\n<p>&nbsp;<\/p>\n<p>&nbsp;<\/p>\n<p>&nbsp;<\/p>\n","protected":false},"excerpt":{"rendered":"<p>Pla Educatiu d&#8217;Entorn de Santa Oliva Aquest Pla \u00e9s un conjunt d\u2019actuacions encaminades a enfortir la xarxa social del poble, fomentar l\u2019\u00fas de la llengua catalana i facilitar la integraci\u00f3 social. Els PEE s\u2019adrecen a tot l\u2019alumnat i a tota la comunitat educativa, per\u00f2 amb una especial sensibilitat als sectors socials m\u00e9s desfavorits i fr\u00e0gils [&hellip;]<\/p>\n","protected":false},"author":7,"featured_media":0,"parent":2007,"menu_order":0,"comment_status":"closed","ping_status":"closed","template":"page-templates\/side-menu.php","meta":{"_bbp_topic_count":0,"_bbp_reply_count":0,"_bbp_total_topic_count":0,"_bbp_total_reply_count":0,"_bbp_voice_count":0,"_bbp_anonymous_reply_count":0,"_bbp_topic_count_hidden":0,"_bbp_reply_count_hidden":0,"_bbp_forum_subforum_count":0,"site-sidebar-layout":"default","site-content-layout":"","ast-site-content-layout":"","site-content-style":"default","site-sidebar-style":"default","ast-global-header-display":"","ast-banner-title-visibility":"","ast-main-header-display":"","ast-hfb-above-header-display":"","ast-hfb-below-header-display":"","ast-hfb-mobile-header-display":"","site-post-title":"","ast-breadcrumbs-content":"","ast-featured-img":"","footer-sml-layout":"","theme-transparent-header-meta":"","adv-header-id-meta":"","stick-header-meta":"","header-above-stick-meta":"","header-main-stick-meta":"","header-below-stick-meta":"","astra-migrate-meta-layouts":"default","ast-page-background-enabled":"default","ast-page-background-meta":{"desktop":{"background-color":"var(--ast-global-color-4)","background-image":"","background-repeat":"repeat","background-position":"center center","background-size":"auto","background-attachment":"scroll","background-type":"","background-media":"","overlay-type":"","overlay-color":"","overlay-opacity":"","overlay-gradient":""},"tablet":{"background-color":"","background-image":"","background-repeat":"repeat","background-position":"center center","background-size":"auto","background-attachment":"scroll","background-type":"","background-media":"","overlay-type":"","overlay-color":"","overlay-opacity":"","overlay-gradient":""},"mobile":{"background-color":"","background-image":"","background-repeat":"repeat","background-position":"center center","background-size":"auto","background-attachment":"scroll","background-type":"","background-media":"","overlay-type":"","overlay-color":"","overlay-opacity":"","overlay-gradient":""}},"ast-content-background-meta":{"desktop":{"background-color":"var(--ast-global-color-5)","background-image":"","background-repeat":"repeat","background-position":"center center","background-size":"auto","background-attachment":"scroll","background-type":"","background-media":"","overlay-type":"","overlay-color":"","overlay-opacity":"","overlay-gradient":""},"tablet":{"background-color":"var(--ast-global-color-5)","background-image":"","background-repeat":"repeat","background-position":"center center","background-size":"auto","background-attachment":"scroll","background-type":"","background-media":"","overlay-type":"","overlay-color":"","overlay-opacity":"","overlay-gradient":""},"mobile":{"background-color":"var(--ast-global-color-5)","background-image":"","background-repeat":"repeat","background-position":"center center","background-size":"auto","background-attachment":"scroll","background-type":"","background-media":"","overlay-type":"","overlay-color":"","overlay-opacity":"","overlay-gradient":""}},"footnotes":""},"class_list":["post-12954","page","type-page","status-publish","hentry"],"post_mailing_queue_ids":[],"_links":{"self":[{"href":"https:\/\/serveiseducatius.xtec.cat\/baixpenedes\/wp-json\/wp\/v2\/pages\/12954","targetHints":{"allow":["GET"]}}],"collection":[{"href":"https:\/\/serveiseducatius.xtec.cat\/baixpenedes\/wp-json\/wp\/v2\/pages"}],"about":[{"href":"https:\/\/serveiseducatius.xtec.cat\/baixpenedes\/wp-json\/wp\/v2\/types\/page"}],"author":[{"embeddable":true,"href":"https:\/\/serveiseducatius.xtec.cat\/baixpenedes\/wp-json\/wp\/v2\/users\/7"}],"replies":[{"embeddable":true,"href":"https:\/\/serveiseducatius.xtec.cat\/baixpenedes\/wp-json\/wp\/v2\/comments?post=12954"}],"version-history":[{"count":2,"href":"https:\/\/serveiseducatius.xtec.cat\/baixpenedes\/wp-json\/wp\/v2\/pages\/12954\/revisions"}],"predecessor-version":[{"id":12957,"href":"https:\/\/serveiseducatius.xtec.cat\/baixpenedes\/wp-json\/wp\/v2\/pages\/12954\/revisions\/12957"}],"up":[{"embeddable":true,"href":"https:\/\/serveiseducatius.xtec.cat\/baixpenedes\/wp-json\/wp\/v2\/pages\/2007"}],"wp:attachment":[{"href":"https:\/\/serveiseducatius.xtec.cat\/baixpenedes\/wp-json\/wp\/v2\/media?parent=12954"}],"curies":[{"name":"wp","href":"https:\/\/api.w.org\/{rel}","templated":true}]}}