{"id":889,"date":"2024-09-17T15:43:18","date_gmt":"2024-09-17T13:43:18","guid":{"rendered":"http:\/\/serveiseducatius.xtec.cat\/baixmaresme\/?page_id=889"},"modified":"2024-12-09T12:34:29","modified_gmt":"2024-12-09T11:34:29","slug":"coeducacio","status":"publish","type":"page","link":"https:\/\/serveiseducatius.xtec.cat\/baixmaresme\/recursos\/coeducacio\/","title":{"rendered":"Maletes de coeducaci\u00f3"},"content":{"rendered":"<h1 style=\"text-align: center;\"><span style=\"color: #993366;\">Maletes de coeducaci\u00f3<\/span><\/h1>\n<table class=\" aligncenter\" style=\"height: 217px; width: 808px;\">\n<tbody>\n<tr style=\"height: 247px;\">\n<td style=\"height: 217px; width: 236.8px;\"><a href=\"https:\/\/serveiseducatius.xtec.cat\/baixmaresme\/wp-content\/uploads\/usu107\/2020\/11\/infantil-i-inicial.jpg\"><img loading=\"lazy\" decoding=\"async\" class=\"aligncenter wp-image-9974\" src=\"https:\/\/serveiseducatius.xtec.cat\/baixmaresme\/wp-content\/uploads\/usu107\/2020\/11\/infantil-i-inicial-300x227.jpg\" alt=\"\" width=\"241\" height=\"182\" srcset=\"https:\/\/serveiseducatius.xtec.cat\/baixmaresme\/wp-content\/uploads\/usu107\/2020\/11\/infantil-i-inicial-300x227.jpg 300w, https:\/\/serveiseducatius.xtec.cat\/baixmaresme\/wp-content\/uploads\/usu107\/2020\/11\/infantil-i-inicial-768x580.jpg 768w, https:\/\/serveiseducatius.xtec.cat\/baixmaresme\/wp-content\/uploads\/usu107\/2020\/11\/infantil-i-inicial-1024x773.jpg 1024w, https:\/\/serveiseducatius.xtec.cat\/baixmaresme\/wp-content\/uploads\/usu107\/2020\/11\/infantil-i-inicial-200x150.jpg 200w, https:\/\/serveiseducatius.xtec.cat\/baixmaresme\/wp-content\/uploads\/usu107\/2020\/11\/infantil-i-inicial.jpg 1062w\" sizes=\"auto, (max-width: 241px) 100vw, 241px\" \/><\/a><\/td>\n<td style=\"height: 217px; width: 265.6px;\"><a href=\"https:\/\/serveiseducatius.xtec.cat\/baixmaresme\/wp-content\/uploads\/usu107\/2020\/11\/Cmitj\u00e0superior.jpg\"><img loading=\"lazy\" decoding=\"async\" class=\"aligncenter wp-image-9975\" src=\"https:\/\/serveiseducatius.xtec.cat\/baixmaresme\/wp-content\/uploads\/usu107\/2020\/11\/Cmitj\u00e0superior-300x217.jpg\" alt=\"\" width=\"233\" height=\"168\" srcset=\"https:\/\/serveiseducatius.xtec.cat\/baixmaresme\/wp-content\/uploads\/usu107\/2020\/11\/Cmitj\u00e0superior-300x217.jpg 300w, https:\/\/serveiseducatius.xtec.cat\/baixmaresme\/wp-content\/uploads\/usu107\/2020\/11\/Cmitj\u00e0superior-768x555.jpg 768w, https:\/\/serveiseducatius.xtec.cat\/baixmaresme\/wp-content\/uploads\/usu107\/2020\/11\/Cmitj\u00e0superior.jpg 1011w\" sizes=\"auto, (max-width: 233px) 100vw, 233px\" \/><\/a><\/td>\n<td style=\"height: 217px; width: 297.6px;\"><a href=\"https:\/\/serveiseducatius.xtec.cat\/baixmaresme\/wp-content\/uploads\/usu107\/2020\/11\/Eso-new.jpg\"><img loading=\"lazy\" decoding=\"async\" class=\"aligncenter wp-image-9973\" src=\"https:\/\/serveiseducatius.xtec.cat\/baixmaresme\/wp-content\/uploads\/usu107\/2020\/11\/Eso-new-300x208.jpg\" alt=\"\" width=\"260\" height=\"181\" srcset=\"https:\/\/serveiseducatius.xtec.cat\/baixmaresme\/wp-content\/uploads\/usu107\/2020\/11\/Eso-new-300x208.jpg 300w, https:\/\/serveiseducatius.xtec.cat\/baixmaresme\/wp-content\/uploads\/usu107\/2020\/11\/Eso-new-768x531.jpg 768w, https:\/\/serveiseducatius.xtec.cat\/baixmaresme\/wp-content\/uploads\/usu107\/2020\/11\/Eso-new-1024x709.jpg 1024w, https:\/\/serveiseducatius.xtec.cat\/baixmaresme\/wp-content\/uploads\/usu107\/2020\/11\/Eso-new.jpg 1227w\" sizes=\"auto, (max-width: 260px) 100vw, 260px\" \/><\/a><\/td>\n<\/tr>\n<\/tbody>\n<\/table>\n<p>Hem elaborat <strong>3 maletes de coeducaci\u00f3<\/strong> amb jocs de taula i llibres per a treballar la coeducaci\u00f3 a l&#8217;aula.<\/p>\n<p>Per fer la reserva d&#8217;una les nostres maletes, mireu al calendari i entreu <strong><a href=\"https:\/\/docs.google.com\/forms\/d\/e\/1FAIpQLSczJ8PIJFoSRhVDMB0W9sKDXe3s71ZHHfVVhj_oE2adN1jHhw\/viewform?usp=sf_link\">al formulari<\/a><\/strong> amb els vostres detalls. El per\u00edode de pr\u00e9stec habitual \u00e9s de 15 dies, prorrogable si no hi ha altres demandes. Quan acceptem la vostra demanda, apareixer\u00e0 &#8216;reservada&#8217; a la graella.<br \/>\nSi en una setmana no heu rebut cap resposta, envieu-nos un correu: a8930009@xtec.cat<br \/>\n<iframe loading=\"lazy\" src=\"https:\/\/docs.google.com\/spreadsheets\/d\/e\/2PACX-1vScN0kmkX7EOcZYXu0ISiFbIwQ99mSFGnMjYt3wdja8WuRX-ddKMDHkFOdLSp2L6Q9RWibrxoLaf4d8\/pubhtml?gid=864909701&amp;single=true&amp;widget=true&amp;headers=false\" width=\"100%\" height=\"225\"><\/iframe>;<\/p>\n<table style=\"width: 913px; height: 249px;\">\n<tbody>\n<tr style=\"height: 31px;\">\n<td style=\"width: 287px; text-align: center; height: 31px;\">\n<h3><a href=\"https:\/\/docs.google.com\/document\/d\/1Cf0C-VTbulKunQ1xzyOlBAIa12qoREYHXUiV-qeymfQ\/edit?usp=sharing\"><strong>Maleta infantil\/Cicle Inicial<\/strong><\/a><\/h3>\n<\/td>\n<td style=\"width: 320px; text-align: center; height: 31px;\">\n<h3><a href=\"https:\/\/docs.google.com\/document\/d\/1-ONFJXFFexZ8BUQ4vQtBsu_hx2cQ8qSkY-j6dxncfWo\/edit?usp=sharing\"><strong>Maleta Cicle Mitj\u00e0\/Superior<\/strong><\/a><\/h3>\n<\/td>\n<td style=\"width: 296px; text-align: center; height: 31px;\">\n<h3><a href=\"https:\/\/docs.google.com\/document\/d\/1lq4_zbUsrejy3Tm9eSGNA5cEcv9P2_ZMnVnMasHlKf0\/edit?usp=sharing\"><strong>Maleta ESO<\/strong><\/a><\/h3>\n<\/td>\n<\/tr>\n<tr style=\"height: 316px;\">\n<td style=\"width: 287px; height: 218px; text-align: center;\"><span style=\"color: #0000ff;\"><strong>Jocs<\/strong><\/span><a href=\"https:\/\/serveiseducatius.xtec.cat\/baixmaresme\/wp-content\/uploads\/usu107\/2020\/11\/Optimized-jocs-infantilcicleinicial.jpg\"><br \/>\n<img loading=\"lazy\" decoding=\"async\" class=\"size-medium wp-image-9917 aligncenter\" src=\"https:\/\/serveiseducatius.xtec.cat\/baixmaresme\/wp-content\/uploads\/usu107\/2020\/11\/lot-jocs-infant-cicleinicial-300x204.jpg\" alt=\"\" width=\"300\" height=\"204\" srcset=\"https:\/\/serveiseducatius.xtec.cat\/baixmaresme\/wp-content\/uploads\/usu107\/2020\/11\/lot-jocs-infant-cicleinicial-300x204.jpg 300w, https:\/\/serveiseducatius.xtec.cat\/baixmaresme\/wp-content\/uploads\/usu107\/2020\/11\/lot-jocs-infant-cicleinicial.jpg 663w\" sizes=\"auto, (max-width: 300px) 100vw, 300px\" \/><\/a><\/p>\n<p><span style=\"color: #0000ff;\"><strong>Llibres<\/strong><\/span><\/p>\n<p><a href=\"https:\/\/serveiseducatius.xtec.cat\/baixmaresme\/wp-content\/uploads\/usu107\/2020\/11\/Optimized-new-infantil-e1605688253583.jpg\"><img loading=\"lazy\" decoding=\"async\" class=\"aligncenter wp-image-9944 size-medium\" src=\"https:\/\/serveiseducatius.xtec.cat\/baixmaresme\/wp-content\/uploads\/usu107\/2020\/11\/Optimized-new-infantil-e1605688253583-300x206.jpg\" alt=\"\" width=\"300\" height=\"204\" \/><\/a><\/td>\n<td style=\"width: 320px; height: 218px; text-align: center;\"><span style=\"color: #0000ff;\"><strong>Jocs<\/strong><\/span><a href=\"https:\/\/serveiseducatius.xtec.cat\/baixmaresme\/wp-content\/uploads\/usu107\/2020\/11\/Optimized-lot-jocs-ciclemitj\u00e0superior-1-e1605687837789.jpg\"><br \/>\n<img loading=\"lazy\" decoding=\"async\" class=\"aligncenter wp-image-9942\" src=\"https:\/\/serveiseducatius.xtec.cat\/baixmaresme\/wp-content\/uploads\/usu107\/2020\/11\/Optimized-lot-jocs-ciclemitj\u00e0superior-1-e1605687837789-300x230.jpg\" alt=\"\" width=\"219\" height=\"168\" srcset=\"https:\/\/serveiseducatius.xtec.cat\/baixmaresme\/wp-content\/uploads\/usu107\/2020\/11\/Optimized-lot-jocs-ciclemitj\u00e0superior-1-e1605687837789-300x230.jpg 300w, https:\/\/serveiseducatius.xtec.cat\/baixmaresme\/wp-content\/uploads\/usu107\/2020\/11\/Optimized-lot-jocs-ciclemitj\u00e0superior-1-e1605687837789-768x588.jpg 768w, https:\/\/serveiseducatius.xtec.cat\/baixmaresme\/wp-content\/uploads\/usu107\/2020\/11\/Optimized-lot-jocs-ciclemitj\u00e0superior-1-e1605687837789.jpg 900w\" sizes=\"auto, (max-width: 219px) 100vw, 219px\" \/><\/a><span style=\"color: #0000ff;\"><strong>Llibres<\/strong><\/span><a href=\"https:\/\/serveiseducatius.xtec.cat\/baixmaresme\/wp-content\/uploads\/usu107\/2020\/11\/Optimized-Lot-llibre-C-mitj\u00e0-1.jpg\"><img loading=\"lazy\" decoding=\"async\" class=\"size-medium wp-image-9943 aligncenter\" src=\"https:\/\/serveiseducatius.xtec.cat\/baixmaresme\/wp-content\/uploads\/usu107\/2020\/11\/Optimized-Lot-llibre-C-mitj\u00e0-1-300x158.jpg\" alt=\"\" width=\"300\" height=\"158\" srcset=\"https:\/\/serveiseducatius.xtec.cat\/baixmaresme\/wp-content\/uploads\/usu107\/2020\/11\/Optimized-Lot-llibre-C-mitj\u00e0-1-300x158.jpg 300w, https:\/\/serveiseducatius.xtec.cat\/baixmaresme\/wp-content\/uploads\/usu107\/2020\/11\/Optimized-Lot-llibre-C-mitj\u00e0-1-768x405.jpg 768w, https:\/\/serveiseducatius.xtec.cat\/baixmaresme\/wp-content\/uploads\/usu107\/2020\/11\/Optimized-Lot-llibre-C-mitj\u00e0-1-1024x540.jpg 1024w, https:\/\/serveiseducatius.xtec.cat\/baixmaresme\/wp-content\/uploads\/usu107\/2020\/11\/Optimized-Lot-llibre-C-mitj\u00e0-1.jpg 1200w\" sizes=\"auto, (max-width: 300px) 100vw, 300px\" \/><\/a><\/td>\n<td style=\"width: 296px; height: 218px; text-align: center;\"><span style=\"color: #0000ff;\"><strong>Jocs<\/strong><\/span><a href=\"https:\/\/serveiseducatius.xtec.cat\/baixmaresme\/wp-content\/uploads\/usu107\/2020\/11\/Optimized-lot-joc-ESO-e1605687464711.jpg\"><img loading=\"lazy\" decoding=\"async\" class=\"aligncenter wp-image-9936 \" src=\"https:\/\/serveiseducatius.xtec.cat\/baixmaresme\/wp-content\/uploads\/usu107\/2020\/11\/Optimized-lot-joc-ESO-e1605687464711-300x209.jpg\" alt=\"\" width=\"251\" height=\"175\" srcset=\"https:\/\/serveiseducatius.xtec.cat\/baixmaresme\/wp-content\/uploads\/usu107\/2020\/11\/Optimized-lot-joc-ESO-e1605687464711-300x209.jpg 300w, https:\/\/serveiseducatius.xtec.cat\/baixmaresme\/wp-content\/uploads\/usu107\/2020\/11\/Optimized-lot-joc-ESO-e1605687464711-768x534.jpg 768w, https:\/\/serveiseducatius.xtec.cat\/baixmaresme\/wp-content\/uploads\/usu107\/2020\/11\/Optimized-lot-joc-ESO-e1605687464711.jpg 900w\" sizes=\"auto, (max-width: 251px) 100vw, 251px\" \/><\/a><span style=\"color: #0000ff;\"><strong>Llibres<\/strong><\/span><\/p>\n<p><a href=\"https:\/\/serveiseducatius.xtec.cat\/baixmaresme\/wp-content\/uploads\/usu107\/2020\/11\/lot-llibreta-ESO-new-e1605701973196.jpg\"><img loading=\"lazy\" decoding=\"async\" class=\"aligncenter wp-image-9953\" src=\"https:\/\/serveiseducatius.xtec.cat\/baixmaresme\/wp-content\/uploads\/usu107\/2020\/11\/lot-llibreta-ESO-new-e1605701973196-300x225.jpg\" alt=\"\" width=\"234\" height=\"175\" srcset=\"https:\/\/serveiseducatius.xtec.cat\/baixmaresme\/wp-content\/uploads\/usu107\/2020\/11\/lot-llibreta-ESO-new-e1605701973196-300x225.jpg 300w, https:\/\/serveiseducatius.xtec.cat\/baixmaresme\/wp-content\/uploads\/usu107\/2020\/11\/lot-llibreta-ESO-new-e1605701973196-200x150.jpg 200w, https:\/\/serveiseducatius.xtec.cat\/baixmaresme\/wp-content\/uploads\/usu107\/2020\/11\/lot-llibreta-ESO-new-e1605701973196-768x576.jpg 768w, https:\/\/serveiseducatius.xtec.cat\/baixmaresme\/wp-content\/uploads\/usu107\/2020\/11\/lot-llibreta-ESO-new-e1605701973196.jpg 900w\" sizes=\"auto, (max-width: 234px) 100vw, 234px\" \/><\/a><\/td>\n<\/tr>\n<\/tbody>\n<\/table>\n<p><span style=\"font-family: inherit; font-size: 1em;\">El Departament d\u2019Educaci\u00f3 tamb\u00e9 ha creat el <\/span><strong style=\"font-family: inherit; font-size: 1em;\">Programa Coeduca\u2019t.\u00a0 <\/strong><span style=\"font-family: inherit; font-size: 1em;\">Aqu\u00ed us presentem el <strong><a href=\"https:\/\/blocs.xtec.cat\/coeducacioiigualtat\/\">blog:\u00a0<\/a><\/strong><\/span><\/p>\n<p>Des del Servei Educatiu del Baix Maresme hem creat aquesta infografia amb enlla\u00e7os als materials<\/p>\n<div class=\"container-wrapper-genially\" style=\"position: relative; min-height: 400px; max-width: 100%;\">\n<p><video class=\"loader-genially\" style=\"position: absolute; top: 45%; left: 50%; transform: translate(-50%, -50%); width: 80px; height: 80px; margin-bottom: 10%;\" autoplay=\"autoplay\" loop=\"loop\" muted=\"muted\" width=\"300\" height=\"150\"><source src=\"https:\/\/static.genial.ly\/resources\/panel-loader-low.mp4\" type=\"video\/mp4\" \/>Your browser does not support the video tag.<\/video><\/p>\n<div id=\"608709f2e432860d7fecd4d9\" class=\"genially-embed\" style=\"margin: 0px auto; position: relative; height: auto; width: 100%;\"><\/div>\n<\/div>\n<p><script>(function (d) { var js, id = \"genially-embed-js\", ref = d.getElementsByTagName(\"script\")[0]; if (d.getElementById(id)) { return; } js = d.createElement(\"script\"); js.id = id; js.async = true; js.src = \"https:\/\/view.genial.ly\/static\/embed\/embed.js\"; ref.parentNode.insertBefore(js, ref); }(document));<\/script><\/p>\n","protected":false},"excerpt":{"rendered":"<p>Maletes de coeducaci\u00f3<\/p>\n<p><a href=\"https:\/\/serveiseducatius.xtec.cat\/baixmaresme\/wp-content\/uploads\/usu107\/2020\/11\/infantil-i-inicial.jpg\"><\/a><br \/>\n<a href=\"https:\/\/serveiseducatius.xtec.cat\/baixmaresme\/wp-content\/uploads\/usu107\/2020\/11\/Cmitj\u00e0superior.jpg\"><\/a><br \/>\n<a href=\"https:\/\/serveiseducatius.xtec.cat\/baixmaresme\/wp-content\/uploads\/usu107\/2020\/11\/Eso-new.jpg\"><\/a><\/p>\n<p>Hem elaborat 3 maletes de coeducaci\u00f3 amb jocs de taula i llibres per a treballar la coeducaci\u00f3 a l&#8217;aula.<br \/>\nPer fer la reserva d&#8217;una les nostres maletes, mireu al calendari i entreu <a href=\"https:\/\/docs.google.com\/forms\/d\/e\/1FAIpQLSczJ8PIJFoSRhVDMB0W9sKDXe3s71ZHHfVVhj_oE2adN1jHhw\/viewform?usp=sf_link\">al formulari<\/a> amb els vostres detalls. El per\u00edode&hellip;  <a href=\"https:\/\/serveiseducatius.xtec.cat\/baixmaresme\/recursos\/coeducacio\/\" title=\"Read Maletes de coeducaci\u00f3\">Llegeix m\u00e9s\u00bb<\/a><\/p>\n","protected":false},"author":1,"featured_media":0,"parent":906,"menu_order":0,"comment_status":"open","ping_status":"closed","template":"","meta":{"_bbp_topic_count":0,"_bbp_reply_count":0,"_bbp_total_topic_count":0,"_bbp_total_reply_count":0,"_bbp_voice_count":0,"_bbp_anonymous_reply_count":0,"_bbp_topic_count_hidden":0,"_bbp_reply_count_hidden":0,"_bbp_forum_subforum_count":0,"footnotes":""},"class_list":["post-889","page","type-page","status-publish","hentry"],"post_mailing_queue_ids":[],"_links":{"self":[{"href":"https:\/\/serveiseducatius.xtec.cat\/baixmaresme\/wp-json\/wp\/v2\/pages\/889","targetHints":{"allow":["GET"]}}],"collection":[{"href":"https:\/\/serveiseducatius.xtec.cat\/baixmaresme\/wp-json\/wp\/v2\/pages"}],"about":[{"href":"https:\/\/serveiseducatius.xtec.cat\/baixmaresme\/wp-json\/wp\/v2\/types\/page"}],"author":[{"embeddable":true,"href":"https:\/\/serveiseducatius.xtec.cat\/baixmaresme\/wp-json\/wp\/v2\/users\/1"}],"replies":[{"embeddable":true,"href":"https:\/\/serveiseducatius.xtec.cat\/baixmaresme\/wp-json\/wp\/v2\/comments?post=889"}],"version-history":[{"count":5,"href":"https:\/\/serveiseducatius.xtec.cat\/baixmaresme\/wp-json\/wp\/v2\/pages\/889\/revisions"}],"predecessor-version":[{"id":11550,"href":"https:\/\/serveiseducatius.xtec.cat\/baixmaresme\/wp-json\/wp\/v2\/pages\/889\/revisions\/11550"}],"up":[{"embeddable":true,"href":"https:\/\/serveiseducatius.xtec.cat\/baixmaresme\/wp-json\/wp\/v2\/pages\/906"}],"wp:attachment":[{"href":"https:\/\/serveiseducatius.xtec.cat\/baixmaresme\/wp-json\/wp\/v2\/media?parent=889"}],"curies":[{"name":"wp","href":"https:\/\/api.w.org\/{rel}","templated":true}]}}