{"id":416,"date":"2015-11-25T15:58:53","date_gmt":"2015-11-25T14:58:53","guid":{"rendered":"http:\/\/serveiseducatius.xtec.cat\/baixmaresme\/?page_id=416"},"modified":"2023-09-22T13:38:55","modified_gmt":"2023-09-22T11:38:55","slug":"formacio","status":"publish","type":"page","link":"https:\/\/serveiseducatius.xtec.cat\/baixmaresme\/formacio\/","title":{"rendered":"Formaci\u00f3"},"content":{"rendered":"<p>La formaci\u00f3 del professorat \u00e9s un recurs que ha de contribuir a la millora dels projectes educatius dels centres i a l\u2019enfortiment de les compet\u00e8ncies professionals del professorat.<\/p>\n<p>El Departament d\u2019Ensenyament ha establert un conjunt <a href=\"http:\/\/xtec.gencat.cat\/ca\/formacio\/info-general\/objectius-formacio\/\">d\u2019objectius de formaci\u00f3<\/a> permanent que volen donar resposta a les necessitats de formaci\u00f3 dels centres educatius, dels docents i del personal adscrit als centres del Servei d\u2019Educaci\u00f3 de Catalunya.<\/p>\n<p>El Departament d\u2019Ensenyament presenta la seva oferta formativa a la <a href=\"http:\/\/xtec.gencat.cat\/ca\/formacio\/\">secci\u00f3 de formaci\u00f3 de la XTEC<\/a>. A cadascun dels diferents apartats d\u2019aquesta p\u00e0gina i a trav\u00e9s del <a href=\"http:\/\/xtec.gencat.cat\/ca\/formacio\/info-general\/cercador-activitats\/\" target=\"_self\" rel=\"noopener noreferrer\">cercador d&#8217;activitats<\/a> es pot accedir a la informaci\u00f3 relacionada i la inscripci\u00f3 a les activitats, sempre que estigui oberta.<\/p>\n<p><strong>L\u2019oferta general d\u2019activitats<\/strong> que es realitzen durant el curs escolar es <strong>publica<\/strong> a data de <strong>15 de juliol<\/strong>. Aquesta oferta es pot complementar amb altres activitats que s\u2019aniran publicant durant el curs. La formaci\u00f3 que es realitza a\u00a0l\u2019<strong>estiu es publica al maig.<\/strong><\/p>\n<p><strong>La inscripci\u00f3 a les activitats<\/strong> de l&#8217;oferta general es realitzar\u00e0 en dos torns, un primer torn al <strong>setembre<\/strong> i un segon torn al <strong>gener<\/strong>. Al <strong>maig<\/strong> s&#8217;obre un altre per\u00edode d&#8217;inscripci\u00f3 per a la <strong>formaci\u00f3 d&#8217;estiu<\/strong>.<\/p>\n<p><strong>Les diferents modalitats formatives <\/strong>s\u00f3n:<\/p>\n<div class=\"gmail_default\">\n<ul style=\"list-style-type: disc;\">\n<li><span style=\"color: #ff6600;\"><strong><span style=\"color: #993300;\">Formaci\u00f3 en centre<\/span>.<\/strong><\/span> Formaci\u00f3 lligada a projectes de canvi o millora del centre. Requereix el comprom\u00eds de fer un treball de seguiment intern sobre la transfer\u00e8ncia a l\u2019aula del contingut de la formaci\u00f3 i la seva contribuci\u00f3 a la millora dels resultats. Modalitats:\n<ul>\n<li><span style=\"color: #ff6600;\"><strong>Assessorament<\/strong><\/span>. <span style=\"font-family: inherit; font-size: 1em; line-height: 1.6;\">Modalitat formativa amb intervenci\u00f3 d\u2019un professional, generalment extern, que s\u2019adre\u00e7a a la majoria del claustre o a un col\u00b7lectiu d\u2019un centre. \u00c9s liderat per l&#8217;equip directiu.<br \/>\n<\/span><\/p>\n<ul>\n<li>Format presencial.<\/li>\n<li>Durada total de l\u2019activitat: m\u00ednim 20 hores<br \/>\nDurada dels altres requisits: m\u00ednim 1\/3; m\u00e0xim 1\/2<\/li>\n<\/ul>\n<\/li>\n<li><span style=\"color: #ff6600;\"><strong><strong>Taller a centre. <\/strong><\/strong><\/span>Modalitat formativa de car\u00e0cter concret i pr\u00e0ctic orientat a la millora d\u2019alguna compet\u00e8ncia professional del professorat.\u00a0S\u2019adre\u00e7a a la majoria del claustre o a un col\u00b7lectiu d\u2019un centre. En general, el taller \u00e9s impartit per un professional expert.\u00a0Pot ser una proposta de taller a c\u00e0rrec d\u2019un formador del propi de centre\n<ul>\n<li>Format presencial.<\/li>\n<li>Durada total de l\u2019activitat: m\u00e0xim 15 hores<br \/>\nDurada dels altres requisits: m\u00e0xim 1\/3<\/li>\n<\/ul>\n<\/li>\n<li><span style=\"color: #ff6600;\"><strong>Formaci\u00f3 interna de centre<\/strong> (FIC).<\/span> Modalitat formativa que t\u00e9 lloc dins de cada centre educatiu, i s\u2019adre\u00e7a a la majoria del claustre o a un col\u00b7lectiu d\u2019un centre. \u00c9s liderat i dinamitzat per un equip de coordinaci\u00f3 format per tres persones del centre entre les quals almenys una \u00e9s de l\u2019equip directiu.\n<ul>\n<li>Format presencial.<\/li>\n<li>Opcions:\n<ul>\n<li style=\"list-style-type: none;\">\n<ul>\n<li style=\"list-style-type: none;\">\n<ul>\n<li><strong>Itineraris guiats<\/strong>: El Departament d\u2019Ensenyament ofereix uns itineraris guiats que contenen eines d\u2019autodiagnosi, materials de formaci\u00f3 (orientacions, activitats, enlla\u00e7os, idees clau i bibliografia), protocols i instruments d\u2019avaluaci\u00f3.\n<ul style=\"list-style-type: disc;\">\n<li>Durada total de l\u2019activitat: 45 hores<\/li>\n<li>Durada dels altres requisits: 15 hores<\/li>\n<\/ul>\n<\/li>\n<li><strong>Itineraris propis<\/strong>. Els centres que ja duen a terme un proc\u00e9s col\u00b7lectiu de reflexi\u00f3 i dinamitzaci\u00f3 interna podran optar per fer itineraris formatius propis. El CRP o la unitat responsable comprovar\u00e0 que l\u2019itinerari propi s\u2019adequa a les necessitats i les caracter\u00edstiques de la modalitat.\n<ul style=\"list-style-type: disc;\">\n<li>Durada total de l\u2019activitat: 30 hores<\/li>\n<li>Durada dels altres requisits: 10 hores<\/li>\n<\/ul>\n<\/li>\n<\/ul>\n<\/li>\n<\/ul>\n<\/li>\n<\/ul>\n<\/li>\n<\/ul>\n<\/li>\n<li><strong><span style=\"color: #ff6600;\">Visita formativa a centre:<\/span><\/strong> Modalitat formativa de car\u00e0cter concret i pr\u00e0ctic orientada a promoure un proc\u00e9s de reflexi\u00f3 sobre la pr\u00f2pia pr\u00e0ctica a partir de con\u00e8ixer i compartir experi\u00e8ncies d\u2019\u00e8xit o de bones pr\u00e0ctiques consolidades.<br \/>\nHa d\u2019implicar l\u2019equip docent i ha de conduir a la millora d\u2019algun aspecte metodol\u00f2gic, organitzatiu o de relaci\u00f3 amb l\u2019entorn.<\/li>\n<\/ul>\n<\/li>\n<\/ul>\n<\/div>\n<div class=\"gmail_default\">\n<ul>\n<li><span style=\"color: #993300;\"><strong>Formaci\u00f3 per a centres<\/strong><\/span>. Eina de suport i d\u2019enfortiment del projecte educatiu de cada entre <b>aprofitant l\u2019intercanvi pedag\u00f2gic <\/b>i la formaci\u00f3 de persones de <b>diferents centres<\/b> educatius que actuen com a <b>equips impulsor <\/b>o responsables dels seus centres. Les persones participants en la formaci\u00f3 per a centres tenen el <strong>comprom\u00eds de transferir i compartir<\/strong> el treball de la formaci\u00f3 en el seu centre. Modalitats:\n<ul>\n<li><strong><strong><span style=\"color: #ff6600;\">Seminaris de coordinaci\u00f3. <\/span><\/strong><\/strong>\u00c9s una modalitat per compartir i intercanviar projectes entre professorat de diferents centres, d\u2019etapes consecutives (infantil-prim\u00e0ria; prim\u00e0ria-secund\u00e0ria) o d\u2019una mateixa etapa. Les tem\u00e0tiques poden ser generals, d\u2019especialitat, d\u2019\u00e0rea,per c\u00e0rrec. <strong><span style=\"color: #ff6600;\"><br \/>\n<\/span><\/strong><\/p>\n<ul>\n<li>Durada total de l\u2019activitat: m\u00ednim 15 hores<br \/>\nDurada dels altres requisits: recomanat 1\/3<\/li>\n<\/ul>\n<\/li>\n<li><strong><strong><span style=\"color: #ff6600;\">Formaci\u00f3 a equips de centres<\/span>. <\/strong><\/strong>\u00c9s una modalitat de formaci\u00f3 entre centres dirigida a equips professionals de centres on almenys una persona forma part de l\u2019equip directiu.\n<ul>\n<li>Durada total de l\u2019activitat: m\u00ednim 30 hores<br \/>\nDurada dels altres requisits: m\u00ednim 1\/3 &#8211; m\u00e0xim 2\/3<\/li>\n<\/ul>\n<\/li>\n<\/ul>\n<\/li>\n<\/ul>\n<\/div>\n<div class=\"gmail_default\">\n<ul>\n<li><span style=\"color: #993300;\"><strong>Formaci\u00f3 individual<\/strong> <\/span>per al professorat de diversos centres. Inclouen\n<ul>\n<li><span style=\"color: #ff6600;\"><span style=\"color: #000000;\">Formaci\u00f3 individual impartits per persona formadora<\/span> <strong>seminaris, cursos i tallers<\/strong>.<br \/>\n<\/span><\/li>\n<li>Modalitat de reflexi\u00f3 col\u00b7lectiva entre iguals: <strong><span style=\"color: #ff6600;\">grups de treball<\/span><\/strong>.<\/li>\n<li>Modalitats de dinamitzaci\u00f3, sensibilitzaci\u00f3 i divulgaci\u00f3: <strong><span style=\"color: #ff6600;\">trobades pedag\u00f2giques, confer\u00e8ncies i taules rodones<\/span><\/strong>.<\/li>\n<\/ul>\n<\/li>\n<\/ul>\n<p>&nbsp;<\/p>\n<p>&nbsp;<\/p>\n<\/div>\n","protected":false},"excerpt":{"rendered":"<p>La formaci\u00f3 del professorat \u00e9s un recurs que ha de contribuir a la millora dels projectes educatius dels centres i a l\u2019enfortiment de les compet\u00e8ncies professionals del professorat.<br \/>\nEl Departament d\u2019Ensenyament ha establert un conjunt <a href=\"http:\/\/xtec.gencat.cat\/ca\/formacio\/info-general\/objectius-formacio\/\">d\u2019objectius de formaci\u00f3<\/a> permanent que volen donar resposta a les&hellip;  <a href=\"https:\/\/serveiseducatius.xtec.cat\/baixmaresme\/formacio\/\" title=\"Read Formaci\u00f3\">Llegeix m\u00e9s\u00bb<\/a><\/p>\n","protected":false},"author":1,"featured_media":0,"parent":0,"menu_order":0,"comment_status":"closed","ping_status":"closed","template":"","meta":{"_bbp_topic_count":0,"_bbp_reply_count":0,"_bbp_total_topic_count":0,"_bbp_total_reply_count":0,"_bbp_voice_count":0,"_bbp_anonymous_reply_count":0,"_bbp_topic_count_hidden":0,"_bbp_reply_count_hidden":0,"_bbp_forum_subforum_count":0,"footnotes":""},"class_list":["post-416","page","type-page","status-publish","hentry"],"post_mailing_queue_ids":[],"_links":{"self":[{"href":"https:\/\/serveiseducatius.xtec.cat\/baixmaresme\/wp-json\/wp\/v2\/pages\/416","targetHints":{"allow":["GET"]}}],"collection":[{"href":"https:\/\/serveiseducatius.xtec.cat\/baixmaresme\/wp-json\/wp\/v2\/pages"}],"about":[{"href":"https:\/\/serveiseducatius.xtec.cat\/baixmaresme\/wp-json\/wp\/v2\/types\/page"}],"author":[{"embeddable":true,"href":"https:\/\/serveiseducatius.xtec.cat\/baixmaresme\/wp-json\/wp\/v2\/users\/1"}],"replies":[{"embeddable":true,"href":"https:\/\/serveiseducatius.xtec.cat\/baixmaresme\/wp-json\/wp\/v2\/comments?post=416"}],"version-history":[{"count":5,"href":"https:\/\/serveiseducatius.xtec.cat\/baixmaresme\/wp-json\/wp\/v2\/pages\/416\/revisions"}],"predecessor-version":[{"id":11014,"href":"https:\/\/serveiseducatius.xtec.cat\/baixmaresme\/wp-json\/wp\/v2\/pages\/416\/revisions\/11014"}],"wp:attachment":[{"href":"https:\/\/serveiseducatius.xtec.cat\/baixmaresme\/wp-json\/wp\/v2\/media?parent=416"}],"curies":[{"name":"wp","href":"https:\/\/api.w.org\/{rel}","templated":true}]}}