{"id":338,"date":"2015-11-24T18:40:49","date_gmt":"2015-11-24T17:40:49","guid":{"rendered":"http:\/\/serveiseducatius.xtec.cat\/baixmaresme\/?page_id=338"},"modified":"2024-12-16T13:38:00","modified_gmt":"2024-12-16T12:38:00","slug":"centres-educatius","status":"publish","type":"page","link":"https:\/\/serveiseducatius.xtec.cat\/baixmaresme\/comunitat\/centres-educatius\/","title":{"rendered":"Centres educatius"},"content":{"rendered":"\n<p class=\"has-medium-font-size\">A la zona del Servei Educatiu del Baix Maresme hi ha 34 escoles bressol, de les quals 22 s\u00f3n p\u00fabliques i 12 s\u00f3n privades. Tamb\u00e9 hi ha 36 escoles de prim\u00e0ria, de les quals 31 s\u00f3n p\u00fabliques i 3 d&#8217;aquestes s\u00f3n instituts-escola, 11 s\u00f3n concertades i 4 s\u00f3n privades.<\/p>\n\n\n\n<p class=\"has-medium-font-size\">A m\u00e9s a m\u00e9s, hi ha 14 centres d&#8217;educaci\u00f3 secund\u00e0ria (instituts), dels quals 3 s\u00f3n instituts-escola i 6 centres de formaci\u00f3 per Adults.<\/p>\n\n\n<div class=\"wp-block-image\">\n<figure class=\"alignright size-large is-resized\"><a href=\"https:\/\/serveiseducatius.xtec.cat\/baixmaresme\/comunitat\/centres-educatius\/acces-de-centres\/\"><img loading=\"lazy\" decoding=\"async\" width=\"1024\" height=\"384\" src=\"https:\/\/serveiseducatius.xtec.cat\/baixmaresme\/wp-content\/uploads\/usu107\/2024\/12\/Acces-per-als-centres-1024x384.jpg\" alt=\"\" class=\"wp-image-11617\" style=\"width:142px;height:auto\" srcset=\"https:\/\/serveiseducatius.xtec.cat\/baixmaresme\/wp-content\/uploads\/usu107\/2024\/12\/Acces-per-als-centres-1024x384.jpg 1024w, https:\/\/serveiseducatius.xtec.cat\/baixmaresme\/wp-content\/uploads\/usu107\/2024\/12\/Acces-per-als-centres-300x113.jpg 300w, https:\/\/serveiseducatius.xtec.cat\/baixmaresme\/wp-content\/uploads\/usu107\/2024\/12\/Acces-per-als-centres-768x288.jpg 768w, https:\/\/serveiseducatius.xtec.cat\/baixmaresme\/wp-content\/uploads\/usu107\/2024\/12\/Acces-per-als-centres.jpg 1208w\" sizes=\"auto, (max-width: 1024px) 100vw, 1024px\" \/><\/a><\/figure><\/div>\n\n\n<ul class=\"wp-block-list\">\n<li><a href=\"https:\/\/serveiseducatius.xtec.cat\/baixmaresme\/comunitat\/centres-educatius\/escoles-bressol\/\" data-type=\"link\" data-id=\"https:\/\/serveiseducatius.xtec.cat\/baixmaresme\/comunitat\/centres-educatius\/escoles-bressol\/\">Escoles Bressol<\/a><\/li>\n\n\n\n<li><a href=\"https:\/\/serveiseducatius.xtec.cat\/baixmaresme\/comunitat\/centres-educatius\/educacio-infantil-i-primaria\/\" data-type=\"link\" data-id=\"https:\/\/serveiseducatius.xtec.cat\/baixmaresme\/comunitat\/centres-educatius\/educacio-infantil-i-primaria\/\">Educaci\u00f3 infantil i prim\u00e0ria<\/a><\/li>\n\n\n\n<li><a href=\"https:\/\/serveiseducatius.xtec.cat\/baixmaresme\/comunitat\/centres-educatius\/ensenyament-secundari-batxillerat-i-formacio-professional\/\" data-type=\"link\" data-id=\"https:\/\/serveiseducatius.xtec.cat\/baixmaresme\/comunitat\/centres-educatius\/ensenyament-secundari-batxillerat-i-formacio-professional\/\">Ensenyament secundari, Batxillerat i Formaci\u00f3 professional<\/a><\/li>\n\n\n\n<li><a href=\"https:\/\/serveiseducatius.xtec.cat\/baixmaresme\/comunitat\/centres-educatius\/educacio-especial\/\" data-type=\"link\" data-id=\"https:\/\/serveiseducatius.xtec.cat\/baixmaresme\/comunitat\/centres-educatius\/educacio-especial\/\">Centres de Formaci\u00f3 d&#8217;Adults<\/a><\/li>\n<\/ul>\n\n\n\n<ul class=\"wp-block-list\">\n<li class=\"has-medium-font-size\">Poblacions de la comarca del Maresme que formen part d&#8217;aquest Servei Educatiu:<\/li>\n<\/ul>\n\n\n<div class=\"wp-block-image\">\n<figure class=\"aligncenter size-large is-resized\"><a href=\"https:\/\/serveiseducatius.xtec.cat\/baixmaresme\/wp-content\/uploads\/usu107\/2024\/12\/Zones-Baix-maresme-1.jpg\"><img loading=\"lazy\" decoding=\"async\" width=\"1024\" height=\"723\" src=\"https:\/\/serveiseducatius.xtec.cat\/baixmaresme\/wp-content\/uploads\/usu107\/2024\/12\/Zones-Baix-maresme-1-1024x723.jpg\" alt=\"\" class=\"wp-image-11536\" style=\"width:753px;height:auto\" srcset=\"https:\/\/serveiseducatius.xtec.cat\/baixmaresme\/wp-content\/uploads\/usu107\/2024\/12\/Zones-Baix-maresme-1-1024x723.jpg 1024w, https:\/\/serveiseducatius.xtec.cat\/baixmaresme\/wp-content\/uploads\/usu107\/2024\/12\/Zones-Baix-maresme-1-300x212.jpg 300w, https:\/\/serveiseducatius.xtec.cat\/baixmaresme\/wp-content\/uploads\/usu107\/2024\/12\/Zones-Baix-maresme-1-768x543.jpg 768w, https:\/\/serveiseducatius.xtec.cat\/baixmaresme\/wp-content\/uploads\/usu107\/2024\/12\/Zones-Baix-maresme-1.jpg 1158w\" sizes=\"auto, (max-width: 1024px) 100vw, 1024px\" \/><\/a><\/figure><\/div>\n\n\n<p class=\"has-small-font-size\">Font de la imatge original: Gloria Condal<\/p>\n","protected":false},"excerpt":{"rendered":"<p>A la zona del Servei Educatiu del Baix Maresme hi ha 34 escoles bressol, de les quals 22 s\u00f3n p\u00fabliques i 12 s\u00f3n privades. Tamb\u00e9 hi ha 36 escoles de prim\u00e0ria, de les quals 31 s\u00f3n p\u00fabliques i 3 d&#8217;aquestes s\u00f3n instituts-escola, 11 s\u00f3n concertades&hellip;  <a href=\"https:\/\/serveiseducatius.xtec.cat\/baixmaresme\/comunitat\/centres-educatius\/\" title=\"Read Centres educatius\">Llegeix m\u00e9s\u00bb<\/a><\/p>\n","protected":false},"author":1,"featured_media":0,"parent":341,"menu_order":10,"comment_status":"closed","ping_status":"closed","template":"page-templates\/side-menu.php","meta":{"_bbp_topic_count":0,"_bbp_reply_count":0,"_bbp_total_topic_count":0,"_bbp_total_reply_count":0,"_bbp_voice_count":0,"_bbp_anonymous_reply_count":0,"_bbp_topic_count_hidden":0,"_bbp_reply_count_hidden":0,"_bbp_forum_subforum_count":0,"footnotes":""},"class_list":["post-338","page","type-page","status-publish","hentry"],"post_mailing_queue_ids":[],"_links":{"self":[{"href":"https:\/\/serveiseducatius.xtec.cat\/baixmaresme\/wp-json\/wp\/v2\/pages\/338","targetHints":{"allow":["GET"]}}],"collection":[{"href":"https:\/\/serveiseducatius.xtec.cat\/baixmaresme\/wp-json\/wp\/v2\/pages"}],"about":[{"href":"https:\/\/serveiseducatius.xtec.cat\/baixmaresme\/wp-json\/wp\/v2\/types\/page"}],"author":[{"embeddable":true,"href":"https:\/\/serveiseducatius.xtec.cat\/baixmaresme\/wp-json\/wp\/v2\/users\/1"}],"replies":[{"embeddable":true,"href":"https:\/\/serveiseducatius.xtec.cat\/baixmaresme\/wp-json\/wp\/v2\/comments?post=338"}],"version-history":[{"count":6,"href":"https:\/\/serveiseducatius.xtec.cat\/baixmaresme\/wp-json\/wp\/v2\/pages\/338\/revisions"}],"predecessor-version":[{"id":11621,"href":"https:\/\/serveiseducatius.xtec.cat\/baixmaresme\/wp-json\/wp\/v2\/pages\/338\/revisions\/11621"}],"up":[{"embeddable":true,"href":"https:\/\/serveiseducatius.xtec.cat\/baixmaresme\/wp-json\/wp\/v2\/pages\/341"}],"wp:attachment":[{"href":"https:\/\/serveiseducatius.xtec.cat\/baixmaresme\/wp-json\/wp\/v2\/media?parent=338"}],"curies":[{"name":"wp","href":"https:\/\/api.w.org\/{rel}","templated":true}]}}