{"id":11696,"date":"2025-09-26T12:31:31","date_gmt":"2025-09-26T10:31:31","guid":{"rendered":"https:\/\/serveiseducatius.xtec.cat\/baixmaresme\/?page_id=11696"},"modified":"2025-09-26T12:51:03","modified_gmt":"2025-09-26T10:51:03","slug":"recursos-2","status":"publish","type":"page","link":"https:\/\/serveiseducatius.xtec.cat\/baixmaresme\/recursos-2\/","title":{"rendered":"Recursos"},"content":{"rendered":"\n<p>En aquest espai trobareu tots els recursos educatius que posem a disposici\u00f3 del professorat. Mireu la disposici\u00f3 al calendari i feu la petici\u00f3 al <a href=\"https:\/\/forms.gle\/JhkbaxJo52V93W136\">formulari.<\/a><\/p>\n\n\n\n<p>El per\u00edode de pr\u00e9stec habitual \u00e9s de&nbsp;<strong>15 dies<\/strong>, en quinzenes naturals, de l\u20191 al 14 i del 15 al 30 de cada mes.<br><strong>S\u2019obre el formulari a partir de l\u20191 de setembre.<\/strong><\/p>\n\n\n\n<p>Si no rebeu un correu en una setmana d\u2019haver fet la petici\u00f3, truqueu al CRP a: 93 554 5640 <\/p>\n\n\n\n<p><strong>Abans d&#8217;escollir les vostres dates, mireu que estiguin lliures.\u00a0<\/strong><\/p>\n\n\n\n<p><iframe loading=\"lazy\" src=\"https:\/\/docs.google.com\/spreadsheets\/d\/e\/2PACX-1vTDBEWJ_20uQ1wmfy4I1Oj9Qs_mPbqAG7cj3sh--dfTyOxirKyhNIMLvfamFjKfFzq6LCzFFFUYyAa2\/pubhtml;single=true&amp;widget=true&amp;headers=false\" width=\"100%\" height=\"800\" style=\"border:none;\"><br><\/iframe><\/p>\n","protected":false},"excerpt":{"rendered":"<p>En aquest espai trobareu tots els recursos educatius que posem a disposici\u00f3 del professorat. Mireu la disposici\u00f3 al calendari i feu la petici\u00f3 al <a href=\"https:\/\/forms.gle\/JhkbaxJo52V93W136\">formulari.<\/a><\/p>\n<p>El per\u00edode de pr\u00e9stec habitual \u00e9s de&nbsp;15 dies, en quinzenes naturals, de l\u20191 al 14 i del 15 al 30&hellip;  <a href=\"https:\/\/serveiseducatius.xtec.cat\/baixmaresme\/recursos-2\/\" title=\"Read Recursos\">Llegeix m\u00e9s\u00bb<\/a><\/p>\n","protected":false},"author":1,"featured_media":0,"parent":0,"menu_order":0,"comment_status":"closed","ping_status":"close","template":"","meta":{"_bbp_topic_count":0,"_bbp_reply_count":0,"_bbp_total_topic_count":0,"_bbp_total_reply_count":0,"_bbp_voice_count":0,"_bbp_anonymous_reply_count":0,"_bbp_topic_count_hidden":0,"_bbp_reply_count_hidden":0,"_bbp_forum_subforum_count":0,"footnotes":""},"class_list":["post-11696","page","type-page","status-publish","hentry"],"post_mailing_queue_ids":[],"_links":{"self":[{"href":"https:\/\/serveiseducatius.xtec.cat\/baixmaresme\/wp-json\/wp\/v2\/pages\/11696","targetHints":{"allow":["GET"]}}],"collection":[{"href":"https:\/\/serveiseducatius.xtec.cat\/baixmaresme\/wp-json\/wp\/v2\/pages"}],"about":[{"href":"https:\/\/serveiseducatius.xtec.cat\/baixmaresme\/wp-json\/wp\/v2\/types\/page"}],"author":[{"embeddable":true,"href":"https:\/\/serveiseducatius.xtec.cat\/baixmaresme\/wp-json\/wp\/v2\/users\/1"}],"replies":[{"embeddable":true,"href":"https:\/\/serveiseducatius.xtec.cat\/baixmaresme\/wp-json\/wp\/v2\/comments?post=11696"}],"version-history":[{"count":4,"href":"https:\/\/serveiseducatius.xtec.cat\/baixmaresme\/wp-json\/wp\/v2\/pages\/11696\/revisions"}],"predecessor-version":[{"id":11703,"href":"https:\/\/serveiseducatius.xtec.cat\/baixmaresme\/wp-json\/wp\/v2\/pages\/11696\/revisions\/11703"}],"wp:attachment":[{"href":"https:\/\/serveiseducatius.xtec.cat\/baixmaresme\/wp-json\/wp\/v2\/media?parent=11696"}],"curies":[{"name":"wp","href":"https:\/\/api.w.org\/{rel}","templated":true}]}}