{"id":10922,"date":"2023-06-08T11:06:39","date_gmt":"2023-06-08T09:06:39","guid":{"rendered":"https:\/\/serveiseducatius.xtec.cat\/baixmaresme\/?page_id=10922"},"modified":"2023-07-06T12:18:27","modified_gmt":"2023-07-06T10:18:27","slug":"comunicacio-oral","status":"publish","type":"page","link":"https:\/\/serveiseducatius.xtec.cat\/baixmaresme\/comunicacio-oral\/","title":{"rendered":"Comunicaci\u00f3 Oral"},"content":{"rendered":"<p><a href=\"https:\/\/serveiseducatius.xtec.cat\/baixmaresme\/wp-content\/uploads\/usu107\/2023\/06\/Comunicacio-oral.jpg\"><img loading=\"lazy\" decoding=\"async\" class=\"aligncenter wp-image-10926\" src=\"https:\/\/serveiseducatius.xtec.cat\/baixmaresme\/wp-content\/uploads\/usu107\/2023\/06\/Comunicacio-oral.jpg\" alt=\"\" width=\"661\" height=\"495\" srcset=\"https:\/\/serveiseducatius.xtec.cat\/baixmaresme\/wp-content\/uploads\/usu107\/2023\/06\/Comunicacio-oral.jpg 774w, https:\/\/serveiseducatius.xtec.cat\/baixmaresme\/wp-content\/uploads\/usu107\/2023\/06\/Comunicacio-oral-300x224.jpg 300w, https:\/\/serveiseducatius.xtec.cat\/baixmaresme\/wp-content\/uploads\/usu107\/2023\/06\/Comunicacio-oral-768x575.jpg 768w, https:\/\/serveiseducatius.xtec.cat\/baixmaresme\/wp-content\/uploads\/usu107\/2023\/06\/Comunicacio-oral-200x150.jpg 200w\" sizes=\"auto, (max-width: 661px) 100vw, 661px\" \/><\/a><\/p>\n<p><span style=\"font-weight: 400;\">Millorar les habilitats comunicatives orals de l\u2019alumnat \u00e9s b\u00e0sic perqu\u00e8 puguin expressar fets, opinions i sentiments, i fonamental per poder participar activament a la societat.<\/span><\/p>\n<p>En <a href=\"https:\/\/padlet.com\/mllivin21\/materials-d-oralitat-programa-tenim-la-paraula-w6ykc4ra4zwh6ql2\">aquest Padlet<\/a> hi trobareu els materials de comunicaci\u00f3 oral del Programa Tenim la paraula: estrat\u00e8gies per afavorir la conversa, presentacions de la gesti\u00f3 de la comunicaci\u00f3 i la conversa, tipus de conversa, v\u00eddeos i articles del Marc te\u00f2ric.<\/p>\n<div class=\"padlet-embed\" style=\"border: 1px solid rgba(0,0,0,0.1); border-radius: 2px; box-sizing: border-box; overflow: hidden; position: relative; width: 100%; background: #F4F4F4;\">\n<p style=\"padding: 0; margin: 0;\"><iframe style=\"width: 100%; height: 608px; display: block; padding: 0; margin: 0;\" src=\"https:\/\/padlet.com\/embed\/w6ykc4ra4zwh6ql2\" frameborder=\"0\"><\/iframe><\/p>\n<div style=\"display: flex; align-items: center; justify-content: end; margin: 0; height: 28px;\">\n<p>&nbsp;<\/p>\n<div style=\"display: flex; align-items: center;\"><img loading=\"lazy\" decoding=\"async\" style=\"padding: 0; margin: 0; background: 0 0; border: none; box-shadow: none;\" src=\"https:\/\/padlet.net\/embeds\/made_with_padlet_2022.png\" alt=\"Fet amb Padlet\" width=\"57\" height=\"14\" \/><\/div>\n<p>&nbsp;<\/p>\n<\/div>\n<\/div>\n<p>&nbsp;<\/p>\n<p>Document de les habilitats comunicatives orals de <a href=\"https:\/\/drive.google.com\/file\/d\/1zDE0UsB1vhxNFv1ZkSQK9SHpcSWu0r3C\/view\">l&#8217;Oracy<\/a> i referents per treballar-les a l&#8217;aula.<\/p>\n<p><a href=\"https:\/\/drive.google.com\/file\/d\/1fmjYliBXP8ZgB_htxzCq0cmbiAczcdnx\/view?usp=sharing\"><img loading=\"lazy\" decoding=\"async\" class=\"aligncenter size-full wp-image-10931\" src=\"https:\/\/serveiseducatius.xtec.cat\/baixmaresme\/wp-content\/uploads\/usu107\/2023\/06\/Oracy.jpg\" alt=\"\" width=\"614\" height=\"438\" srcset=\"https:\/\/serveiseducatius.xtec.cat\/baixmaresme\/wp-content\/uploads\/usu107\/2023\/06\/Oracy.jpg 614w, https:\/\/serveiseducatius.xtec.cat\/baixmaresme\/wp-content\/uploads\/usu107\/2023\/06\/Oracy-300x214.jpg 300w\" sizes=\"auto, (max-width: 614px) 100vw, 614px\" \/><\/a><\/p>\n<p>Confer\u00e8ncia <em>Perdem-li la por a l&#8217;oralitat<\/em> \u00cfo Valls (2 de maig de 2023)<\/p>\n<p><iframe loading=\"lazy\" title=\"Xerrada \u00cfo Valls al Baix Maresme\" width=\"500\" height=\"281\" src=\"https:\/\/www.youtube.com\/embed\/QAFlZ9_5ogk?feature=oembed\" frameborder=\"0\" allow=\"accelerometer; autoplay; clipboard-write; encrypted-media; gyroscope; picture-in-picture; web-share\" referrerpolicy=\"strict-origin-when-cross-origin\" allowfullscreen><\/iframe><\/p>\n<p><a href=\"https:\/\/drive.google.com\/file\/d\/1_wdHwG89hkg3u304MSpMK3ouylNxBwKH\/view\">Presentaci\u00f3<\/a> de la confer\u00e8ncia<\/p>\n","protected":false},"excerpt":{"rendered":"<p><a href=\"https:\/\/serveiseducatius.xtec.cat\/baixmaresme\/wp-content\/uploads\/usu107\/2023\/06\/Comunicacio-oral.jpg\"><\/a><br \/>\nMillorar les habilitats comunicatives orals de l\u2019alumnat \u00e9s b\u00e0sic perqu\u00e8 puguin expressar fets, opinions i sentiments, i fonamental per poder participar activament a la societat.<br \/>\nEn <a href=\"https:\/\/padlet.com\/mllivin21\/materials-d-oralitat-programa-tenim-la-paraula-w6ykc4ra4zwh6ql2\">aquest Padlet<\/a> hi trobareu els materials de comunicaci\u00f3 oral del Programa Tenim la paraula: estrat\u00e8gies per afavorir la&hellip;  <a href=\"https:\/\/serveiseducatius.xtec.cat\/baixmaresme\/comunicacio-oral\/\" title=\"Read Comunicaci\u00f3 Oral\">Llegeix m\u00e9s\u00bb<\/a><\/p>\n","protected":false},"author":1,"featured_media":0,"parent":0,"menu_order":0,"comment_status":"closed","ping_status":"closed","template":"","meta":{"_bbp_topic_count":0,"_bbp_reply_count":0,"_bbp_total_topic_count":0,"_bbp_total_reply_count":0,"_bbp_voice_count":0,"_bbp_anonymous_reply_count":0,"_bbp_topic_count_hidden":0,"_bbp_reply_count_hidden":0,"_bbp_forum_subforum_count":0,"footnotes":""},"class_list":["post-10922","page","type-page","status-publish","hentry"],"post_mailing_queue_ids":[],"_links":{"self":[{"href":"https:\/\/serveiseducatius.xtec.cat\/baixmaresme\/wp-json\/wp\/v2\/pages\/10922","targetHints":{"allow":["GET"]}}],"collection":[{"href":"https:\/\/serveiseducatius.xtec.cat\/baixmaresme\/wp-json\/wp\/v2\/pages"}],"about":[{"href":"https:\/\/serveiseducatius.xtec.cat\/baixmaresme\/wp-json\/wp\/v2\/types\/page"}],"author":[{"embeddable":true,"href":"https:\/\/serveiseducatius.xtec.cat\/baixmaresme\/wp-json\/wp\/v2\/users\/1"}],"replies":[{"embeddable":true,"href":"https:\/\/serveiseducatius.xtec.cat\/baixmaresme\/wp-json\/wp\/v2\/comments?post=10922"}],"version-history":[{"count":4,"href":"https:\/\/serveiseducatius.xtec.cat\/baixmaresme\/wp-json\/wp\/v2\/pages\/10922\/revisions"}],"predecessor-version":[{"id":10930,"href":"https:\/\/serveiseducatius.xtec.cat\/baixmaresme\/wp-json\/wp\/v2\/pages\/10922\/revisions\/10930"}],"wp:attachment":[{"href":"https:\/\/serveiseducatius.xtec.cat\/baixmaresme\/wp-json\/wp\/v2\/media?parent=10922"}],"curies":[{"name":"wp","href":"https:\/\/api.w.org\/{rel}","templated":true}]}}