{"id":3296,"date":"2017-09-25T17:50:05","date_gmt":"2017-09-25T15:50:05","guid":{"rendered":"http:\/\/serveiseducatius.xtec.cat\/baixllobregat8\/?page_id=3296"},"modified":"2019-07-09T09:17:59","modified_gmt":"2019-07-09T07:17:59","slug":"publicacions-fromatives-de-zona","status":"publish","type":"page","link":"https:\/\/serveiseducatius.xtec.cat\/baixllobregat8\/formacio\/publicacions-fromatives-de-zona\/","title":{"rendered":"Publicacions Formatives de Zona"},"content":{"rendered":"<p><img loading=\"lazy\" decoding=\"async\" class=\"\" title=\"\" src=\"https:\/\/lh3.googleusercontent.com\/acjPJDX35QrsIu1Zt_c_6Wt5HRVyiT-r4EsR95h71MLEQUj_3fOJ3kCcnWHc4NbgYL_t71_VR29vLn0XDwtujC7KHzykGg379-ZBPDiQnR4RtIIQNv80s_wUBGPVXxPvvj4dDZrsdAVFrjMOCUAxN1BiWpwpwzQZMZ0KOPNJsKxR58XUy_HpUCSNajJEamXWN0cZWas8IQlcpZz1mAm4sfbHh4-3hgnybefR96AYTcjoCGnJYWpfscPJL9mrGI1FGFpfPoxcETaMnCdIMmZeV_5EEO5A5lV-O38ThCnXsDQBhg4sp-ssQTwmT0aknc-OXT0D-iYqEcgBer2Ph9dDmwvSNZOgqKV8Mk8o-KALC2bbZ7fF1jDi7iEoFeaZ1DpNLiJpQ4APznzsEsuCE6Fmj4aCM8Du0EAP7Ul_qxgQ5RjtnvXjguvj9LKsylGg5K5vRBAL0S00hx189Er2cCDcE0aF0Cw4VBvf4uxybT4htyK1ZUWlhvdNKyF5l-v-nY05NvahvRB-QkbO1-tCYexWr1VvaWKtv8j7B0BuAdX1tuPQtffHj7LIZR90Kxg-bqg9IxM3s7_q8Gp7nsfkSas2_QVvnaxuq274c6aZuUPaCg=w1192-h894-no\" alt=\"\" width=\"280\" height=\"210\" \/>\u00a0 \u00a0<img loading=\"lazy\" decoding=\"async\" class=\"\" title=\"\" src=\"https:\/\/lh3.googleusercontent.com\/TcQwq6AbTtYD35QiJGaVlQT0lc__q__rSyiOu6Y39-lu1rxWFD6EcKKXwmwpFGKjv9iMHY24mUYcTZqL__iTNhXxLTkfymNY4hk8MxR4Ghp2FJK8Vyls_G_OJjkjps0ww68_f5xJfzfdc-vt3dr1zIJvBOnfLw1IvZfrsqf3kk2G8-eDF4SQJQixHfQcQFe0TLxKgI0lDAE01BKxMbd4ezjtyAltICY_nlzWvFn_pECAF2NpyF95daospRdEbPPnbu6GvyyvkDcMnl9CXJkkzSzDJYH-ObxfUwEvGYZqdlPH7BErXCTsnWHlj8TBOyZbg-0iQpJk_ry05XW6PuxssiWzC-_3UD3axY1rIAv1TLY8gQ3NEL05D5AuWeRn7XddLaxwbfUfEavu1sSeRltLYRKgR9kr-Pyt1TfiLKF69COWbJ1LWn-s4lzDuZ5KT_VOHYk-eP9kN-TjqOajJ08FwpVk5YPEd7Wdw0Cyi_5nlBaJ7T4KuwN8QCHiz1VQ9HVPr2ZermdBT846qqzc5np2E3zdnolFZ-Zp4clYlyHybHg7VZHkZykTjFNb2KyWiz4U7kIPZI3TV3uog2wzRES4jIntmEryTQCpPBWPIrem0A=w640-h480-no\" alt=\"\" width=\"280\" height=\"210\" \/><\/p>\n<ul style=\"list-style-type: square;\">\n<li><a href=\"https:\/\/photos.google.com\/u\/2\/share\/AF1QipPiMKvNVMHR8OKdxll-TzDF3waUk2jNH3DKr4kLZsSCLXVTUpUlbZ7QTo2LqrIxSg?key=c3Aya3piTDdzSnBCMFhTcVVBcWtYOXlzTEw0dkJB\" target=\"_blank\" rel=\"noopener noreferrer\">English Day 2010. Seminari de coordinaci\u00f3 del professorat de llengua anglesa. Curs 2009-2010<\/a><\/li>\n<li><a href=\"https:\/\/photos.google.com\/u\/2\/album\/AF1QipONwFdPSb5L6LXV1upL-GXvoQnTWUXE6-IEka4v\" target=\"_blank\" rel=\"noopener noreferrer\">English Day 2012. Seminari de coordinaci\u00f3 \u00a0del professorat de llengua anglesa. Curs 2011-2012<\/a><\/li>\n<li><a href=\"https:\/\/photos.google.com\/u\/2\/share\/AF1QipOwAuVAkoPx2ixkw5IsMXLJ_UkUdDc9oPpTMzTPxWFiWg3ACte-4ZT8Xks2YQ9eLg?key=M1ZpbXF3ZzVDdGVCM0loSk1TcFlDZmVTVHVPZ2JR\" target=\"_blank\" rel=\"noopener noreferrer\">English Day 2013. Seminari de coordinaci\u00f3 del profesorat de llengua anglesa. Curs 2012-2013<\/a><\/li>\n<li><a href=\"https:\/\/photos.app.goo.gl\/Z5UjOte5fsw3EXQe2\" target=\"_blank\" rel=\"noopener noreferrer\">English Day 2014. Seminari de coordinaci\u00f3 del professorat de llengua anglesa. Curs 2013-2014<\/a><\/li>\n<li><a href=\"https:\/\/photos.google.com\/u\/2\/share\/AF1QipPU2iT5U6cWzaDpFziJXnE3A7OckmTv3nHRzK_CLhJ6Sy9we-ZB4C33nwrpc8H7XQ?key=S0x3ZGdQV1VsOWsxblVGajhKM1A1dGRaMENzOXFB\" target=\"_blank\" rel=\"noopener noreferrer\">English Day 2015. Grup de treball \u00a0professorat de de llengua anglesa. Curs 2014-2015<\/a><\/li>\n<li><a href=\"https:\/\/photos.app.goo.gl\/W6xufACL200mJXz72\" target=\"_blank\" rel=\"noopener noreferrer\">English Day 2018.\u00a0Seminari de coordinaci\u00f3 del professorat de llengua anglesa. Curs 2017-2018<\/a><\/li>\n<li><a href=\"https:\/\/photos.google.com\/u\/2\/album\/AF1QipMSGhy-47MvKMQy_Nwa-fqiiE6L88JyAobgaQTX\" target=\"_blank\" rel=\"noopener noreferrer\">Espludansa 2013. Grup de treball del professorat de m\u00fasica. Curs 2012-2013<\/a><\/li>\n<li><a href=\"https:\/\/photos.google.com\/u\/2\/album\/AF1QipOoBmlSqrfOSehp_HB-h50Z1lqyZDIHoaohlUs1\" target=\"_blank\" rel=\"noopener noreferrer\">Espludansa 2012. Grup de treball del professorat de m\u00fasica. Curs 2011-2012<\/a><\/li>\n<li><a href=\"https:\/\/drive.google.com\/drive\/folders\/0B9hVPH9SGcjMaVg0RVVGQ1AxLTg?usp=sharing\" target=\"_blank\" rel=\"noopener noreferrer\">Jocs col\u00b7laboratius. Grup de treball del professorat d&#8217;Educaci\u00f3 F\u00edsica. Curs 2013-2014<\/a><\/li>\n<li><a href=\"http:\/\/serveiseducatius.xtec.cat\/baixllobregat8\/categoria\/dinamitzacio\/cartes_als_reis\/\" target=\"_blank\" rel=\"noopener noreferrer\">Projecte col\u00b7laboratiu Cartes als Reis<\/a><\/li>\n<li><a href=\"https:\/\/drive.google.com\/open?id=0B9hVPH9SGcjMTUc5WDRobU1odXc\" target=\"_blank\" rel=\"noopener noreferrer\">Spiriball.\u00a0Grup de treball del professorat d&#8217;Educaci\u00f3 F\u00edsica. Curs 2014-2015<\/a><\/li>\n<li><a href=\"https:\/\/drive.google.com\/drive\/folders\/0B9hVPH9SGcjMYktpZWlWUGVIbFk?usp=sharing\" target=\"_blank\" rel=\"noopener noreferrer\">Repte cooperatiu.\u00a0Grup de treball del professorat d&#8217;Educaci\u00f3 F\u00edsica. Curs 2016-2017<\/a><\/li>\n<li><a href=\"https:\/\/drive.google.com\/open?id=18tBDjl5wSqWyRkjGS_jEkGnLvthAIVxh\" target=\"_blank\" rel=\"noopener noreferrer\">Dinamitzaci\u00f3 did\u00e0ctica de l\u2019Educaci\u00f3 F\u00edsica, la import\u00e0ncia dels jocs.Curs 2018-2019<\/a><\/li>\n<li><a href=\"https:\/\/drive.google.com\/file\/d\/0B9hVPH9SGcjMY0VEQW9ZbXNXbmc\/view?usp=sharing\" target=\"_blank\" rel=\"noopener noreferrer\">Treball per projectes &#8220;El nostre entorn&#8221;. Grup de treball del professorat Pluriling\u00fce. Curs 2016-2017<\/a><\/li>\n<\/ul>\n","protected":false},"excerpt":{"rendered":"<p>\u00a0 \u00a0 English Day 2010. Seminari de coordinaci\u00f3 del professorat de llengua anglesa. Curs 2009-2010 English Day 2012. Seminari de coordinaci\u00f3 \u00a0del professorat de llengua anglesa. Curs 2011-2012 English Day 2013. Seminari de coordinaci\u00f3 del profesorat de llengua anglesa. Curs 2012-2013 English Day 2014. Seminari de coordinaci\u00f3 del professorat de llengua anglesa. Curs 2013-2014 English [&hellip;]<\/p>\n","protected":false},"author":1,"featured_media":0,"parent":416,"menu_order":18,"comment_status":"closed","ping_status":"closed","template":"page-templates\/side-menu.php","meta":{"_bbp_topic_count":0,"_bbp_reply_count":0,"_bbp_total_topic_count":0,"_bbp_total_reply_count":0,"_bbp_voice_count":0,"_bbp_anonymous_reply_count":0,"_bbp_topic_count_hidden":0,"_bbp_reply_count_hidden":0,"_bbp_forum_subforum_count":0,"site-sidebar-layout":"default","site-content-layout":"","ast-site-content-layout":"","site-content-style":"default","site-sidebar-style":"default","ast-global-header-display":"","ast-banner-title-visibility":"","ast-main-header-display":"","ast-hfb-above-header-display":"","ast-hfb-below-header-display":"","ast-hfb-mobile-header-display":"","site-post-title":"","ast-breadcrumbs-content":"","ast-featured-img":"","footer-sml-layout":"","theme-transparent-header-meta":"","adv-header-id-meta":"","stick-header-meta":"","header-above-stick-meta":"","header-main-stick-meta":"","header-below-stick-meta":"","astra-migrate-meta-layouts":"default","ast-page-background-enabled":"default","ast-page-background-meta":{"desktop":{"background-color":"var(--ast-global-color-4)","background-image":"","background-repeat":"repeat","background-position":"center center","background-size":"auto","background-attachment":"scroll","background-type":"","background-media":"","overlay-type":"","overlay-color":"","overlay-opacity":"","overlay-gradient":""},"tablet":{"background-color":"","background-image":"","background-repeat":"repeat","background-position":"center center","background-size":"auto","background-attachment":"scroll","background-type":"","background-media":"","overlay-type":"","overlay-color":"","overlay-opacity":"","overlay-gradient":""},"mobile":{"background-color":"","background-image":"","background-repeat":"repeat","background-position":"center center","background-size":"auto","background-attachment":"scroll","background-type":"","background-media":"","overlay-type":"","overlay-color":"","overlay-opacity":"","overlay-gradient":""}},"ast-content-background-meta":{"desktop":{"background-color":"var(--ast-global-color-5)","background-image":"","background-repeat":"repeat","background-position":"center center","background-size":"auto","background-attachment":"scroll","background-type":"","background-media":"","overlay-type":"","overlay-color":"","overlay-opacity":"","overlay-gradient":""},"tablet":{"background-color":"var(--ast-global-color-5)","background-image":"","background-repeat":"repeat","background-position":"center center","background-size":"auto","background-attachment":"scroll","background-type":"","background-media":"","overlay-type":"","overlay-color":"","overlay-opacity":"","overlay-gradient":""},"mobile":{"background-color":"var(--ast-global-color-5)","background-image":"","background-repeat":"repeat","background-position":"center center","background-size":"auto","background-attachment":"scroll","background-type":"","background-media":"","overlay-type":"","overlay-color":"","overlay-opacity":"","overlay-gradient":""}},"footnotes":""},"class_list":["post-3296","page","type-page","status-publish","hentry"],"post_mailing_queue_ids":[],"_links":{"self":[{"href":"https:\/\/serveiseducatius.xtec.cat\/baixllobregat8\/wp-json\/wp\/v2\/pages\/3296","targetHints":{"allow":["GET"]}}],"collection":[{"href":"https:\/\/serveiseducatius.xtec.cat\/baixllobregat8\/wp-json\/wp\/v2\/pages"}],"about":[{"href":"https:\/\/serveiseducatius.xtec.cat\/baixllobregat8\/wp-json\/wp\/v2\/types\/page"}],"author":[{"embeddable":true,"href":"https:\/\/serveiseducatius.xtec.cat\/baixllobregat8\/wp-json\/wp\/v2\/users\/1"}],"replies":[{"embeddable":true,"href":"https:\/\/serveiseducatius.xtec.cat\/baixllobregat8\/wp-json\/wp\/v2\/comments?post=3296"}],"version-history":[{"count":3,"href":"https:\/\/serveiseducatius.xtec.cat\/baixllobregat8\/wp-json\/wp\/v2\/pages\/3296\/revisions"}],"predecessor-version":[{"id":5295,"href":"https:\/\/serveiseducatius.xtec.cat\/baixllobregat8\/wp-json\/wp\/v2\/pages\/3296\/revisions\/5295"}],"up":[{"embeddable":true,"href":"https:\/\/serveiseducatius.xtec.cat\/baixllobregat8\/wp-json\/wp\/v2\/pages\/416"}],"wp:attachment":[{"href":"https:\/\/serveiseducatius.xtec.cat\/baixllobregat8\/wp-json\/wp\/v2\/media?parent=3296"}],"curies":[{"name":"wp","href":"https:\/\/api.w.org\/{rel}","templated":true}]}}