{"id":9455,"date":"2021-01-07T17:49:26","date_gmt":"2021-01-07T16:49:26","guid":{"rendered":"http:\/\/serveiseducatius.xtec.cat\/baixllobregat7\/?page_id=9455"},"modified":"2021-03-15T13:28:00","modified_gmt":"2021-03-15T12:28:00","slug":"passos-previs-per-a-google-classroom","status":"publish","type":"page","link":"https:\/\/serveiseducatius.xtec.cat\/baixllobregat7\/entorns-virtuals-daprenentage\/passos-previs-per-a-google-classroom\/","title":{"rendered":"Passos previs a Google Classroom"},"content":{"rendered":"<p>Classrom \u00e9s una de les eines de Google Workspace (Google Suite) per educaci\u00f3. Per a accedir als serveis de Google:<\/p>\n<ol>\n<li>Cal haver registrat d&#8217;un domini propi (tamb\u00e9 se&#8217;n sol dir <em>comprar un domini<\/em>)<\/li>\n<li>Sol\u00b7licitar Google Workspace per educaci\u00f3 (gratu\u00eft)<\/li>\n<li>Haver fet la configuraci\u00f3 inicial a la consola d&#8217;administraci\u00f3<\/li>\n<li>Haver obtingut l&#8217;autoritzaci\u00f3 dels pares o tutors.<\/li>\n<\/ol>\n<p>Un domini \u00e9s el <strong>nom exclusiu i \u00fanic<\/strong> que permet la identificaci\u00f3 de cada web arreu del m\u00f3n. Exemple de centres educatius de Catalunya: <a href=\"https:\/\/blocs.xtec.cat\/escolamontserratesparreguera\/\" target=\"_blank\" rel=\"noopener noreferrer\">emontserrat.cat<\/a>,<a href=\"http:\/\/www.insvoltrera.org\/\" target=\"_blank\" rel=\"noopener noreferrer\">\u00a0insvoltrera.org,\u00a0<\/a><a href=\"http:\/\/www.escolapovill.net\/\" target=\"_blank\" rel=\"noopener noreferrer\">escolapovill.net<\/a>, <a href=\"https:\/\/institutsantandreu.com\/\" target=\"_blank\" rel=\"noopener noreferrer\">institutsantandreu.com<\/a>. Cal fer el registre a trav\u00e9s d&#8217;una empresa especialitzada (us recomamen que n&#8217;elegiu alguna amb atenci\u00f3 telef\u00f2nica en catal\u00e0 o castell\u00e0, per si us cal). Un domini t\u00e9 un cost aproximat de 20\/25 \u20ac a l&#8217;any i cal renovar-lo anualment. Hi ha moltes promocions que permeten reduir encara m\u00e9s aquest cost.<\/p>\n<p>Quan ja tinguem el domini, cal fer la sol\u00b7licitud dels serveis gratu\u00efts <strong>Google Suite per a educaci\u00f3<\/strong>. En el proc\u00e9s, Google verifica que el domini \u00e9s realment nostre, se&#8217;ns demanar\u00e0 acreditar que som un centre educatiu p\u00fablic i diverses dades oficials. Sovint, les comunicacions s\u00f3n en angl\u00e8s. Suggerim que abans de comen\u00e7ar tingueu la documentaci\u00f3 preparada, ja que hi ha un per\u00edode curt de temps (uns 14 dies).<\/p>\n<p>La configuraci\u00f3 inicial de GSuite es fa a la <strong>Consola d&#8217;administraci\u00f3<\/strong> i requereix que el centre hagi decidit pr\u00e8viament l&#8217;estructura d&#8217;usuaris i els serveis a qu\u00e8 vol donar acc\u00e9s a cada grup (mestres, alumnes,&#8230;).<\/p>\n<table class=\" aligncenter\" style=\"width: 554px; height: 153px;\">\n<tbody>\n<tr>\n<td style=\"width: 228.148px;\"><strong>Comptes d&#8217;alumnat<\/strong>. Heu de decidir-ne la sintaxi:<\/p>\n<ul>\n<li>nom.cognom@emontserrat.cat<\/li>\n<li>n.cognom @emontserrat.cat<\/li>\n<li>anynom.c @emontserrat.cat<\/li>\n<\/ul>\n<\/td>\n<td style=\"width: 201.481px;\"><strong>Comptes de professorat<\/strong>. Noms gen\u00e8rics o nominals?<\/p>\n<ul>\n<li>tutoria1rA@meudomini.cat<\/li>\n<li>jalopez@meudomini.cat<\/li>\n<\/ul>\n<\/td>\n<td style=\"width: 114.074px;\"><strong>Unitats organitzatives<\/strong><\/p>\n<p><strong>Grups<\/strong><\/td>\n<\/tr>\n<\/tbody>\n<\/table>\n<p>Abans d&#8217;assignar cap usuari a cap alumne menor d&#8217;edat, cal haver-ne obtingut l&#8217;<strong>autoritzaci\u00f3 dels pares o tutors<\/strong> legals.<\/p>\n<p>Us recomanem aquests materials de suport que us poden servir de gui\u00f3 en el proc\u00e9s. :<\/p>\n<ul>\n<li><a href=\"https:\/\/ateneu.xtec.cat\/wikiform\/wikiexport\/cmd\/tac\/treballaralnuvol\/index\" target=\"_blank\" rel=\"noopener noreferrer\">El treball de l&#8217;aula al n\u00favol<\/a><\/li>\n<li><a href=\"https:\/\/sites.google.com\/xtec.cat\/gsuite\" target=\"_blank\" rel=\"noopener noreferrer\">Google suite per educaci\u00f3<\/a>, de Jaume Serra (professor<\/li>\n<li>A m\u00e9s, \u00f2bviament, podeu demanar-nos-en suport<\/li>\n<\/ul>\n","protected":false},"excerpt":{"rendered":"<p>Classrom \u00e9s una de les eines de Google Workspace (Google Suite) per educaci\u00f3. Per a accedir als serveis de Google: Cal haver registrat d&#8217;un domini propi (tamb\u00e9 se&#8217;n sol dir comprar un domini) Sol\u00b7licitar Google Workspace per educaci\u00f3 (gratu\u00eft) Haver fet la configuraci\u00f3 inicial a la consola d&#8217;administraci\u00f3 Haver obtingut l&#8217;autoritzaci\u00f3 dels pares o tutors. [&hellip;]<\/p>\n","protected":false},"author":3,"featured_media":0,"parent":9386,"menu_order":0,"comment_status":"closed","ping_status":"closed","template":"","meta":{"_bbp_topic_count":0,"_bbp_reply_count":0,"_bbp_total_topic_count":0,"_bbp_total_reply_count":0,"_bbp_voice_count":0,"_bbp_anonymous_reply_count":0,"_bbp_topic_count_hidden":0,"_bbp_reply_count_hidden":0,"_bbp_forum_subforum_count":0,"site-sidebar-layout":"default","site-content-layout":"","ast-site-content-layout":"","site-content-style":"default","site-sidebar-style":"default","ast-global-header-display":"","ast-banner-title-visibility":"","ast-main-header-display":"","ast-hfb-above-header-display":"","ast-hfb-below-header-display":"","ast-hfb-mobile-header-display":"","site-post-title":"","ast-breadcrumbs-content":"","ast-featured-img":"","footer-sml-layout":"","theme-transparent-header-meta":"","adv-header-id-meta":"","stick-header-meta":"","header-above-stick-meta":"","header-main-stick-meta":"","header-below-stick-meta":"","astra-migrate-meta-layouts":"default","ast-page-background-enabled":"default","ast-page-background-meta":{"desktop":{"background-color":"var(--ast-global-color-4)","background-image":"","background-repeat":"repeat","background-position":"center center","background-size":"auto","background-attachment":"scroll","background-type":"","background-media":"","overlay-type":"","overlay-color":"","overlay-opacity":"","overlay-gradient":""},"tablet":{"background-color":"","background-image":"","background-repeat":"repeat","background-position":"center center","background-size":"auto","background-attachment":"scroll","background-type":"","background-media":"","overlay-type":"","overlay-color":"","overlay-opacity":"","overlay-gradient":""},"mobile":{"background-color":"","background-image":"","background-repeat":"repeat","background-position":"center center","background-size":"auto","background-attachment":"scroll","background-type":"","background-media":"","overlay-type":"","overlay-color":"","overlay-opacity":"","overlay-gradient":""}},"ast-content-background-meta":{"desktop":{"background-color":"var(--ast-global-color-5)","background-image":"","background-repeat":"repeat","background-position":"center center","background-size":"auto","background-attachment":"scroll","background-type":"","background-media":"","overlay-type":"","overlay-color":"","overlay-opacity":"","overlay-gradient":""},"tablet":{"background-color":"var(--ast-global-color-5)","background-image":"","background-repeat":"repeat","background-position":"center center","background-size":"auto","background-attachment":"scroll","background-type":"","background-media":"","overlay-type":"","overlay-color":"","overlay-opacity":"","overlay-gradient":""},"mobile":{"background-color":"var(--ast-global-color-5)","background-image":"","background-repeat":"repeat","background-position":"center center","background-size":"auto","background-attachment":"scroll","background-type":"","background-media":"","overlay-type":"","overlay-color":"","overlay-opacity":"","overlay-gradient":""}},"footnotes":""},"class_list":["post-9455","page","type-page","status-publish","hentry"],"post_mailing_queue_ids":[],"_links":{"self":[{"href":"https:\/\/serveiseducatius.xtec.cat\/baixllobregat7\/wp-json\/wp\/v2\/pages\/9455","targetHints":{"allow":["GET"]}}],"collection":[{"href":"https:\/\/serveiseducatius.xtec.cat\/baixllobregat7\/wp-json\/wp\/v2\/pages"}],"about":[{"href":"https:\/\/serveiseducatius.xtec.cat\/baixllobregat7\/wp-json\/wp\/v2\/types\/page"}],"author":[{"embeddable":true,"href":"https:\/\/serveiseducatius.xtec.cat\/baixllobregat7\/wp-json\/wp\/v2\/users\/3"}],"replies":[{"embeddable":true,"href":"https:\/\/serveiseducatius.xtec.cat\/baixllobregat7\/wp-json\/wp\/v2\/comments?post=9455"}],"version-history":[{"count":3,"href":"https:\/\/serveiseducatius.xtec.cat\/baixllobregat7\/wp-json\/wp\/v2\/pages\/9455\/revisions"}],"predecessor-version":[{"id":10072,"href":"https:\/\/serveiseducatius.xtec.cat\/baixllobregat7\/wp-json\/wp\/v2\/pages\/9455\/revisions\/10072"}],"up":[{"embeddable":true,"href":"https:\/\/serveiseducatius.xtec.cat\/baixllobregat7\/wp-json\/wp\/v2\/pages\/9386"}],"wp:attachment":[{"href":"https:\/\/serveiseducatius.xtec.cat\/baixllobregat7\/wp-json\/wp\/v2\/media?parent=9455"}],"curies":[{"name":"wp","href":"https:\/\/api.w.org\/{rel}","templated":true}]}}