{"id":9386,"date":"2021-01-05T17:52:07","date_gmt":"2021-01-05T16:52:07","guid":{"rendered":"http:\/\/serveiseducatius.xtec.cat\/baixllobregat7\/?page_id=9386"},"modified":"2021-03-15T13:27:56","modified_gmt":"2021-03-15T12:27:56","slug":"entorns-virtuals-daprenentage","status":"publish","type":"page","link":"https:\/\/serveiseducatius.xtec.cat\/baixllobregat7\/entorns-virtuals-daprenentage\/","title":{"rendered":"Entorns virtuals d&#8217;aprenentage"},"content":{"rendered":"<table style=\"width: 628px; height: 798px;\">\n<tbody>\n<tr style=\"height: 203px;\">\n<td style=\"width: 283px; height: 203px;\"><img loading=\"lazy\" decoding=\"async\" class=\"wp-image-9388 aligncenter\" src=\"https:\/\/serveiseducatius.xtec.cat\/baixllobregat7\/wp-content\/uploads\/usu1179\/2021\/01\/moodle.png\" alt=\"\" width=\"197\" height=\"184\" \/><\/td>\n<td style=\"width: 337px; height: 203px;\"><img loading=\"lazy\" decoding=\"async\" class=\"size-full wp-image-9387 aligncenter\" src=\"https:\/\/serveiseducatius.xtec.cat\/baixllobregat7\/wp-content\/uploads\/usu1179\/2021\/01\/classroom.png\" alt=\"\" width=\"294\" height=\"187\" \/><\/td>\n<\/tr>\n<tr style=\"height: 123px;\">\n<td style=\"width: 622px; height: 123px;\" colspan=\"2\">\n<p style=\"text-align: center;\"><a href=\"https:\/\/agora.xtec.cat\/mobilsedu\/general\/orientacions-per-a-la-personalitzacio-de-leva-en-diferents-escenaris-educatius\/\" target=\"_blank\" rel=\"noopener noreferrer\">Orientacions per a la personalitzaci\u00f3 de l\u2019EVA en diferents escenaris educatius<\/a><\/p>\n<p style=\"text-align: center;\"><span style=\"font-size: 12pt;\"><a href=\"http:\/\/xtec.gencat.cat\/ca\/formacio\/formaciogeneralprofessorat\/cultura-digital\/\" target=\"_blank\" rel=\"noopener noreferrer\">Activitats de formaci\u00f3<\/a> de l&#8217;\u00e0rea de Cultura digital<br \/>\n(Kudis, MacroKudis, MOOC, Cursos telem\u00e0tics)<\/span><\/p>\n<\/td>\n<\/tr>\n<tr style=\"height: 438px;\">\n<td style=\"width: 283px; height: 438px;\"><span style=\"font-size: 12pt;\">Comenceu de zero? <a href=\"https:\/\/educaciodigital.cat\/moodle\/moodle\/\" target=\"_blank\" rel=\"noopener noreferrer\">Activeu el servei<\/a><\/span><\/p>\n<p><span style=\"font-size: 12pt;\"><a href=\"https:\/\/www.youtube.com\/watch?v=2ITS33774HE&amp;list=PLojIWF2RflCrzOmB69fdkj0o6SWNopon2\" target=\"_blank\" rel=\"noopener noreferrer\">Videotutorials<\/a>. Adre\u00e7ats a alumnat, a docents, a administradors<\/span><\/p>\n<p><a href=\"https:\/\/alexandria.xtec.cat\/mod\/forum\/discuss.php?d=329#p738\" target=\"_blank\" rel=\"noopener noreferrer\"><span style=\"font-size: 12pt;\">Propostes did\u00e0ctiques del 1r trimestre de diverses mat\u00e8ries<\/span><\/a> <span style=\"font-size: 12pt;\">de 5\u00e8 EPRI a 4t d&#8217;ESO<\/span><\/p>\n<p><a href=\"https:\/\/odissea.xtec.cat\/course\/view.php?id=64623\" target=\"_blank\" rel=\"noopener noreferrer\">Suport inicial al treball amb Moodle<\/a> (autoformaci\u00f3)<\/p>\n<p><a href=\"https:\/\/educaciodigital.cat\/esc-llevant\/moodle\" target=\"_blank\" rel=\"noopener noreferrer\">Cursos d&#8217;exemple o per descarregar<\/a><\/p>\n<p><span style=\"font-size: 12pt;\"><a href=\"https:\/\/educaciodigital.cat\/moodle\/moodle\/mod\/forum\/view.php?id=181\" target=\"_blank\" rel=\"noopener noreferrer\">F\u00f2rum de suport<\/a><\/span><\/p>\n<p><span style=\"font-size: 12pt;\">Seminari web <\/span><a href=\"https:\/\/youtu.be\/2ITS33774HE\" target=\"_blank\" rel=\"noopener noreferrer\"><span style=\"font-size: 12pt;\">Personalitzaci\u00f3, inclusivitat i atenci\u00f3 a l&#8217;alumnat en Moodle<\/span><\/a><\/td>\n<td style=\"width: 337px; vertical-align: top; height: 438px;\"><span style=\"font-size: 12pt;\">Comenceu des de zero?<\/span> <a href=\"https:\/\/serveiseducatius.xtec.cat\/baixllobregat7\/cultura-digital\/entorns-virtuals-daprenentage\/passos-previs-per-a-google-classroom\/\"><span style=\"font-size: 12pt;\">Passos previs<\/span><\/a><\/p>\n<p><span style=\"font-size: 12pt;\">Si ja teniu el servei Classroom activat, consulteu la nostra guia <a href=\"https:\/\/serveiseducatius.xtec.cat\/baixllobregat7\/cultura-digital\/entorns-virtuals-daprenentage\/comencar-google-classroom\/\" rel=\"noopener noreferrer\">Iniciaci\u00f3 a Google Classroom<\/a><\/span><\/p>\n<p><span style=\"font-size: 12pt;\"><a href=\"https:\/\/www.youtube.com\/playlist?list=PLojIWF2RflCqoS7PZtokzcVB0FjtVWbyb\" target=\"_blank\" rel=\"noopener noreferrer\">Videotutorials<\/a>. Adre\u00e7ats a alumnat, a docents, a administradors<\/span><\/p>\n<p><span style=\"font-size: 12pt;\"><a href=\"https:\/\/ateneu.xtec.cat\/wikiform\/wikiexport\/cmd\/tac\/treballaralnuvol\/treballalaula\/classroom\" target=\"_blank\" rel=\"noopener noreferrer\">Materials de formaci\u00f3<\/a> (Ateneu)<\/span><\/td>\n<\/tr>\n<tr style=\"height: 34px;\">\n<td style=\"width: 622px; height: 34px;\" colspan=\"2\">\n<p style=\"text-align: center;\"><span style=\"font-size: 12pt;\"><span style=\"font-size: 12pt;\"><a href=\"https:\/\/view.genial.ly\/5ee1fb1dc232630cedc59f1c\/horizontal-infographic-lists-moodle-i-classroom\" target=\"_blank\" rel=\"noopener noreferrer\">Comparacio Moodle-Eix \/ Classrooom<\/a> <\/span><span style=\"font-size: 12pt;\">(CRP GIrona)<\/span><\/span><\/p>\n<\/td>\n<\/tr>\n<\/tbody>\n<\/table>\n<p><strong>Experi\u00e8ncies compartides<\/strong><\/p>\n<ul>\n<li><a href=\"https:\/\/youtu.be\/y_gtMPy2Hh8\" target=\"_blank\" rel=\"noopener noreferrer\">Aprofitament did\u00e0ctic del Moodle<\/a> (abril 2020), amb les escoles ESC Mari\u00e0 Fortuny, ZER Espernallac i a l\u2019ESC l\u2019Antina que explicaran com han comen\u00e7at a utilitzar el Moodle en el suport telem\u00e0tic al seu alumnat.<\/li>\n<li><a href=\"https:\/\/projectes.xtec.cat\/transformaciodigital\/projectes\/\" target=\"_blank\" rel=\"noopener noreferrer\">Propostes did\u00e0ctiques<\/a> 2019-20 a la web Transformaci\u00f3 digital de centre<\/li>\n<li>V\u00eddeos de les presentacions de la <a href=\"https:\/\/blocs.xtec.cat\/jornadatdxtcd\/\" target=\"_blank\" rel=\"noopener noreferrer\">Jornada cloenda TDC i XTCD<\/a> (Transformaci\u00f3 digital de centre i Xarxa territorial de Cultura digital)<\/li>\n<li><a href=\"https:\/\/www.youtube.com\/playlist?list=PLqXtnFS2kbM0YVAduxGr8XQpqmDSYmyRh\" target=\"_blank\" rel=\"noopener noreferrer\">Inspirando aulas conectadas<\/a> (GEG Spain)<\/li>\n<\/ul>\n<p><strong>Orientacions metodol\u00f2giques<\/strong><\/p>\n<ul>\n<li><a href=\"http:\/\/xtec.gencat.cat\/ca\/recursos\/orientacions-confinament\/\" target=\"_blank\" rel=\"noopener noreferrer\">Orientacions del Departament davant d&#8217;una situaci\u00f3 de confinament<\/a><\/li>\n<li><a href=\"http:\/\/xtec.gencat.cat\/web\/.content\/centres\/centres-educatius-en-linia\/Orientacions-per-a-la-personalitzacio-entorn-virtual-aprenentatge.pdf\" target=\"_blank\" rel=\"noopener noreferrer\">Orientacions per a la personalitzaci\u00f3 de l\u2019entorn virtual d\u2019aprenentatge en diferents escenaris educatius<\/a><\/li>\n<li><a href=\"http:\/\/xtec.gencat.cat\/ca\/recursos\/activitats-autoaprenentatge\/models-de-propostes-didactiques\/\" target=\"_blank\" rel=\"noopener noreferrer\">Models de propostes did\u00e0ctiques en clau competencial<\/a><\/li>\n<li><a href=\"http:\/\/xtec.gencat.cat\/ca\/curriculum\/diversitat-i-inclusio\/projectes-educatius-inclusius\/disseny-universal-per-a-laprenentatge\/\" target=\"_blank\" rel=\"noopener noreferrer\">DUA<\/a> (Disseny universal per a l&#8217;aprenentatge)\n<ul>\n<li>Proporcionar m\u00faltiples maneres de comprometre&#8217;s<\/li>\n<li>Proporcionar m\u00faltiples maneres de representaci\u00f3<\/li>\n<li>Proporcionar m\u00faltiples maneres per a l&#8217;acci\u00f3 i l&#8217;expressi\u00f3<\/li>\n<\/ul>\n<\/li>\n<li><a href=\"http:\/\/atenciociutadana.gencat.cat\/ca\/serveis\/webs\/accessibilitat\/Dissenyant-per-laccessibilitat\/\" target=\"_blank\" rel=\"noopener noreferrer\">Dissenyant per a a l&#8217;accessibilitat<\/a><\/li>\n<\/ul>\n","protected":false},"excerpt":{"rendered":"<p>Orientacions per a la personalitzaci\u00f3 de l\u2019EVA en diferents escenaris educatius Activitats de formaci\u00f3 de l&#8217;\u00e0rea de Cultura digital (Kudis, MacroKudis, MOOC, Cursos telem\u00e0tics) Comenceu de zero? Activeu el servei Videotutorials. Adre\u00e7ats a alumnat, a docents, a administradors Propostes did\u00e0ctiques del 1r trimestre de diverses mat\u00e8ries de 5\u00e8 EPRI a 4t d&#8217;ESO Suport inicial al [&hellip;]<\/p>\n","protected":false},"author":3,"featured_media":0,"parent":0,"menu_order":0,"comment_status":"closed","ping_status":"closed","template":"","meta":{"_bbp_topic_count":0,"_bbp_reply_count":0,"_bbp_total_topic_count":0,"_bbp_total_reply_count":0,"_bbp_voice_count":0,"_bbp_anonymous_reply_count":0,"_bbp_topic_count_hidden":0,"_bbp_reply_count_hidden":0,"_bbp_forum_subforum_count":0,"site-sidebar-layout":"default","site-content-layout":"","ast-site-content-layout":"","site-content-style":"default","site-sidebar-style":"default","ast-global-header-display":"","ast-banner-title-visibility":"","ast-main-header-display":"","ast-hfb-above-header-display":"","ast-hfb-below-header-display":"","ast-hfb-mobile-header-display":"","site-post-title":"","ast-breadcrumbs-content":"","ast-featured-img":"","footer-sml-layout":"","theme-transparent-header-meta":"","adv-header-id-meta":"","stick-header-meta":"","header-above-stick-meta":"","header-main-stick-meta":"","header-below-stick-meta":"","astra-migrate-meta-layouts":"default","ast-page-background-enabled":"default","ast-page-background-meta":{"desktop":{"background-color":"var(--ast-global-color-4)","background-image":"","background-repeat":"repeat","background-position":"center center","background-size":"auto","background-attachment":"scroll","background-type":"","background-media":"","overlay-type":"","overlay-color":"","overlay-opacity":"","overlay-gradient":""},"tablet":{"background-color":"","background-image":"","background-repeat":"repeat","background-position":"center center","background-size":"auto","background-attachment":"scroll","background-type":"","background-media":"","overlay-type":"","overlay-color":"","overlay-opacity":"","overlay-gradient":""},"mobile":{"background-color":"","background-image":"","background-repeat":"repeat","background-position":"center center","background-size":"auto","background-attachment":"scroll","background-type":"","background-media":"","overlay-type":"","overlay-color":"","overlay-opacity":"","overlay-gradient":""}},"ast-content-background-meta":{"desktop":{"background-color":"var(--ast-global-color-5)","background-image":"","background-repeat":"repeat","background-position":"center center","background-size":"auto","background-attachment":"scroll","background-type":"","background-media":"","overlay-type":"","overlay-color":"","overlay-opacity":"","overlay-gradient":""},"tablet":{"background-color":"var(--ast-global-color-5)","background-image":"","background-repeat":"repeat","background-position":"center center","background-size":"auto","background-attachment":"scroll","background-type":"","background-media":"","overlay-type":"","overlay-color":"","overlay-opacity":"","overlay-gradient":""},"mobile":{"background-color":"var(--ast-global-color-5)","background-image":"","background-repeat":"repeat","background-position":"center center","background-size":"auto","background-attachment":"scroll","background-type":"","background-media":"","overlay-type":"","overlay-color":"","overlay-opacity":"","overlay-gradient":""}},"footnotes":""},"class_list":["post-9386","page","type-page","status-publish","hentry"],"post_mailing_queue_ids":[],"_links":{"self":[{"href":"https:\/\/serveiseducatius.xtec.cat\/baixllobregat7\/wp-json\/wp\/v2\/pages\/9386","targetHints":{"allow":["GET"]}}],"collection":[{"href":"https:\/\/serveiseducatius.xtec.cat\/baixllobregat7\/wp-json\/wp\/v2\/pages"}],"about":[{"href":"https:\/\/serveiseducatius.xtec.cat\/baixllobregat7\/wp-json\/wp\/v2\/types\/page"}],"author":[{"embeddable":true,"href":"https:\/\/serveiseducatius.xtec.cat\/baixllobregat7\/wp-json\/wp\/v2\/users\/3"}],"replies":[{"embeddable":true,"href":"https:\/\/serveiseducatius.xtec.cat\/baixllobregat7\/wp-json\/wp\/v2\/comments?post=9386"}],"version-history":[{"count":3,"href":"https:\/\/serveiseducatius.xtec.cat\/baixllobregat7\/wp-json\/wp\/v2\/pages\/9386\/revisions"}],"predecessor-version":[{"id":10073,"href":"https:\/\/serveiseducatius.xtec.cat\/baixllobregat7\/wp-json\/wp\/v2\/pages\/9386\/revisions\/10073"}],"wp:attachment":[{"href":"https:\/\/serveiseducatius.xtec.cat\/baixllobregat7\/wp-json\/wp\/v2\/media?parent=9386"}],"curies":[{"name":"wp","href":"https:\/\/api.w.org\/{rel}","templated":true}]}}