{"id":8852,"date":"2020-11-26T12:43:26","date_gmt":"2020-11-26T11:43:26","guid":{"rendered":"http:\/\/serveiseducatius.xtec.cat\/baixllobregat7\/?page_id=8852"},"modified":"2024-09-25T16:55:40","modified_gmt":"2024-09-25T14:55:40","slug":"usuari-xtec","status":"publish","type":"page","link":"https:\/\/serveiseducatius.xtec.cat\/baixllobregat7\/gestions-administratives\/usuari-xtec\/","title":{"rendered":"Usuari i contrasenya XTEC"},"content":{"rendered":"<h5><strong>Alta inicial d&#8217;usuari XTEC<\/strong><\/h5>\n<p>Has d&#8217;emplenar el formulari <strong><em>Alta sol\u00b7licitud per nou usuari XTEC.<\/em><\/strong> A m\u00e9s de les teves dades personals, haur\u00e0s d&#8217;informar una adre\u00e7a de correu alternativa que ser\u00e0 on t&#8217;arribaran les instruccions per a l&#8217;activaci\u00f3 del compte XTEC.<\/p>\n<ul>\n<li><a href=\"https:\/\/aplicacions.gestioeducativa.gencat.cat\/pls\/apex\/f?p=GUX_PUB:41:0:\" target=\"_blank\" rel=\"noopener\">Acc\u00e9s al formulari<\/a><\/li>\n<\/ul>\n<p><img loading=\"lazy\" decoding=\"async\" class=\"aligncenter size-medium wp-image-13316\" src=\"https:\/\/serveiseducatius.xtec.cat\/baixllobregat7\/wp-content\/uploads\/usu1179\/2023\/11\/alta-usuari-300x104.png\" alt=\"\" width=\"300\" height=\"104\" srcset=\"https:\/\/serveiseducatius.xtec.cat\/baixllobregat7\/wp-content\/uploads\/usu1179\/2023\/11\/alta-usuari-300x104.png 300w, https:\/\/serveiseducatius.xtec.cat\/baixllobregat7\/wp-content\/uploads\/usu1179\/2023\/11\/alta-usuari.png 678w\" sizes=\"auto, (max-width: 300px) 100vw, 300px\" \/><\/p>\n<ul>\n<li>Un cop envi\u00efs la sol\u00b7licitud, t&#8217;arribar\u00e0 un missatge de confirmaci\u00f3 a aquesta adre\u00e7a de correu alternativa. Haur\u00e0s de validar aquest missatge (compte, que no el tinguis a Spam)<\/li>\n<li>Despr\u00e9s, haur\u00e0s de demanar a la Direcci\u00f3 del centre que accedeixi a l&#8217;aplicaci\u00f3 <strong><em>Gesti\u00f3 d&#8217;usuaris XTEC<\/em><\/strong> per validar la sol\u00b7licitud.<\/li>\n<li>Per acabar, rebr\u00e0s un nou missatge a l&#8217;adre\u00e7a alternativa amb les instruccions finals.<\/li>\n<li><strong style=\"font-family: inherit; font-size: 1em;\">Validaci\u00f3 de la sol\u00b7licitud<\/strong>. Ho ha de fer el\/la Director\/a del centre, a l&#8217;aplicatiu <a href=\"http:\/\/aplicacions.gestioeducativa.gencat.cat\/pls\/apex\/f?p=GUX\" target=\"_blank\" rel=\"noopener\"><em><strong>Gesti\u00f3 d&#8217;usuaris XTEC<\/strong><\/em><\/a><span style=\"font-family: inherit; font-size: 1em;\">\u00a0(amb credencials GICAR)<\/span><\/li>\n<li style=\"list-style-type: none;\">\n<ul>\n<li>Desplegar el men\u00fa <em><strong>Sol\u00b7licituds<\/strong><\/em>.<\/li>\n<li>Localitzar el nom de la persona i polsar la icona del llapis per desplegar les dades de la sol\u00b7licitud<\/li>\n<li>Comprovar que hi ha incl\u00f2s una adre\u00e7a de correu alternativa<\/li>\n<li>Polsar el bot\u00f3 de validaci\u00f3<\/li>\n<li>Arribar\u00e0 un missatge a l&#8217;adre\u00e7a alternativa de la persona interessada, amb les instruccions per acabar la creaci\u00f3 de l&#8217;usuari i la contrasenya XTEC<\/li>\n<\/ul>\n<\/li>\n<\/ul>\n<h5><strong>Canvi de contrasenya<\/strong><\/h5>\n<p>Has de fer un canvi de contrasenya cada 6 mesos. No facis el canvi en cap aplicaci\u00f3 Google. Necess\u00e0riament ho has de fer a l&#8217;aplicaci\u00f3 XTEC: <a href=\"https:\/\/aplicacions.gestioeducativa.gencat.cat\/pls\/apex\/f?p=GUX_PUB:99\" target=\"_blank\" rel=\"noopener\"><span style=\"color: #0000ff;\">https:\/\/aplicacions.gestioeducativa.gencat.cat\/pls\/apex\/f?p=GUX_PUB:99<\/span><\/a>. Altrament, no funcionaran tots els serveis associats al compte XTEC.<\/p>\n<p style=\"text-align: center;\"><img loading=\"lazy\" decoding=\"async\" class=\"aligncenter wp-image-13314 size-medium\" src=\"https:\/\/serveiseducatius.xtec.cat\/baixllobregat7\/wp-content\/uploads\/usu1179\/2023\/11\/canvi-contrasenya-300x106.png\" alt=\"\" width=\"300\" height=\"106\" srcset=\"https:\/\/serveiseducatius.xtec.cat\/baixllobregat7\/wp-content\/uploads\/usu1179\/2023\/11\/canvi-contrasenya-300x106.png 300w, https:\/\/serveiseducatius.xtec.cat\/baixllobregat7\/wp-content\/uploads\/usu1179\/2023\/11\/canvi-contrasenya.png 343w\" sizes=\"auto, (max-width: 300px) 100vw, 300px\" \/><\/p>\n<h5><strong>Recuperaci\u00f3 de contrasenya<\/strong><\/h5>\n<p>En cas que no recordis la contrasenya actual, pots intentar generar-ne una nova.<\/p>\n<ul>\n<li>Haur\u00e0s d&#8217;emplenar aquest formulari <span style=\"color: #0000ff;\"><a style=\"color: #0000ff;\" href=\"https:\/\/aplicacions.gestioeducativa.gencat.cat\/pls\/apex\/f?p=GUX_PUB:41:0:\" target=\"_blank\" rel=\"noopener\">https:\/\/aplicacions.gestioeducativa.gencat.cat\/pls\/apex\/f?p=GUX_PUB:41:0:<\/a> <\/span>que, en realitat,<\/li>\n<li>De fet, \u00e9s el mateix formulari que vas emplenar quan vas demanar l&#8217;alta inicial. Per\u00f2 el <span style=\"font-family: inherit; font-size: 1em;\">sistema detectar\u00e0 que l&#8217;usuari ja existeix (perqu\u00e8 reconeix el DNI) i en lloc de crear un nou usuari tramitar\u00e0 la teva sol\u00b7licitud de recuperaci\u00f3.<\/span><\/li>\n<\/ul>\n<p><img loading=\"lazy\" decoding=\"async\" class=\"aligncenter wp-image-13315 \" src=\"https:\/\/serveiseducatius.xtec.cat\/baixllobregat7\/wp-content\/uploads\/usu1179\/2023\/11\/recuperacio-contrasenya.png\" alt=\"\" width=\"666\" height=\"159\" srcset=\"https:\/\/serveiseducatius.xtec.cat\/baixllobregat7\/wp-content\/uploads\/usu1179\/2023\/11\/recuperacio-contrasenya.png 934w, https:\/\/serveiseducatius.xtec.cat\/baixllobregat7\/wp-content\/uploads\/usu1179\/2023\/11\/recuperacio-contrasenya-300x72.png 300w, https:\/\/serveiseducatius.xtec.cat\/baixllobregat7\/wp-content\/uploads\/usu1179\/2023\/11\/recuperacio-contrasenya-768x183.png 768w\" sizes=\"auto, (max-width: 666px) 100vw, 666px\" \/><\/p>\n<ul>\n<li>Despr\u00e9s haur\u00e0s de demanar a la Direcci\u00f3 del teu centre que accedeixi a l&#8217;aplicaci\u00f3 <em><strong>Gesti\u00f3 d&#8217;Usuaris XTEC<\/strong><\/em>\u00a0i validi la sol\u00b7licitud.<\/li>\n<li>Finalment, rebr\u00e0s un missatge (a l\u2019adre\u00e7a de correu alternativa) amb un enlla\u00e7 per acabar el proc\u00e9s.<\/li>\n<\/ul>\n<h5><strong>Desbloquejar usuaris XTEC o recuperar contrasenyes (La direcci\u00f3 del centre)<\/strong><\/h5>\n<p>Si se t&#8217;ha bloquejat el compte XTEC (probablement perqu\u00e8 no has fet el canvi de contrasenya quan correspon), disposes d&#8217;uns dies perqu\u00e8 la\u00a0Direcci\u00f3 del centre pugui desbloquejar-lo accedint a l&#8217;aplicaci\u00f3 Gesti\u00f3 d&#8217;usuaris XTEC: <a href=\"http:\/\/aplicacions.gestioeducativa.gencat.cat\/pls\/apex\/f?p=GUX\" target=\"_blank\" rel=\"noopener\">http:\/\/aplicacions.gestioeducativa.gencat.cat\/pls\/apex\/f?p=GUX<\/a><\/p>\n<p style=\"padding-left: 40px;\"><span style=\"font-size: 10pt;\">En cas que siguis jubilat\/da o docent que est\u00e0 a la borsa, envia un missatge a duplicat@xtec.cat, indicar NIF, nom i cognoms,<br \/>\ncorreu XTEC a desbloquejar o per restablir contrasenya, correu alternatiu (no XTEC) i tel\u00e8fon de contacte per si t&#8217;haguessin de trucar.<\/span><\/p>\n<ul>\n<li>Haur\u00e0 d&#8217;accedir a l\u2019apartat \u201c<strong>Gesti\u00f3 d\u2019usuaris<\/strong>\u201d. Es desplegar\u00e0 la finestra <strong>Consulta d&#8217;usuaris<\/strong>.<\/li>\n<\/ul>\n<p><a href=\"https:\/\/serveiseducatius.xtec.cat\/baixllobregat7\/wp-content\/uploads\/usu1179\/2024\/09\/image.png\"><img loading=\"lazy\" decoding=\"async\" class=\"aligncenter size-large wp-image-14336\" src=\"https:\/\/serveiseducatius.xtec.cat\/baixllobregat7\/wp-content\/uploads\/usu1179\/2024\/09\/image-1024x447.png\" alt=\"\" width=\"1024\" height=\"447\" srcset=\"https:\/\/serveiseducatius.xtec.cat\/baixllobregat7\/wp-content\/uploads\/usu1179\/2024\/09\/image-1024x447.png 1024w, https:\/\/serveiseducatius.xtec.cat\/baixllobregat7\/wp-content\/uploads\/usu1179\/2024\/09\/image-300x131.png 300w, https:\/\/serveiseducatius.xtec.cat\/baixllobregat7\/wp-content\/uploads\/usu1179\/2024\/09\/image-768x335.png 768w, https:\/\/serveiseducatius.xtec.cat\/baixllobregat7\/wp-content\/uploads\/usu1179\/2024\/09\/image-1536x670.png 1536w, https:\/\/serveiseducatius.xtec.cat\/baixllobregat7\/wp-content\/uploads\/usu1179\/2024\/09\/image.png 1910w\" sizes=\"auto, (max-width: 1024px) 100vw, 1024px\" \/><\/a><\/p>\n<ul>\n<li>Pot polsar la <strong>icona de la lupa<\/strong> al peu de la p\u00e0gina per mostrar el llistat de totes persones del centre on s&#8217;indica si n&#8217;hi ha cap <strong>Bloquejat<\/strong>.<br \/>\nO es pot cercar una persona concreta emplenant, per exmeple, el camp usuari o cognom&#8230; i posant despr\u00e9s la icona de la lupa.<\/li>\n<\/ul>\n<p style=\"text-align: center;\"><a href=\"https:\/\/serveiseducatius.xtec.cat\/baixllobregat7\/wp-content\/uploads\/usu1179\/2024\/09\/image-1.png\"><img loading=\"lazy\" decoding=\"async\" class=\"aligncenter size-full wp-image-14335\" src=\"https:\/\/serveiseducatius.xtec.cat\/baixllobregat7\/wp-content\/uploads\/usu1179\/2024\/09\/image-1.png\" alt=\"\" width=\"653\" height=\"396\" srcset=\"https:\/\/serveiseducatius.xtec.cat\/baixllobregat7\/wp-content\/uploads\/usu1179\/2024\/09\/image-1.png 653w, https:\/\/serveiseducatius.xtec.cat\/baixllobregat7\/wp-content\/uploads\/usu1179\/2024\/09\/image-1-300x182.png 300w\" sizes=\"auto, (max-width: 653px) 100vw, 653px\" \/><\/a><\/p>\n<ul>\n<li>Un cop localitzat el nom de la persona, es polsa la <strong>icona del llapis<\/strong> que hi ha a l&#8217;esquerra i s&#8217;accedeix a les dades d&#8217;aquella persona<\/li>\n<li>Cal assegurar-se que aquella persona tingui una <strong>adre\u00e7a de correu alternativa<\/strong> perqu\u00e8 ser\u00e0 all\u00e0 on rebr\u00e0 les instruccions. Si cal, es pot escriure, ara, aquesta adre\u00e7a de correu alternativa.<\/li>\n<\/ul>\n<p><a href=\"https:\/\/serveiseducatius.xtec.cat\/baixllobregat7\/wp-content\/uploads\/usu1179\/2024\/09\/image-2.png\"><img loading=\"lazy\" decoding=\"async\" class=\"aligncenter size-full wp-image-14337\" src=\"https:\/\/serveiseducatius.xtec.cat\/baixllobregat7\/wp-content\/uploads\/usu1179\/2024\/09\/image-2.png\" alt=\"\" width=\"831\" height=\"392\" srcset=\"https:\/\/serveiseducatius.xtec.cat\/baixllobregat7\/wp-content\/uploads\/usu1179\/2024\/09\/image-2.png 831w, https:\/\/serveiseducatius.xtec.cat\/baixllobregat7\/wp-content\/uploads\/usu1179\/2024\/09\/image-2-300x142.png 300w, https:\/\/serveiseducatius.xtec.cat\/baixllobregat7\/wp-content\/uploads\/usu1179\/2024\/09\/image-2-768x362.png 768w\" sizes=\"auto, (max-width: 831px) 100vw, 831px\" \/><\/a><\/p>\n<ul>\n<li>Finalment, a sota de les dades, cal polsar el bot\u00f3 <strong style=\"font-family: inherit; font-size: 1em;\">Reactivar usuari<\/strong><span style=\"font-family: inherit; font-size: 1em;\"> (o b\u00e9 <\/span><strong style=\"font-family: inherit; font-size: 1em;\">Regenerar la contrasenya<\/strong><span style=\"font-family: inherit; font-size: 1em;\">).<\/span><\/li>\n<li>Finalment, el sistema envia un missatge a l&#8217;adre\u00e7a de correu alternativa (de l&#8217;usuari afectat) amb instruccions<\/li>\n<\/ul>\n<h5><strong style=\"font-family: inherit; font-size: 1em;\">M\u00e9s informaci\u00f3<\/strong><\/h5>\n<ul>\n<li><span style=\"font-family: inherit; font-size: 1em;\">Web <\/span><strong style=\"font-family: inherit; font-size: 1em;\"><a href=\"http:\/\/xtec.gencat.cat\/ca\/at_usuari\/gestio\/\" target=\"_blank\" rel=\"noopener noreferrer\">XTEC \/ Atenci\u00f3 a l&#8217;usuari \/ Gesti\u00f3 d&#8217;usuaris<\/a><\/strong><\/li>\n<li><span style=\"font-size: 12pt;\">Tamb\u00e9 podeu consultar l&#8217;article: <\/span><strong style=\"font-family: inherit; font-size: 1em;\"><span style=\"font-size: 12pt;\"><a href=\"https:\/\/serveiseducatius.xtec.cat\/baixllobregat7\/portada\/us-aclariu-amb-els-usuaris-xtec-i-gicar\/\"><em>Us aclariu amb els usuaris XTEC i GICAR?<\/em><\/a><\/span><\/strong><\/li>\n<\/ul>\n","protected":false},"excerpt":{"rendered":"<p>Alta inicial d&#8217;usuari XTEC Has d&#8217;emplenar el formulari Alta sol\u00b7licitud per nou usuari XTEC. A m\u00e9s de les teves dades personals, haur\u00e0s d&#8217;informar una adre\u00e7a de correu alternativa que ser\u00e0 on t&#8217;arribaran les instruccions per a l&#8217;activaci\u00f3 del compte XTEC. Acc\u00e9s al formulari Un cop envi\u00efs la sol\u00b7licitud, t&#8217;arribar\u00e0 un missatge de confirmaci\u00f3 a aquesta [&hellip;]<\/p>\n","protected":false},"author":3,"featured_media":0,"parent":8849,"menu_order":0,"comment_status":"closed","ping_status":"closed","template":"","meta":{"_bbp_topic_count":0,"_bbp_reply_count":0,"_bbp_total_topic_count":0,"_bbp_total_reply_count":0,"_bbp_voice_count":0,"_bbp_anonymous_reply_count":0,"_bbp_topic_count_hidden":0,"_bbp_reply_count_hidden":0,"_bbp_forum_subforum_count":0,"site-sidebar-layout":"default","site-content-layout":"","ast-site-content-layout":"","site-content-style":"default","site-sidebar-style":"default","ast-global-header-display":"","ast-banner-title-visibility":"","ast-main-header-display":"","ast-hfb-above-header-display":"","ast-hfb-below-header-display":"","ast-hfb-mobile-header-display":"","site-post-title":"","ast-breadcrumbs-content":"","ast-featured-img":"","footer-sml-layout":"","theme-transparent-header-meta":"","adv-header-id-meta":"","stick-header-meta":"","header-above-stick-meta":"","header-main-stick-meta":"","header-below-stick-meta":"","astra-migrate-meta-layouts":"default","ast-page-background-enabled":"default","ast-page-background-meta":{"desktop":{"background-color":"var(--ast-global-color-4)","background-image":"","background-repeat":"repeat","background-position":"center center","background-size":"auto","background-attachment":"scroll","background-type":"","background-media":"","overlay-type":"","overlay-color":"","overlay-opacity":"","overlay-gradient":""},"tablet":{"background-color":"","background-image":"","background-repeat":"repeat","background-position":"center center","background-size":"auto","background-attachment":"scroll","background-type":"","background-media":"","overlay-type":"","overlay-color":"","overlay-opacity":"","overlay-gradient":""},"mobile":{"background-color":"","background-image":"","background-repeat":"repeat","background-position":"center center","background-size":"auto","background-attachment":"scroll","background-type":"","background-media":"","overlay-type":"","overlay-color":"","overlay-opacity":"","overlay-gradient":""}},"ast-content-background-meta":{"desktop":{"background-color":"var(--ast-global-color-5)","background-image":"","background-repeat":"repeat","background-position":"center center","background-size":"auto","background-attachment":"scroll","background-type":"","background-media":"","overlay-type":"","overlay-color":"","overlay-opacity":"","overlay-gradient":""},"tablet":{"background-color":"var(--ast-global-color-5)","background-image":"","background-repeat":"repeat","background-position":"center center","background-size":"auto","background-attachment":"scroll","background-type":"","background-media":"","overlay-type":"","overlay-color":"","overlay-opacity":"","overlay-gradient":""},"mobile":{"background-color":"var(--ast-global-color-5)","background-image":"","background-repeat":"repeat","background-position":"center center","background-size":"auto","background-attachment":"scroll","background-type":"","background-media":"","overlay-type":"","overlay-color":"","overlay-opacity":"","overlay-gradient":""}},"footnotes":""},"class_list":["post-8852","page","type-page","status-publish","hentry"],"post_mailing_queue_ids":[],"_links":{"self":[{"href":"https:\/\/serveiseducatius.xtec.cat\/baixllobregat7\/wp-json\/wp\/v2\/pages\/8852","targetHints":{"allow":["GET"]}}],"collection":[{"href":"https:\/\/serveiseducatius.xtec.cat\/baixllobregat7\/wp-json\/wp\/v2\/pages"}],"about":[{"href":"https:\/\/serveiseducatius.xtec.cat\/baixllobregat7\/wp-json\/wp\/v2\/types\/page"}],"author":[{"embeddable":true,"href":"https:\/\/serveiseducatius.xtec.cat\/baixllobregat7\/wp-json\/wp\/v2\/users\/3"}],"replies":[{"embeddable":true,"href":"https:\/\/serveiseducatius.xtec.cat\/baixllobregat7\/wp-json\/wp\/v2\/comments?post=8852"}],"version-history":[{"count":7,"href":"https:\/\/serveiseducatius.xtec.cat\/baixllobregat7\/wp-json\/wp\/v2\/pages\/8852\/revisions"}],"predecessor-version":[{"id":14339,"href":"https:\/\/serveiseducatius.xtec.cat\/baixllobregat7\/wp-json\/wp\/v2\/pages\/8852\/revisions\/14339"}],"up":[{"embeddable":true,"href":"https:\/\/serveiseducatius.xtec.cat\/baixllobregat7\/wp-json\/wp\/v2\/pages\/8849"}],"wp:attachment":[{"href":"https:\/\/serveiseducatius.xtec.cat\/baixllobregat7\/wp-json\/wp\/v2\/media?parent=8852"}],"curies":[{"name":"wp","href":"https:\/\/api.w.org\/{rel}","templated":true}]}}