{"id":416,"date":"2015-11-25T15:58:53","date_gmt":"2015-11-25T14:58:53","guid":{"rendered":"http:\/\/serveiseducatius.xtec.cat\/baixllobregat7\/?page_id=416"},"modified":"2020-11-10T14:00:06","modified_gmt":"2020-11-10T13:00:06","slug":"formacio","status":"publish","type":"page","link":"https:\/\/serveiseducatius.xtec.cat\/baixllobregat7\/formacio\/","title":{"rendered":"Formaci\u00f3"},"content":{"rendered":"<p><a href=\"https:\/\/serveiseducatius.xtec.cat\/baixllobregat7\/categoria\/formacio\/pfz\/\"><img loading=\"lazy\" decoding=\"async\" class=\"wp-image-8260 alignleft\" src=\"https:\/\/serveiseducatius.xtec.cat\/baixllobregat7\/wp-content\/uploads\/usu1179\/2020\/11\/logopfz_2020-2021.png\" alt=\"\" width=\"187\" height=\"161\" srcset=\"https:\/\/serveiseducatius.xtec.cat\/baixllobregat7\/wp-content\/uploads\/usu1179\/2020\/11\/logopfz_2020-2021.png 727w, https:\/\/serveiseducatius.xtec.cat\/baixllobregat7\/wp-content\/uploads\/usu1179\/2020\/11\/logopfz_2020-2021-300x259.png 300w\" sizes=\"auto, (max-width: 187px) 100vw, 187px\" \/><\/a>El Departament d\u2019Educaci\u00f3, amb la finalitat d\u2019actualitzar el model de formaci\u00f3 del professorat, que inclou entre d\u2019altres actuacions la incorporaci\u00f3 de noves modalitats, i per tal de garantir la innovaci\u00f3, la transfer\u00e8ncia i l\u2019impacte de la formaci\u00f3 permanent del professorat en el conjunt dels centres estableix els seg\u00fcents objectius plurianuals.<\/p>\n<p>En aquests moments els objectius de formaci\u00f3 s\u2019aglutinen al voltant d\u2019uns factors clau d\u2019acord amb els reptes que la nostra societat planteja i encarrega al sistema educatiu. Dins aquests factors clau es troba l\u2019assoliment d\u2019una educaci\u00f3 per a tothom en el marc de\u00a0<strong>l\u2019escola inclusiva<\/strong>. Igualment, s\u2019escau l\u2019actualitzaci\u00f3 de les metodologies i la gesti\u00f3 d\u2019aula que possibilitin la incorporaci\u00f3 del\u00a0<strong>model competencial d\u2019ensenyament- aprenentatge<\/strong>\u00a0arreu, amb una forta pres\u00e8ncia de les compet\u00e8ncies de l\u2019alumnat associades a la\u00a0<strong>dimensi\u00f3 pluriling\u00fce<\/strong>. Els centres docents en la seva diversitat s\u00f3n espais d\u2019aprenentatge que han d\u2019afavorir l\u2019assoliment de les compet\u00e8ncies transversals que inclouen\u00a0<strong>la conviv\u00e8ncia.<\/strong><\/p>\n","protected":false},"excerpt":{"rendered":"<p>El Departament d\u2019Educaci\u00f3, amb la finalitat d\u2019actualitzar el model de formaci\u00f3 del professorat, que inclou entre d\u2019altres actuacions la incorporaci\u00f3 de noves modalitats, i per tal de garantir la innovaci\u00f3, la transfer\u00e8ncia i l\u2019impacte de la formaci\u00f3 permanent del professorat en el conjunt dels centres estableix els seg\u00fcents objectius plurianuals. En aquests moments els objectius [&hellip;]<\/p>\n","protected":false},"author":1,"featured_media":0,"parent":0,"menu_order":0,"comment_status":"closed","ping_status":"closed","template":"","meta":{"_bbp_topic_count":0,"_bbp_reply_count":0,"_bbp_total_topic_count":0,"_bbp_total_reply_count":0,"_bbp_voice_count":0,"_bbp_anonymous_reply_count":0,"_bbp_topic_count_hidden":0,"_bbp_reply_count_hidden":0,"_bbp_forum_subforum_count":0,"site-sidebar-layout":"default","site-content-layout":"","ast-site-content-layout":"","site-content-style":"default","site-sidebar-style":"default","ast-global-header-display":"","ast-banner-title-visibility":"","ast-main-header-display":"","ast-hfb-above-header-display":"","ast-hfb-below-header-display":"","ast-hfb-mobile-header-display":"","site-post-title":"","ast-breadcrumbs-content":"","ast-featured-img":"","footer-sml-layout":"","theme-transparent-header-meta":"","adv-header-id-meta":"","stick-header-meta":"","header-above-stick-meta":"","header-main-stick-meta":"","header-below-stick-meta":"","astra-migrate-meta-layouts":"default","ast-page-background-enabled":"default","ast-page-background-meta":{"desktop":{"background-color":"var(--ast-global-color-4)","background-image":"","background-repeat":"repeat","background-position":"center center","background-size":"auto","background-attachment":"scroll","background-type":"","background-media":"","overlay-type":"","overlay-color":"","overlay-opacity":"","overlay-gradient":""},"tablet":{"background-color":"","background-image":"","background-repeat":"repeat","background-position":"center center","background-size":"auto","background-attachment":"scroll","background-type":"","background-media":"","overlay-type":"","overlay-color":"","overlay-opacity":"","overlay-gradient":""},"mobile":{"background-color":"","background-image":"","background-repeat":"repeat","background-position":"center center","background-size":"auto","background-attachment":"scroll","background-type":"","background-media":"","overlay-type":"","overlay-color":"","overlay-opacity":"","overlay-gradient":""}},"ast-content-background-meta":{"desktop":{"background-color":"var(--ast-global-color-5)","background-image":"","background-repeat":"repeat","background-position":"center center","background-size":"auto","background-attachment":"scroll","background-type":"","background-media":"","overlay-type":"","overlay-color":"","overlay-opacity":"","overlay-gradient":""},"tablet":{"background-color":"var(--ast-global-color-5)","background-image":"","background-repeat":"repeat","background-position":"center center","background-size":"auto","background-attachment":"scroll","background-type":"","background-media":"","overlay-type":"","overlay-color":"","overlay-opacity":"","overlay-gradient":""},"mobile":{"background-color":"var(--ast-global-color-5)","background-image":"","background-repeat":"repeat","background-position":"center center","background-size":"auto","background-attachment":"scroll","background-type":"","background-media":"","overlay-type":"","overlay-color":"","overlay-opacity":"","overlay-gradient":""}},"footnotes":""},"class_list":["post-416","page","type-page","status-publish","hentry"],"post_mailing_queue_ids":[],"_links":{"self":[{"href":"https:\/\/serveiseducatius.xtec.cat\/baixllobregat7\/wp-json\/wp\/v2\/pages\/416","targetHints":{"allow":["GET"]}}],"collection":[{"href":"https:\/\/serveiseducatius.xtec.cat\/baixllobregat7\/wp-json\/wp\/v2\/pages"}],"about":[{"href":"https:\/\/serveiseducatius.xtec.cat\/baixllobregat7\/wp-json\/wp\/v2\/types\/page"}],"author":[{"embeddable":true,"href":"https:\/\/serveiseducatius.xtec.cat\/baixllobregat7\/wp-json\/wp\/v2\/users\/1"}],"replies":[{"embeddable":true,"href":"https:\/\/serveiseducatius.xtec.cat\/baixllobregat7\/wp-json\/wp\/v2\/comments?post=416"}],"version-history":[{"count":4,"href":"https:\/\/serveiseducatius.xtec.cat\/baixllobregat7\/wp-json\/wp\/v2\/pages\/416\/revisions"}],"predecessor-version":[{"id":8277,"href":"https:\/\/serveiseducatius.xtec.cat\/baixllobregat7\/wp-json\/wp\/v2\/pages\/416\/revisions\/8277"}],"wp:attachment":[{"href":"https:\/\/serveiseducatius.xtec.cat\/baixllobregat7\/wp-json\/wp\/v2\/media?parent=416"}],"curies":[{"name":"wp","href":"https:\/\/api.w.org\/{rel}","templated":true}]}}