{"id":15455,"date":"2025-09-24T12:20:40","date_gmt":"2025-09-24T10:20:40","guid":{"rendered":"https:\/\/serveiseducatius.xtec.cat\/baixllobregat7\/?page_id=15455"},"modified":"2026-02-17T10:37:47","modified_gmt":"2026-02-17T09:37:47","slug":"informacio-del-servei-de-prestec","status":"publish","type":"page","link":"https:\/\/serveiseducatius.xtec.cat\/baixllobregat7\/prestec\/informacio-del-servei-de-prestec\/","title":{"rendered":"Funcionament del servei de pr\u00e9stec"},"content":{"rendered":"\n<h1 class=\"wp-block-heading\">Curs 2025-2026<\/h1>\n\n\n\n<p>S\u2019ha dividit el curs en 6 torns de pr\u00e9stec atenent a la demanda dels centres i a requeriments organitzatius:<\/p>\n\n\n\n<figure class=\"wp-block-table\">\n<table class=\"has-fixed-layout\">\n<tbody>\n<tr>\n<td style=\"width: 80px;\"><strong>TORN<\/strong><\/td>\n<td><strong>1r Torn<\/strong><\/td>\n<td><strong>2n Torn<\/strong><\/td>\n<td><strong>3r Torn<\/strong><\/td>\n<td><strong>4t torn<\/strong><\/td>\n<td><strong>5\u00e8 Torn<\/strong><\/td>\n<td><strong>6\u00e8 Torn<\/strong><\/td>\n<\/tr>\n<tr>\n<td><strong>Inici<\/strong><\/td>\n<td>15\/09\/2025<\/td>\n<td>3\/11\/2025<\/td>\n<td>8\/01\/2026<\/td>\n<td>17\/02\/2026<\/td>\n<td>07\/04\/2026<\/td>\n<td>14\/05\/2026<\/td>\n<\/tr>\n<tr>\n<td><strong>Final<\/strong><\/td>\n<td>24\/10\/2025<\/td>\n<td>13\/12\/2025<\/td>\n<td>11\/02\/2026<\/td>\n<td>23\/03\/2026<\/td>\n<td>8\/05\/2026<\/td>\n<td>15\/06\/2026<\/td>\n<\/tr>\n<\/tbody>\n<\/table>\n<\/figure>\n\n\n\n<p>Hem reformat el sistema de pr\u00e9stec per tal que sigui m\u00e9s \u00e0gil i intu\u00eftiu. Podria ser que algun recurs que apareix no estigui disponible. De la mateixa manera, potser tenim algun recurs susceptible de pr\u00e9stec que no apareix al llistat. Intentarem actualitzar tot l&#8217;inventari durant el present curs.<\/p>\n\n\n\n<h3 class=\"wp-block-heading\">Recomanacions per a fer un bon \u00fas del servei de pr\u00e9stec:<\/h3>\n\n\n\n<ol class=\"wp-block-list\">\n<li>Tria el recurs a demanar i mira al <a href=\"https:\/\/docs.google.com\/spreadsheets\/d\/1lKKz_fefhepgzJ3EybxPwf5EwbWWYi3PCdBBc2kvcIA\/edit?gid=0#gid=0\" target=\"_blank\" rel=\"noreferrer noopener\"><strong>calendari<\/strong><\/a> que estigui lliure. Al nom del recurs, en el calendari, trobareu un enlla\u00e7 amb m\u00e9s informaci\u00f3, i algunes propostes did\u00e0ctiques.<\/li>\n\n\n\n<li>En el cas de recursos Maker, el pr\u00e9stec es realitzar\u00e0 per setmanes i ho podreu consultar al <a href=\"https:\/\/docs.google.com\/spreadsheets\/d\/1_qwnHHt7CiOdWGAao5xescjlCOZKpXoy6kVlllfXSbI\/edit?usp=sharing\">calendari setmanal<\/a><\/li>\n\n\n\n<li>Omple el <a href=\"https:\/\/serveiseducatius.xtec.cat\/baixllobregat7\/prestec\/formulari-de-prestec\/\"><strong>formulari de demanda<\/strong><\/a>&nbsp;indicant el torn que desitges. No es poden demanar dos torns. Ara b\u00e9, si en acabar un torn, el recurs est\u00e0 lliure el centre pot prorrogar el pr\u00e9stec en el torn seg\u00fcent fent un nou formulari i demanant el nou torn.<\/li>\n\n\n\n<li>Quan arribi l\u2019inici del teu torn vine al Servei Educatiu a recollir-lo.&nbsp;Important: comprova primer al&nbsp;<a href=\"https:\/\/docs.google.com\/spreadsheets\/d\/1lKKz_fefhepgzJ3EybxPwf5EwbWWYi3PCdBBc2kvcIA\/edit?gid=0#gid=0\" target=\"_blank\" rel=\"noreferrer noopener\"><strong>calendari de reserves <\/strong><\/a>que el tens adjudicat. Gr\u00e0cies per avisar-nos de quan penses venir.<br>Horari: Matins dilluns a divendres 9:00-14:00 &#8211; Tardes dilluns a dijous 15:00-17:30. Es prega avisar de quan vindreu a recollir el material.<\/li>\n\n\n\n<li>Verifica que el contingut de la maleta \u00e9s el que figura en el llistat. Si falta alguna cosa o n&#8217;hi ha alguna de trencada avisa immediatament al CRP. Ho pots fer amb el <a href=\"https:\/\/serveiseducatius.xtec.cat\/baixllobregat7\/prestec\/recursos-en-prestec\/\"><strong>formulari d&#8217;incid\u00e8ncies\/valoraci\u00f3<\/strong><\/a>. De no fer-ho, en acabar el torn s&#8217;entendr\u00e0 que la p\u00e8rdua o desperfecte s&#8217;ha fet en el vostre centre.<\/li>\n\n\n\n<li>Utilitza el recurs i torna&#8217;l abans del dia d&#8217;acabament del torn. Pensa que cal revisar el material abans de deixar-lo a un altre centre.<\/li>\n\n\n\n<li>Ens ajudaria molt si un cop acabat el pr\u00e9stec ens fas una petita valoraci\u00f3 de coma funcionat. De la mateixa manera, si tens propostes per millorar el recurs, seran benvingudes.&nbsp;Ho pots fer amb el <a href=\"https:\/\/serveiseducatius.xtec.cat\/baixllobregat7\/prestec\/recursos-en-prestec\/\"><strong>formulari d&#8217;incid\u00e8ncies\/valoraci\u00f3<\/strong><\/a>.<\/li>\n<\/ol>\n","protected":false},"excerpt":{"rendered":"<p>Curs 2025-2026 S\u2019ha dividit el curs en 6 torns de pr\u00e9stec atenent a la demanda dels centres i a requeriments organitzatius: TORN 1r Torn 2n Torn 3r Torn 4t torn 5\u00e8 Torn 6\u00e8 Torn Inici 15\/09\/2025 3\/11\/2025 8\/01\/2026 17\/02\/2026 07\/04\/2026 14\/05\/2026 Final 24\/10\/2025 13\/12\/2025 11\/02\/2026 23\/03\/2026 8\/05\/2026 15\/06\/2026 Hem reformat el sistema de pr\u00e9stec per [&hellip;]<\/p>\n","protected":false},"author":1,"featured_media":0,"parent":15832,"menu_order":0,"comment_status":"closed","ping_status":"closed","template":"","meta":{"_bbp_topic_count":0,"_bbp_reply_count":0,"_bbp_total_topic_count":0,"_bbp_total_reply_count":0,"_bbp_voice_count":0,"_bbp_anonymous_reply_count":0,"_bbp_topic_count_hidden":0,"_bbp_reply_count_hidden":0,"_bbp_forum_subforum_count":0,"site-sidebar-layout":"left-sidebar","site-content-layout":"","ast-site-content-layout":"full-width-container","site-content-style":"unboxed","site-sidebar-style":"default","ast-global-header-display":"","ast-banner-title-visibility":"","ast-main-header-display":"","ast-hfb-above-header-display":"","ast-hfb-below-header-display":"","ast-hfb-mobile-header-display":"","site-post-title":"","ast-breadcrumbs-content":"","ast-featured-img":"","footer-sml-layout":"","theme-transparent-header-meta":"","adv-header-id-meta":"","stick-header-meta":"","header-above-stick-meta":"","header-main-stick-meta":"","header-below-stick-meta":"","astra-migrate-meta-layouts":"set","ast-page-background-enabled":"default","ast-page-background-meta":{"desktop":{"background-color":"var(--ast-global-color-4)","background-image":"","background-repeat":"repeat","background-position":"center center","background-size":"auto","background-attachment":"scroll","background-type":"","background-media":"","overlay-type":"","overlay-color":"","overlay-opacity":"","overlay-gradient":""},"tablet":{"background-color":"","background-image":"","background-repeat":"repeat","background-position":"center center","background-size":"auto","background-attachment":"scroll","background-type":"","background-media":"","overlay-type":"","overlay-color":"","overlay-opacity":"","overlay-gradient":""},"mobile":{"background-color":"","background-image":"","background-repeat":"repeat","background-position":"center center","background-size":"auto","background-attachment":"scroll","background-type":"","background-media":"","overlay-type":"","overlay-color":"","overlay-opacity":"","overlay-gradient":""}},"ast-content-background-meta":{"desktop":{"background-color":"var(--ast-global-color-5)","background-image":"","background-repeat":"repeat","background-position":"center center","background-size":"auto","background-attachment":"scroll","background-type":"","background-media":"","overlay-type":"","overlay-color":"","overlay-opacity":"","overlay-gradient":""},"tablet":{"background-color":"var(--ast-global-color-5)","background-image":"","background-repeat":"repeat","background-position":"center center","background-size":"auto","background-attachment":"scroll","background-type":"","background-media":"","overlay-type":"","overlay-color":"","overlay-opacity":"","overlay-gradient":""},"mobile":{"background-color":"var(--ast-global-color-5)","background-image":"","background-repeat":"repeat","background-position":"center center","background-size":"auto","background-attachment":"scroll","background-type":"","background-media":"","overlay-type":"","overlay-color":"","overlay-opacity":"","overlay-gradient":""}},"footnotes":""},"class_list":["post-15455","page","type-page","status-publish","hentry"],"post_mailing_queue_ids":[],"_links":{"self":[{"href":"https:\/\/serveiseducatius.xtec.cat\/baixllobregat7\/wp-json\/wp\/v2\/pages\/15455","targetHints":{"allow":["GET"]}}],"collection":[{"href":"https:\/\/serveiseducatius.xtec.cat\/baixllobregat7\/wp-json\/wp\/v2\/pages"}],"about":[{"href":"https:\/\/serveiseducatius.xtec.cat\/baixllobregat7\/wp-json\/wp\/v2\/types\/page"}],"author":[{"embeddable":true,"href":"https:\/\/serveiseducatius.xtec.cat\/baixllobregat7\/wp-json\/wp\/v2\/users\/1"}],"replies":[{"embeddable":true,"href":"https:\/\/serveiseducatius.xtec.cat\/baixllobregat7\/wp-json\/wp\/v2\/comments?post=15455"}],"version-history":[{"count":6,"href":"https:\/\/serveiseducatius.xtec.cat\/baixllobregat7\/wp-json\/wp\/v2\/pages\/15455\/revisions"}],"predecessor-version":[{"id":16366,"href":"https:\/\/serveiseducatius.xtec.cat\/baixllobregat7\/wp-json\/wp\/v2\/pages\/15455\/revisions\/16366"}],"up":[{"embeddable":true,"href":"https:\/\/serveiseducatius.xtec.cat\/baixllobregat7\/wp-json\/wp\/v2\/pages\/15832"}],"wp:attachment":[{"href":"https:\/\/serveiseducatius.xtec.cat\/baixllobregat7\/wp-json\/wp\/v2\/media?parent=15455"}],"curies":[{"name":"wp","href":"https:\/\/api.w.org\/{rel}","templated":true}]}}