{"id":13019,"date":"2023-09-14T16:56:14","date_gmt":"2023-09-14T14:56:14","guid":{"rendered":"https:\/\/serveiseducatius.xtec.cat\/baixllobregat7\/?page_id=13019"},"modified":"2024-09-13T10:40:06","modified_gmt":"2024-09-13T08:40:06","slug":"les-meves-activitats-sollicituds-assignacions-questionaris","status":"publish","type":"page","link":"https:\/\/serveiseducatius.xtec.cat\/baixllobregat7\/les-meves-activitats-sollicituds-assignacions-questionaris\/","title":{"rendered":"Inscripci\u00f3 a les activitats de formaci\u00f3"},"content":{"rendered":"<h4>Fer la inscripci\u00f3 a una activitat de formaci\u00f3 (sol\u00b7licitar pla\u00e7a)<\/h4>\n<p>Habitualment se us facilita un enlla\u00e7 al formulari d&#8217;inscripci\u00f3. Alternativament, podeu accedir a aquest formulari al <strong><a href=\"https:\/\/xtec.gencat.cat\/ca\/formacio\/info-general\/cercador-activitats\/\" target=\"_blank\" rel=\"noopener\">Cercador d&#8217;activitats XTEC<\/a><\/strong> amb el codi de 10 d\u00edgits que t\u00e9 cada activitat<\/p>\n<p>Primer has de facilitar el teu <strong>DNI<\/strong>, despr\u00e9s el teu <strong>usuari i contrasenya XTEC. <\/strong>Finalment, comprova totes les dades i <strong>Confirmar <\/strong>definitivament la teva sol\u00b7licitud<\/p>\n<p style=\"text-align: center;\"><img loading=\"lazy\" decoding=\"async\" class=\"aligncenter wp-image-14099\" src=\"https:\/\/serveiseducatius.xtec.cat\/baixllobregat7\/wp-content\/uploads\/usu1179\/2024\/05\/formulari-inscripcio.jpg\" alt=\"\" width=\"381\" height=\"194\" srcset=\"https:\/\/serveiseducatius.xtec.cat\/baixllobregat7\/wp-content\/uploads\/usu1179\/2024\/05\/formulari-inscripcio.jpg 593w, https:\/\/serveiseducatius.xtec.cat\/baixllobregat7\/wp-content\/uploads\/usu1179\/2024\/05\/formulari-inscripcio-300x153.jpg 300w\" sizes=\"auto, (max-width: 381px) 100vw, 381px\" \/><\/p>\n<p style=\"text-align: center;\"><img loading=\"lazy\" decoding=\"async\" class=\"aligncenter wp-image-14100\" src=\"https:\/\/serveiseducatius.xtec.cat\/baixllobregat7\/wp-content\/uploads\/usu1179\/2024\/05\/formulari-inscripcio-2.jpg\" alt=\"\" width=\"370\" height=\"122\" srcset=\"https:\/\/serveiseducatius.xtec.cat\/baixllobregat7\/wp-content\/uploads\/usu1179\/2024\/05\/formulari-inscripcio-2.jpg 655w, https:\/\/serveiseducatius.xtec.cat\/baixllobregat7\/wp-content\/uploads\/usu1179\/2024\/05\/formulari-inscripcio-2-300x99.jpg 300w\" sizes=\"auto, (max-width: 370px) 100vw, 370px\" \/><\/p>\n<p style=\"text-align: center;\"><img loading=\"lazy\" decoding=\"async\" class=\"aligncenter wp-image-14101\" src=\"https:\/\/serveiseducatius.xtec.cat\/baixllobregat7\/wp-content\/uploads\/usu1179\/2024\/05\/formulari-inscripcio-3.jpg\" alt=\"\" width=\"393\" height=\"183\" srcset=\"https:\/\/serveiseducatius.xtec.cat\/baixllobregat7\/wp-content\/uploads\/usu1179\/2024\/05\/formulari-inscripcio-3.jpg 612w, https:\/\/serveiseducatius.xtec.cat\/baixllobregat7\/wp-content\/uploads\/usu1179\/2024\/05\/formulari-inscripcio-3-300x140.jpg 300w\" sizes=\"auto, (max-width: 393px) 100vw, 393px\" \/><\/p>\n<h4>Comprovar les sol\u00b7licituds de pla\u00e7a (inscripcions) que has fet<\/h4>\n<p>En qualsevol moment del curs pots comprovar si la inscripci\u00f3 (sol\u00b7licitud de pla\u00e7a) ha quedat registrada.<\/p>\n<p>Accedeix a l&#8217;aplicaci\u00f3 <strong><a href=\"https:\/\/xtec.gencat.cat\/ca\/formacio\/la-meva-formacio\/les-meves-activitats\/\" target=\"_blank\" rel=\"noopener\">Les meves activitats<\/a><\/strong>.<\/p>\n<p>Has de facilitar el teu <strong>usuari i contrasenya XTEC<\/strong><\/p>\n<p style=\"text-align: center;\"><img loading=\"lazy\" decoding=\"async\" class=\"aligncenter wp-image-14102\" src=\"https:\/\/serveiseducatius.xtec.cat\/baixllobregat7\/wp-content\/uploads\/usu1179\/2024\/05\/les-meves-activitats.png\" alt=\"\" width=\"448\" height=\"92\" srcset=\"https:\/\/serveiseducatius.xtec.cat\/baixllobregat7\/wp-content\/uploads\/usu1179\/2024\/05\/les-meves-activitats.png 589w, https:\/\/serveiseducatius.xtec.cat\/baixllobregat7\/wp-content\/uploads\/usu1179\/2024\/05\/les-meves-activitats-300x62.png 300w\" sizes=\"auto, (max-width: 448px) 100vw, 448px\" \/><\/p>\n<p>Se&#8217;t mostrar\u00e0 el llistat de totes les activitats a les que t&#8217;hi has inscrit durant aquell curs, tant si han comen\u00e7at com si no.<\/p>\n<p style=\"text-align: center;\"><img loading=\"lazy\" decoding=\"async\" class=\"aligncenter wp-image-14103\" src=\"https:\/\/serveiseducatius.xtec.cat\/baixllobregat7\/wp-content\/uploads\/usu1179\/2024\/05\/les-meves-activitats-2.png\" alt=\"\" width=\"560\" height=\"226\" srcset=\"https:\/\/serveiseducatius.xtec.cat\/baixllobregat7\/wp-content\/uploads\/usu1179\/2024\/05\/les-meves-activitats-2.png 909w, https:\/\/serveiseducatius.xtec.cat\/baixllobregat7\/wp-content\/uploads\/usu1179\/2024\/05\/les-meves-activitats-2-300x121.png 300w, https:\/\/serveiseducatius.xtec.cat\/baixllobregat7\/wp-content\/uploads\/usu1179\/2024\/05\/les-meves-activitats-2-768x310.png 768w\" sizes=\"auto, (max-width: 560px) 100vw, 560px\" \/><\/p>\n<p style=\"text-align: left;\">Al cap d&#8217;uns dies d&#8217;acabar el termini d&#8217;inscripci\u00f3 d&#8217;una activitat, apareix una columna o s&#8217;hi indica si se t&#8217;ha <strong>adjudicat<\/strong> pla\u00e7a.<\/p>\n<p>La creu vermella al costat d&#8217;un t\u00edtol d&#8217;activitat indica que pots <strong>anul\u00b7lar la inscripci\u00f3<\/strong> (sol\u00b7licitud de pla\u00e7a), polsant aquesta creu.<\/p>\n<p><img loading=\"lazy\" decoding=\"async\" class=\"aligncenter size-full wp-image-14105\" src=\"https:\/\/serveiseducatius.xtec.cat\/baixllobregat7\/wp-content\/uploads\/usu1179\/2024\/05\/les-meves-activitats-3-1.png\" alt=\"\" width=\"580\" height=\"127\" srcset=\"https:\/\/serveiseducatius.xtec.cat\/baixllobregat7\/wp-content\/uploads\/usu1179\/2024\/05\/les-meves-activitats-3-1.png 580w, https:\/\/serveiseducatius.xtec.cat\/baixllobregat7\/wp-content\/uploads\/usu1179\/2024\/05\/les-meves-activitats-3-1-300x66.png 300w\" sizes=\"auto, (max-width: 580px) 100vw, 580px\" \/><\/p>\n<p>&nbsp;<\/p>\n","protected":false},"excerpt":{"rendered":"<p>Fer la inscripci\u00f3 a una activitat de formaci\u00f3 (sol\u00b7licitar pla\u00e7a) Habitualment se us facilita un enlla\u00e7 al formulari d&#8217;inscripci\u00f3. Alternativament, podeu accedir a aquest formulari al Cercador d&#8217;activitats XTEC amb el codi de 10 d\u00edgits que t\u00e9 cada activitat Primer has de facilitar el teu DNI, despr\u00e9s el teu usuari i contrasenya XTEC. Finalment, comprova [&hellip;]<\/p>\n","protected":false},"author":3,"featured_media":0,"parent":0,"menu_order":0,"comment_status":"closed","ping_status":"closed","template":"","meta":{"_bbp_topic_count":0,"_bbp_reply_count":0,"_bbp_total_topic_count":0,"_bbp_total_reply_count":0,"_bbp_voice_count":0,"_bbp_anonymous_reply_count":0,"_bbp_topic_count_hidden":0,"_bbp_reply_count_hidden":0,"_bbp_forum_subforum_count":0,"site-sidebar-layout":"default","site-content-layout":"","ast-site-content-layout":"","site-content-style":"default","site-sidebar-style":"default","ast-global-header-display":"","ast-banner-title-visibility":"","ast-main-header-display":"","ast-hfb-above-header-display":"","ast-hfb-below-header-display":"","ast-hfb-mobile-header-display":"","site-post-title":"","ast-breadcrumbs-content":"","ast-featured-img":"","footer-sml-layout":"","theme-transparent-header-meta":"","adv-header-id-meta":"","stick-header-meta":"","header-above-stick-meta":"","header-main-stick-meta":"","header-below-stick-meta":"","astra-migrate-meta-layouts":"default","ast-page-background-enabled":"default","ast-page-background-meta":{"desktop":{"background-color":"var(--ast-global-color-4)","background-image":"","background-repeat":"repeat","background-position":"center center","background-size":"auto","background-attachment":"scroll","background-type":"","background-media":"","overlay-type":"","overlay-color":"","overlay-opacity":"","overlay-gradient":""},"tablet":{"background-color":"","background-image":"","background-repeat":"repeat","background-position":"center center","background-size":"auto","background-attachment":"scroll","background-type":"","background-media":"","overlay-type":"","overlay-color":"","overlay-opacity":"","overlay-gradient":""},"mobile":{"background-color":"","background-image":"","background-repeat":"repeat","background-position":"center center","background-size":"auto","background-attachment":"scroll","background-type":"","background-media":"","overlay-type":"","overlay-color":"","overlay-opacity":"","overlay-gradient":""}},"ast-content-background-meta":{"desktop":{"background-color":"var(--ast-global-color-5)","background-image":"","background-repeat":"repeat","background-position":"center center","background-size":"auto","background-attachment":"scroll","background-type":"","background-media":"","overlay-type":"","overlay-color":"","overlay-opacity":"","overlay-gradient":""},"tablet":{"background-color":"var(--ast-global-color-5)","background-image":"","background-repeat":"repeat","background-position":"center center","background-size":"auto","background-attachment":"scroll","background-type":"","background-media":"","overlay-type":"","overlay-color":"","overlay-opacity":"","overlay-gradient":""},"mobile":{"background-color":"var(--ast-global-color-5)","background-image":"","background-repeat":"repeat","background-position":"center center","background-size":"auto","background-attachment":"scroll","background-type":"","background-media":"","overlay-type":"","overlay-color":"","overlay-opacity":"","overlay-gradient":""}},"footnotes":""},"class_list":["post-13019","page","type-page","status-publish","hentry"],"post_mailing_queue_ids":[],"_links":{"self":[{"href":"https:\/\/serveiseducatius.xtec.cat\/baixllobregat7\/wp-json\/wp\/v2\/pages\/13019","targetHints":{"allow":["GET"]}}],"collection":[{"href":"https:\/\/serveiseducatius.xtec.cat\/baixllobregat7\/wp-json\/wp\/v2\/pages"}],"about":[{"href":"https:\/\/serveiseducatius.xtec.cat\/baixllobregat7\/wp-json\/wp\/v2\/types\/page"}],"author":[{"embeddable":true,"href":"https:\/\/serveiseducatius.xtec.cat\/baixllobregat7\/wp-json\/wp\/v2\/users\/3"}],"replies":[{"embeddable":true,"href":"https:\/\/serveiseducatius.xtec.cat\/baixllobregat7\/wp-json\/wp\/v2\/comments?post=13019"}],"version-history":[{"count":6,"href":"https:\/\/serveiseducatius.xtec.cat\/baixllobregat7\/wp-json\/wp\/v2\/pages\/13019\/revisions"}],"predecessor-version":[{"id":14284,"href":"https:\/\/serveiseducatius.xtec.cat\/baixllobregat7\/wp-json\/wp\/v2\/pages\/13019\/revisions\/14284"}],"wp:attachment":[{"href":"https:\/\/serveiseducatius.xtec.cat\/baixllobregat7\/wp-json\/wp\/v2\/media?parent=13019"}],"curies":[{"name":"wp","href":"https:\/\/api.w.org\/{rel}","templated":true}]}}