{"id":10419,"date":"2021-05-11T09:50:11","date_gmt":"2021-05-11T07:50:11","guid":{"rendered":"http:\/\/serveiseducatius.xtec.cat\/baixllobregat7\/?page_id=10419"},"modified":"2023-05-08T14:21:22","modified_gmt":"2023-05-08T12:21:22","slug":"funcions-de-la-persona-coordinadora-digital-de-centre","status":"publish","type":"page","link":"https:\/\/serveiseducatius.xtec.cat\/baixllobregat7\/funcions-de-la-persona-coordinadora-digital-de-centre\/","title":{"rendered":"Funcions de la persona Coordinadora digital de centre"},"content":{"rendered":"<p><span style=\"font-size: 10pt;\">Extracte de <em><strong>Documents per a l&#8217;organitzaci\u00f3 i la gesti\u00f3 dels centres per al curs 2020-21<\/strong>. <strong>Cultura digital de centre<\/strong><\/em> (juliol 2020)<br \/>\n<\/span><span style=\"font-size: 10pt;\"><a href=\"https:\/\/inici.espai.educacio.gencat.cat\/\" target=\"_blank\" rel=\"noopener noreferrer\">Portal de centre &gt; Normativa &gt; Documents d&#8217;organitzaci\u00f3 i gesti\u00f3 del centre &gt; Documents pdf<\/a>, a l&#8217;apartat Projecte educatiu de centre<\/span><\/p>\n<p><strong>3.2 La coordinaci\u00f3 d&#8217;estrat\u00e8gia digital del centre<\/strong><\/p>\n<p>Les normes d&#8217;organitzaci\u00f3 i funcionament del centre (NOFC) poden establir la figura d&#8217;un coordinador o coordinadora digital com a responsable d&#8217;aquesta gesti\u00f3, atesa la complexitat que implica la gesti\u00f3 coordinada de les tecnologies digitals en un centre educatiu. Les funcions principals del coordinador o coordinadora digital s\u00f3n les<br \/>\nseg\u00fcents:<\/p>\n<ul>\n<li>Assessorar el professorat del centre en l&#8217;\u00fas did\u00e0ctic i inclusiu de les tecnologies digitals i en la dimensi\u00f3 STEM d&#8217;aquestes, aix\u00ed com orientar-lo sobre la formaci\u00f3 en compet\u00e8ncies digitals, amb la col\u00b7laboraci\u00f3 dels serveis educatius de la zona.<\/li>\n<li>Assessorar el director o directora, els docents i el personal d&#8217;administraci\u00f3 i serveis del centre en l&#8217;\u00fas de les aplicacions de gesti\u00f3 acad\u00e8mica, econ\u00f2mica i administrativa del Departament.<\/li>\n<li>Vetllar pel manteniment de les instal\u00b7lacions i dels equipaments digitals del centre\u00a0Vetllar pel compliment de la reglamentaci\u00f3 normativa i els est\u00e0ndards tecnol\u00f2gics.<\/li>\n<li>Utilitzar preferentment programari i recursos digitals en catal\u00e0, d&#8217;acord amb el que estableix l&#8217;article 20 de la Llei 1\/1998, de 7 de gener, de pol\u00edtica ling\u00fc\u00edstica.<\/li>\n<li>Col\u00b7laborar en la promoci\u00f3 d&#8217;una cultura de centre basada en la inclusi\u00f3 digital, un disseny universal per a l&#8217;aprenentatge amb l&#8217;\u00fas de la tecnologia i la promoci\u00f3 de la igualtat de g\u00e8nere.<\/li>\n<li>Incorporar la identificaci\u00f3 gr\u00e0fica adaptada al Programa d&#8217;identificaci\u00f3 visual de la Generalitat de Catalunya als espais web del centre.<\/li>\n<li>Fer el seguiment dels serveis TIC, mitjan\u00e7ant les aplicacions disponibles a aquest efecte, en el marc de l&#8217;actual model TIC de la Generalitat de Catalunya.<\/li>\n<li>Vetllar perqu\u00e8 tot el programari instal\u00b7lat en cadascun dels ordinadors del centre educatiu tingui la llic\u00e8ncia legal d&#8217;\u00fas corresponent, en qu\u00e8 cal promocionar l&#8217;\u00fas de programari lliure sempre que sigui possible.<\/li>\n<li>Utilitzar formats basats en est\u00e0ndards oberts per a l&#8217;intercanvi de documents electr\u00f2nics, aix\u00ed com llic\u00e8ncies lliures o de compartici\u00f3, tant de documents com de programari.<\/li>\n<li>Altres funcions que el director o directora del centre li encomani d&#8217;acord amb les<br \/>\ndirectrius del Departament d&#8217;Educaci\u00f3.<\/li>\n<\/ul>\n","protected":false},"excerpt":{"rendered":"<p>Extracte de Documents per a l&#8217;organitzaci\u00f3 i la gesti\u00f3 dels centres per al curs 2020-21. Cultura digital de centre (juliol 2020) Portal de centre &gt; Normativa &gt; Documents d&#8217;organitzaci\u00f3 i gesti\u00f3 del centre &gt; Documents pdf, a l&#8217;apartat Projecte educatiu de centre 3.2 La coordinaci\u00f3 d&#8217;estrat\u00e8gia digital del centre Les normes d&#8217;organitzaci\u00f3 i funcionament del [&hellip;]<\/p>\n","protected":false},"author":3,"featured_media":0,"parent":0,"menu_order":0,"comment_status":"closed","ping_status":"closed","template":"","meta":{"_bbp_topic_count":0,"_bbp_reply_count":0,"_bbp_total_topic_count":0,"_bbp_total_reply_count":0,"_bbp_voice_count":0,"_bbp_anonymous_reply_count":0,"_bbp_topic_count_hidden":0,"_bbp_reply_count_hidden":0,"_bbp_forum_subforum_count":0,"site-sidebar-layout":"default","site-content-layout":"","ast-site-content-layout":"","site-content-style":"default","site-sidebar-style":"default","ast-global-header-display":"","ast-banner-title-visibility":"","ast-main-header-display":"","ast-hfb-above-header-display":"","ast-hfb-below-header-display":"","ast-hfb-mobile-header-display":"","site-post-title":"","ast-breadcrumbs-content":"","ast-featured-img":"","footer-sml-layout":"","theme-transparent-header-meta":"","adv-header-id-meta":"","stick-header-meta":"","header-above-stick-meta":"","header-main-stick-meta":"","header-below-stick-meta":"","astra-migrate-meta-layouts":"default","ast-page-background-enabled":"default","ast-page-background-meta":{"desktop":{"background-color":"var(--ast-global-color-4)","background-image":"","background-repeat":"repeat","background-position":"center center","background-size":"auto","background-attachment":"scroll","background-type":"","background-media":"","overlay-type":"","overlay-color":"","overlay-opacity":"","overlay-gradient":""},"tablet":{"background-color":"","background-image":"","background-repeat":"repeat","background-position":"center center","background-size":"auto","background-attachment":"scroll","background-type":"","background-media":"","overlay-type":"","overlay-color":"","overlay-opacity":"","overlay-gradient":""},"mobile":{"background-color":"","background-image":"","background-repeat":"repeat","background-position":"center center","background-size":"auto","background-attachment":"scroll","background-type":"","background-media":"","overlay-type":"","overlay-color":"","overlay-opacity":"","overlay-gradient":""}},"ast-content-background-meta":{"desktop":{"background-color":"var(--ast-global-color-5)","background-image":"","background-repeat":"repeat","background-position":"center center","background-size":"auto","background-attachment":"scroll","background-type":"","background-media":"","overlay-type":"","overlay-color":"","overlay-opacity":"","overlay-gradient":""},"tablet":{"background-color":"var(--ast-global-color-5)","background-image":"","background-repeat":"repeat","background-position":"center center","background-size":"auto","background-attachment":"scroll","background-type":"","background-media":"","overlay-type":"","overlay-color":"","overlay-opacity":"","overlay-gradient":""},"mobile":{"background-color":"var(--ast-global-color-5)","background-image":"","background-repeat":"repeat","background-position":"center center","background-size":"auto","background-attachment":"scroll","background-type":"","background-media":"","overlay-type":"","overlay-color":"","overlay-opacity":"","overlay-gradient":""}},"footnotes":""},"class_list":["post-10419","page","type-page","status-publish","hentry"],"post_mailing_queue_ids":[],"_links":{"self":[{"href":"https:\/\/serveiseducatius.xtec.cat\/baixllobregat7\/wp-json\/wp\/v2\/pages\/10419","targetHints":{"allow":["GET"]}}],"collection":[{"href":"https:\/\/serveiseducatius.xtec.cat\/baixllobregat7\/wp-json\/wp\/v2\/pages"}],"about":[{"href":"https:\/\/serveiseducatius.xtec.cat\/baixllobregat7\/wp-json\/wp\/v2\/types\/page"}],"author":[{"embeddable":true,"href":"https:\/\/serveiseducatius.xtec.cat\/baixllobregat7\/wp-json\/wp\/v2\/users\/3"}],"replies":[{"embeddable":true,"href":"https:\/\/serveiseducatius.xtec.cat\/baixllobregat7\/wp-json\/wp\/v2\/comments?post=10419"}],"version-history":[{"count":1,"href":"https:\/\/serveiseducatius.xtec.cat\/baixllobregat7\/wp-json\/wp\/v2\/pages\/10419\/revisions"}],"predecessor-version":[{"id":10420,"href":"https:\/\/serveiseducatius.xtec.cat\/baixllobregat7\/wp-json\/wp\/v2\/pages\/10419\/revisions\/10420"}],"wp:attachment":[{"href":"https:\/\/serveiseducatius.xtec.cat\/baixllobregat7\/wp-json\/wp\/v2\/media?parent=10419"}],"curies":[{"name":"wp","href":"https:\/\/api.w.org\/{rel}","templated":true}]}}

<p><span style="font-size: 10pt;">Extracte de <em><strong>Documents per a l&#8217;organització i la gestió dels centres per al curs 2020-21</strong>. <strong>Cultura digital de centre</strong></em> (juliol 2020)<br />
</span><span style="font-size: 10pt;"><a href="https://inici.espai.educacio.gencat.cat/" target="_blank" rel="noopener noreferrer">Portal de centre &gt; Normativa &gt; Documents d&#8217;organització i gestió del centre &gt; Documents pdf</a>, a l&#8217;apartat Projecte educatiu de centre</span></p>
<p><strong>3.2 La coordinació d&#8217;estratègia digital del centre</strong></p>
<p>Les normes d&#8217;organització i funcionament del centre (NOFC) poden establir la figura d&#8217;un coordinador o coordinadora digital com a responsable d&#8217;aquesta gestió, atesa la complexitat que implica la gestió coordinada de les tecnologies digitals en un centre educatiu. Les funcions principals del coordinador o coordinadora digital són les<br />
següents:</p>
<ul>
<li>Assessorar el professorat del centre en l&#8217;ús didàctic i inclusiu de les tecnologies digitals i en la dimensió STEM d&#8217;aquestes, així com orientar-lo sobre la formació en competències digitals, amb la col·laboració dels serveis educatius de la zona.</li>
<li>Assessorar el director o directora, els docents i el personal d&#8217;administració i serveis del centre en l&#8217;ús de les aplicacions de gestió acadèmica, econòmica i administrativa del Departament.</li>
<li>Vetllar pel manteniment de les instal·lacions i dels equipaments digitals del centre Vetllar pel compliment de la reglamentació normativa i els estàndards tecnològics.</li>
<li>Utilitzar preferentment programari i recursos digitals en català, d&#8217;acord amb el que estableix l&#8217;article 20 de la Llei 1/1998, de 7 de gener, de política lingüística.</li>
<li>Col·laborar en la promoció d&#8217;una cultura de centre basada en la inclusió digital, un disseny universal per a l&#8217;aprenentatge amb l&#8217;ús de la tecnologia i la promoció de la igualtat de gènere.</li>
<li>Incorporar la identificació gràfica adaptada al Programa d&#8217;identificació visual de la Generalitat de Catalunya als espais web del centre.</li>
<li>Fer el seguiment dels serveis TIC, mitjançant les aplicacions disponibles a aquest efecte, en el marc de l&#8217;actual model TIC de la Generalitat de Catalunya.</li>
<li>Vetllar perquè tot el programari instal·lat en cadascun dels ordinadors del centre educatiu tingui la llicència legal d&#8217;ús corresponent, en què cal promocionar l&#8217;ús de programari lliure sempre que sigui possible.</li>
<li>Utilitzar formats basats en estàndards oberts per a l&#8217;intercanvi de documents electrònics, així com llicències lliures o de compartició, tant de documents com de programari.</li>
<li>Altres funcions que el director o directora del centre li encomani d&#8217;acord amb les<br />
directrius del Departament d&#8217;Educació.</li>
</ul>

<p>Extracte de Documents per a l&#8217;organització i la gestió dels centres per al curs 2020-21. Cultura digital de centre (juliol 2020) Portal de centre &gt; Normativa &gt; Documents d&#8217;organització i gestió del centre &gt; Documents pdf, a l&#8217;apartat Projecte educatiu de centre 3.2 La coordinació d&#8217;estratègia digital del centre Les normes d&#8217;organització i funcionament del [&hellip;]</p>
