{"id":6319,"date":"2016-01-04T09:37:30","date_gmt":"2016-01-04T08:37:30","guid":{"rendered":"http:\/\/serveiseducatius.xtec.cat\/se-baixllobregat6\/?page_id=6319"},"modified":"2016-02-24T13:14:17","modified_gmt":"2016-02-24T12:14:17","slug":"contingut-de-les-carpetes","status":"publish","type":"page","link":"https:\/\/serveiseducatius.xtec.cat\/baixllobregat6\/ipads-a-laula\/contingut-de-les-carpetes\/","title":{"rendered":"Contingut de les carpetes"},"content":{"rendered":"<p>A la primera pantalla de cadascun dels Ipads s&#8217;inclouen les diferents apps educatives agrupades per carpetes segons la tem\u00e0tica,<\/p>\n<ul>\n<li><a href=\"http:\/\/serveiseducatius.xtec.cat\/se-baixllobregat6\/ipads-a-laula\/contingut-de-les-carpetes\/utilitats\/\"><strong>Utilitats<\/strong><\/a>. Apps d&#8217;ofim\u00e0tica i gesti\u00f3 de documents (text, presentacions, full de c\u00e0lcul, drive), de connexi\u00f3 amb l&#8217;ordinador i de transmissi\u00f3 d&#8217;arxius entre dispositius m\u00f2bils, de correu electr\u00f2nic i creaci\u00f3 de recursos.<\/li>\n<li><a href=\"http:\/\/serveiseducatius.xtec.cat\/se-baixllobregat6\/ipads-a-laula\/contingut-de-les-carpetes\/contes-infantils\/\"><strong>Contes infantils<\/strong><\/a>. Exemples d&#8217;adaptacions digitals d&#8217;obres de literatura infantil adre\u00e7ades a diferents nivells.<\/li>\n<li><a href=\"http:\/\/serveiseducatius.xtec.cat\/se-baixllobregat6\/ipads-a-laula\/contingut-de-les-carpetes\/imatge\/\"><strong>Imatge<\/strong><\/a>. Apps per a editar imatges.<\/li>\n<li><a href=\"http:\/\/serveiseducatius.xtec.cat\/se-baixllobregat6\/ipads-a-laula\/contingut-de-les-carpetes\/collage\/\"><strong>Collage<\/strong>.<\/a> Apps per a la creaci\u00f3 de colleges amb imatges pr\u00f2pies o d&#8217;altri.<\/li>\n<li><a href=\"http:\/\/serveiseducatius.xtec.cat\/se-baixllobregat6\/ipads-a-laula\/contingut-de-les-carpetes\/dibuix\/\"><strong>Dibuix<\/strong><\/a>. Apps per a dibuixar i pintar sobre la tauleta.<\/li>\n<li><a href=\"http:\/\/serveiseducatius.xtec.cat\/se-baixllobregat6\/ipads-a-laula\/contingut-de-les-carpetes\/simuladors-de-pdi\/\"><strong>PDI<\/strong><\/a>. Apps que simulen el tauler d&#8217;una PDI. S&#8217;hi inclouen les eines m\u00e9s b\u00e0siques (esborrador, retolador&#8230;) algunes permeten socialitzar les creacions.<\/li>\n<li><a href=\"http:\/\/serveiseducatius.xtec.cat\/se-baixllobregat6\/ipads-a-laula\/contingut-de-les-carpetes\/video\/\"><strong>V\u00eddeo<\/strong><\/a>.\u00a0Eines per a l&#8217;edici\u00f3 de v\u00eddeos, creaci\u00f3 d&#8217;storyboards i elaboraci\u00f3 d&#8217;efectes especials.<\/li>\n<li><a href=\"http:\/\/serveiseducatius.xtec.cat\/se-baixllobregat6\/ipads-a-laula\/contingut-de-les-carpetes\/curts-animats\/\"><strong>Curts animats<\/strong><\/a>.\u00a0Eines per a la creaci\u00f3 d&#8217;animacions a partir d&#8217;uns personatges b\u00e0sics. Es poden personalitzar.<\/li>\n<li><a href=\"http:\/\/serveiseducatius.xtec.cat\/se-baixllobregat6\/ipads-a-laula\/contingut-de-les-carpetes\/imatges-parlants\/\"><strong>Imatges parlants<\/strong><\/a>. Apps que permeten la creaci\u00f3 d&#8217;avatars i disfresses. Els textos escrits s&#8217;associen a personatges.<\/li>\n<li><a href=\"http:\/\/serveiseducatius.xtec.cat\/se-baixllobregat6\/ipads-a-laula\/contingut-de-les-carpetes\/per-explicar\/\"><strong>Per explicar<\/strong><\/a>.\u00a0Eines que faciliten la creaci\u00f3 de\u00a0petits v\u00eddeos combinant fotos, altres v\u00eddeos i sons.<\/li>\n<li><a href=\"http:\/\/serveiseducatius.xtec.cat\/se-baixllobregat6\/ipads-a-laula\/contingut-de-les-carpetes\/musica-crear\/\"><strong>M\u00fasica. Crear<\/strong><\/a>. Apps que estimulen la creaci\u00f3 musical.<\/li>\n<li><a href=\"http:\/\/serveiseducatius.xtec.cat\/se-baixllobregat6\/ipads-a-laula\/contingut-de-les-carpetes\/musica-escoltar\/\"><strong>M\u00fasica. Escoltar<\/strong><\/a>. Apps\u00a0per a treballar conceptes musicals com la\u00a0melodia, el ritme, els acords&#8230;<\/li>\n<li><a href=\"http:\/\/serveiseducatius.xtec.cat\/se-baixllobregat6\/ipads-a-laula\/contingut-de-les-carpetes\/realitat-augmentada\/\"><strong>Realitat augmentada<\/strong><\/a>. Eines que\u00a0permeten ampliar informaci\u00f3 sobre qualsevol element o objecte.<\/li>\n<\/ul>\n<p>&nbsp;<\/p>\n","protected":false},"excerpt":{"rendered":"<p>A la primera pantalla de cadascun dels Ipads s&#8217;inclouen les diferents apps educatives agrupades per carpetes segons la tem\u00e0tica, Utilitats. Apps d&#8217;ofim\u00e0tica i gesti\u00f3 de documents (text, presentacions, full de c\u00e0lcul, drive), de connexi\u00f3 amb l&#8217;ordinador i de transmissi\u00f3 d&#8217;arxius entre dispositius m\u00f2bils, de correu electr\u00f2nic i creaci\u00f3 de recursos. Contes infantils. Exemples d&#8217;adaptacions digitals [&hellip;]<\/p>\n","protected":false},"author":1,"featured_media":0,"parent":5493,"menu_order":40,"comment_status":"closed","ping_status":"closed","template":"page-templates\/side-menu.php","meta":{"_bbp_topic_count":0,"_bbp_reply_count":0,"_bbp_total_topic_count":0,"_bbp_total_reply_count":0,"_bbp_voice_count":0,"_bbp_anonymous_reply_count":0,"_bbp_topic_count_hidden":0,"_bbp_reply_count_hidden":0,"_bbp_forum_subforum_count":0,"site-sidebar-layout":"default","site-content-layout":"","ast-site-content-layout":"","site-content-style":"default","site-sidebar-style":"default","ast-global-header-display":"","ast-banner-title-visibility":"","ast-main-header-display":"","ast-hfb-above-header-display":"","ast-hfb-below-header-display":"","ast-hfb-mobile-header-display":"","site-post-title":"","ast-breadcrumbs-content":"","ast-featured-img":"","footer-sml-layout":"","theme-transparent-header-meta":"","adv-header-id-meta":"","stick-header-meta":"","header-above-stick-meta":"","header-main-stick-meta":"","header-below-stick-meta":"","astra-migrate-meta-layouts":"default","ast-page-background-enabled":"default","ast-page-background-meta":{"desktop":{"background-color":"var(--ast-global-color-4)","background-image":"","background-repeat":"repeat","background-position":"center center","background-size":"auto","background-attachment":"scroll","background-type":"","background-media":"","overlay-type":"","overlay-color":"","overlay-opacity":"","overlay-gradient":""},"tablet":{"background-color":"","background-image":"","background-repeat":"repeat","background-position":"center center","background-size":"auto","background-attachment":"scroll","background-type":"","background-media":"","overlay-type":"","overlay-color":"","overlay-opacity":"","overlay-gradient":""},"mobile":{"background-color":"","background-image":"","background-repeat":"repeat","background-position":"center center","background-size":"auto","background-attachment":"scroll","background-type":"","background-media":"","overlay-type":"","overlay-color":"","overlay-opacity":"","overlay-gradient":""}},"ast-content-background-meta":{"desktop":{"background-color":"var(--ast-global-color-5)","background-image":"","background-repeat":"repeat","background-position":"center center","background-size":"auto","background-attachment":"scroll","background-type":"","background-media":"","overlay-type":"","overlay-color":"","overlay-opacity":"","overlay-gradient":""},"tablet":{"background-color":"var(--ast-global-color-5)","background-image":"","background-repeat":"repeat","background-position":"center center","background-size":"auto","background-attachment":"scroll","background-type":"","background-media":"","overlay-type":"","overlay-color":"","overlay-opacity":"","overlay-gradient":""},"mobile":{"background-color":"var(--ast-global-color-5)","background-image":"","background-repeat":"repeat","background-position":"center center","background-size":"auto","background-attachment":"scroll","background-type":"","background-media":"","overlay-type":"","overlay-color":"","overlay-opacity":"","overlay-gradient":""}},"footnotes":""},"class_list":["post-6319","page","type-page","status-publish","hentry"],"post_mailing_queue_ids":[],"_links":{"self":[{"href":"https:\/\/serveiseducatius.xtec.cat\/baixllobregat6\/wp-json\/wp\/v2\/pages\/6319","targetHints":{"allow":["GET"]}}],"collection":[{"href":"https:\/\/serveiseducatius.xtec.cat\/baixllobregat6\/wp-json\/wp\/v2\/pages"}],"about":[{"href":"https:\/\/serveiseducatius.xtec.cat\/baixllobregat6\/wp-json\/wp\/v2\/types\/page"}],"author":[{"embeddable":true,"href":"https:\/\/serveiseducatius.xtec.cat\/baixllobregat6\/wp-json\/wp\/v2\/users\/1"}],"replies":[{"embeddable":true,"href":"https:\/\/serveiseducatius.xtec.cat\/baixllobregat6\/wp-json\/wp\/v2\/comments?post=6319"}],"version-history":[{"count":4,"href":"https:\/\/serveiseducatius.xtec.cat\/baixllobregat6\/wp-json\/wp\/v2\/pages\/6319\/revisions"}],"predecessor-version":[{"id":6564,"href":"https:\/\/serveiseducatius.xtec.cat\/baixllobregat6\/wp-json\/wp\/v2\/pages\/6319\/revisions\/6564"}],"up":[{"embeddable":true,"href":"https:\/\/serveiseducatius.xtec.cat\/baixllobregat6\/wp-json\/wp\/v2\/pages\/5493"}],"wp:attachment":[{"href":"https:\/\/serveiseducatius.xtec.cat\/baixllobregat6\/wp-json\/wp\/v2\/media?parent=6319"}],"curies":[{"name":"wp","href":"https:\/\/api.w.org\/{rel}","templated":true}]}}