{"id":5493,"date":"2015-10-16T10:39:55","date_gmt":"2015-10-16T10:39:55","guid":{"rendered":"http:\/\/reporteducacio.cat\/?page_id=5493"},"modified":"2016-09-28T13:03:48","modified_gmt":"2016-09-28T12:03:48","slug":"ipads-a-laula","status":"publish","type":"page","link":"https:\/\/serveiseducatius.xtec.cat\/baixllobregat6\/ipads-a-laula\/","title":{"rendered":"m-Escola"},"content":{"rendered":"<p>El projecte <strong>m-Escola<\/strong> \u00e9s una iniciativa del CRP Baix Llobregat-6 per afavorir la introducci\u00f3 dels dispositius m\u00f2bils a les aules de les escoles de la seva demarcaci\u00f3.<\/p>\n<p>El projecte\u00a0<strong>m-Escola\u00a0<\/strong>\u00e9s\u00a0basa en una acci\u00f3 conjunta dels \u00e0mbits de formaci\u00f3, de dinamitzaci\u00f3 i de recursos del servei educatiu.<\/p>\n<blockquote><p><span style=\"color: #ff0000;\"><strong>Formaci\u00f3, dinamitzaci\u00f3 i pr\u00e9stec de tauletes<\/strong><\/span><\/p>\n<ol>\n<li>Formaci\u00f3 dins del Pla de Formaci\u00f3 de Zona (PFZ).<\/li>\n<li>Suport als centres que vulguin iniciar projectes amb tauletes<\/li>\n<li>Dinamitzaci\u00f3 i pr\u00e9stec de recursos.\u00a0Per participar en el projecte i poder demanar en pr\u00e9stec la maleta amb les tauletes, l&#8217;escola haur\u00e0 de participar a l&#8217;activitat formativa <strong>&#8220;Coordinaci\u00f3 en tecnologia de l&#8217;aprenentatge i coneixement&#8221;<\/strong> inclosa en el Pla de Formaci\u00f3 de Zona 2015-2016 del Servei Educatiu Baix Llobregat-6.<\/li>\n<\/ol>\n<\/blockquote>\n<p>La <strong>sol\u00b7licitud en pr\u00e9stec<\/strong> es far\u00e0 a trav\u00e9s del\u00a0formulari que hi ha en aquesta mateixa p\u00e0gina tot acceptant les<\/p>\n<blockquote><p><span style=\"color: #ff0000;\"><strong>Condicions del pr\u00e9stec<\/strong><\/span><\/p>\n<ol>\n<li>La persona sol\u2022licitant es fa responsable del contingut de la maleta en cas de robatori, p\u00e8rdua o avaries produ\u00efdes per un mal \u00fas, entenent que la persona o centre reposar\u00e0 el material malm\u00e8s.<\/li>\n<li>El pr\u00e9stec es fa amb el comprom\u00eds d\u2019extremar la gu\u00e0rdia i cust\u00f2dia de la maleta degut a la seva fragilitat i el seu cost.<\/li>\n<li>El retorn de l\u2019aparell s\u2019ha d\u2019efectuar inexcusablement en la data acordada i en les condicions en qu\u00e8 ha estat lliurat.<\/li>\n<\/ol>\n<p><a href=\"https:\/\/docs.google.com\/a\/xtec.cat\/forms\/d\/e\/1FAIpQLScN95XsT5qFch2LeBF8Ox1qFOYxkpZUdnsaA4RHDJLrhq5NFg\/viewform\" target=\"_blank\">| Formulari de reserva |<\/a><\/p><\/blockquote>\n","protected":false},"excerpt":{"rendered":"<p>El projecte m-Escola \u00e9s una iniciativa del CRP Baix Llobregat-6 per afavorir la introducci\u00f3 dels dispositius m\u00f2bils a les aules de les escoles de la seva demarcaci\u00f3. El projecte\u00a0m-Escola\u00a0\u00e9s\u00a0basa en una acci\u00f3 conjunta dels \u00e0mbits de formaci\u00f3, de dinamitzaci\u00f3 i de recursos del servei educatiu. Formaci\u00f3, dinamitzaci\u00f3 i pr\u00e9stec de tauletes Formaci\u00f3 dins del Pla [&hellip;]<\/p>\n","protected":false},"author":1,"featured_media":0,"parent":0,"menu_order":0,"comment_status":"closed","ping_status":"closed","template":"page-templates\/side-menu.php","meta":{"_bbp_topic_count":0,"_bbp_reply_count":0,"_bbp_total_topic_count":0,"_bbp_total_reply_count":0,"_bbp_voice_count":0,"_bbp_anonymous_reply_count":0,"_bbp_topic_count_hidden":0,"_bbp_reply_count_hidden":0,"_bbp_forum_subforum_count":0,"site-sidebar-layout":"default","site-content-layout":"","ast-site-content-layout":"","site-content-style":"default","site-sidebar-style":"default","ast-global-header-display":"","ast-banner-title-visibility":"","ast-main-header-display":"","ast-hfb-above-header-display":"","ast-hfb-below-header-display":"","ast-hfb-mobile-header-display":"","site-post-title":"","ast-breadcrumbs-content":"","ast-featured-img":"","footer-sml-layout":"","theme-transparent-header-meta":"","adv-header-id-meta":"","stick-header-meta":"","header-above-stick-meta":"","header-main-stick-meta":"","header-below-stick-meta":"","astra-migrate-meta-layouts":"default","ast-page-background-enabled":"default","ast-page-background-meta":{"desktop":{"background-color":"var(--ast-global-color-4)","background-image":"","background-repeat":"repeat","background-position":"center center","background-size":"auto","background-attachment":"scroll","background-type":"","background-media":"","overlay-type":"","overlay-color":"","overlay-opacity":"","overlay-gradient":""},"tablet":{"background-color":"","background-image":"","background-repeat":"repeat","background-position":"center center","background-size":"auto","background-attachment":"scroll","background-type":"","background-media":"","overlay-type":"","overlay-color":"","overlay-opacity":"","overlay-gradient":""},"mobile":{"background-color":"","background-image":"","background-repeat":"repeat","background-position":"center center","background-size":"auto","background-attachment":"scroll","background-type":"","background-media":"","overlay-type":"","overlay-color":"","overlay-opacity":"","overlay-gradient":""}},"ast-content-background-meta":{"desktop":{"background-color":"var(--ast-global-color-5)","background-image":"","background-repeat":"repeat","background-position":"center center","background-size":"auto","background-attachment":"scroll","background-type":"","background-media":"","overlay-type":"","overlay-color":"","overlay-opacity":"","overlay-gradient":""},"tablet":{"background-color":"var(--ast-global-color-5)","background-image":"","background-repeat":"repeat","background-position":"center center","background-size":"auto","background-attachment":"scroll","background-type":"","background-media":"","overlay-type":"","overlay-color":"","overlay-opacity":"","overlay-gradient":""},"mobile":{"background-color":"var(--ast-global-color-5)","background-image":"","background-repeat":"repeat","background-position":"center center","background-size":"auto","background-attachment":"scroll","background-type":"","background-media":"","overlay-type":"","overlay-color":"","overlay-opacity":"","overlay-gradient":""}},"footnotes":""},"class_list":["post-5493","page","type-page","status-publish","hentry"],"post_mailing_queue_ids":[],"_links":{"self":[{"href":"https:\/\/serveiseducatius.xtec.cat\/baixllobregat6\/wp-json\/wp\/v2\/pages\/5493","targetHints":{"allow":["GET"]}}],"collection":[{"href":"https:\/\/serveiseducatius.xtec.cat\/baixllobregat6\/wp-json\/wp\/v2\/pages"}],"about":[{"href":"https:\/\/serveiseducatius.xtec.cat\/baixllobregat6\/wp-json\/wp\/v2\/types\/page"}],"author":[{"embeddable":true,"href":"https:\/\/serveiseducatius.xtec.cat\/baixllobregat6\/wp-json\/wp\/v2\/users\/1"}],"replies":[{"embeddable":true,"href":"https:\/\/serveiseducatius.xtec.cat\/baixllobregat6\/wp-json\/wp\/v2\/comments?post=5493"}],"version-history":[{"count":3,"href":"https:\/\/serveiseducatius.xtec.cat\/baixllobregat6\/wp-json\/wp\/v2\/pages\/5493\/revisions"}],"predecessor-version":[{"id":9354,"href":"https:\/\/serveiseducatius.xtec.cat\/baixllobregat6\/wp-json\/wp\/v2\/pages\/5493\/revisions\/9354"}],"wp:attachment":[{"href":"https:\/\/serveiseducatius.xtec.cat\/baixllobregat6\/wp-json\/wp\/v2\/media?parent=5493"}],"curies":[{"name":"wp","href":"https:\/\/api.w.org\/{rel}","templated":true}]}}