{"id":420,"date":"2015-11-25T16:06:29","date_gmt":"2015-11-25T15:06:29","guid":{"rendered":"http:\/\/serveiseducatius.xtec.cat\/se-baixllobregat6\/?page_id=420"},"modified":"2025-09-16T12:25:15","modified_gmt":"2025-09-16T10:25:15","slug":"activitats","status":"publish","type":"page","link":"https:\/\/serveiseducatius.xtec.cat\/baixllobregat6\/formacio\/activitats\/","title":{"rendered":"Cursos de formaci\u00f3 per a docents"},"content":{"rendered":"\n<div class=\"wp-block-group is-layout-grid wp-container-core-group-is-layout-1 wp-block-group-is-layout-grid\">\n<h3 class=\"wp-block-heading has-text-align-center has-luminous-vivid-orange-color has-text-color has-link-color wp-elements-883f9b86b55135cf369a8fde9d8a3186 wp-container-content-1\" style=\"border-width:10px;border-radius:10px\"><a href=\"https:\/\/aplicacions.gestioeducativa.gencat.cat\/ords\/pls\/soloas\/pk_for_mod_ins.p_for_cons_activitats?p_header=&amp;p_crp=307&amp;p_any=2025-2026&amp;p_totes=N&amp;p_totes=N&amp;p_excloure_crp_rec=T&amp;p_inici=1\" target=\"_blank\" rel=\"noreferrer noopener\">Oferta del nostre Servei Educatiu<\/a><\/h3>\n\n\n\n<h3 class=\"wp-block-heading has-text-align-center has-luminous-vivid-amber-color has-text-color has-link-color wp-elements-4ad7411ab5ac32524228e50477e03732\" style=\"border-width:10px;border-radius:10px\"><a href=\"https:\/\/aplicacions.gestioeducativa.gencat.cat\/ords\/pls\/soloas\/pk_for_mod_ins.p_for_cons_activitats?p_any=2025-2026&amp;p_crp=300&amp;p_totes=S&amp;p_paginar=N\" target=\"_blank\" rel=\"noreferrer noopener\">Oferta del Servei Territorial del Baix Llobregat<\/a><\/h3>\n\n\n\n<h3 class=\"wp-block-heading has-text-align-center has-ast-global-color-0-color has-text-color has-link-color wp-elements-9df8b47d861c0e891bbd8f8f5dd02e70\" style=\"border-width:10px;border-radius:10px\"><a href=\"https:\/\/xtec.gencat.cat\/ca\/formacio\/info-general\/cercador-activitats\/\" target=\"_blank\" rel=\"noreferrer noopener\">Cercador d&#8217;activitats<\/a><\/h3>\n\n\n\n<h3 class=\"wp-block-heading has-text-align-center has-ast-global-color-0-color has-text-color has-link-color wp-elements-6019ba76fd0472b10873af09d962ddc9\" style=\"border-width:10px;border-radius:10px\"><a href=\"https:\/\/xtec.gencat.cat\/ca\/formacio\/formaciogeneralprofessorat\/\" target=\"_blank\" rel=\"noreferrer noopener\">Oferta formativa per tem\u00e0tiques<\/a><\/h3>\n\n\n\n<h3 class=\"wp-block-heading has-text-align-center has-ast-global-color-0-color has-text-color has-link-color wp-elements-9a7b3cb9d88bf43db3e21a4c794f058a\" style=\"border-width:10px;border-radius:10px\"><a href=\"https:\/\/serveiseducatius.xtec.cat\/baixllobregat6\/politicaeducativa\/cataleg-de-formacio-curs-25-26\/\">Cat\u00e0leg de Formaci\u00f3<\/a><\/h3>\n<\/div>\n\n\n\n<div class=\"wp-block-group is-layout-grid wp-container-core-group-is-layout-2 wp-block-group-is-layout-grid\">\n<h3 class=\"wp-block-heading has-text-align-center has-vivid-red-color has-text-color has-link-color wp-elements-30ffafb846b88c1244af20087b682c2e wp-container-content-2\" style=\"border-width:10px;border-radius:10px\"><a href=\"https:\/\/serveiseducatius.xtec.cat\/baixllobregat6\/formacio-cultura-digital-2025-2026\/\">Cultura Digital <\/a><\/h3>\n\n\n\n<h3 class=\"wp-block-heading has-text-align-center has-vivid-cyan-blue-color has-text-color has-link-color wp-elements-73576ccaf3d5b8d6d14ec82382de1976\" style=\"border-width:10px;border-radius:10px\"><a href=\"https:\/\/serveiseducatius.xtec.cat\/baixllobregat6\/se-baixllobregat6\/formacio-ambit-linguistic-curs-25-26\/\">\u00c0mbit ling\u00fc\u00edstic<\/a><\/h3>\n\n\n\n<h3 class=\"wp-block-heading has-text-align-center has-vivid-green-cyan-color has-text-color has-link-color wp-elements-55f24a94d9715806f2ac26fa91c8ae02\" style=\"border-width:10px;border-radius:10px\"><a href=\"https:\/\/serveiseducatius.xtec.cat\/baixllobregat6\/se-baixllobregat6\/avancament-oferta-formativa-curriculum\/\">Curr\u00edculum<\/a><\/h3>\n\n\n\n<h3 class=\"wp-block-heading has-text-align-center has-light-green-cyan-color has-text-color has-link-color wp-elements-9c838dc90f11925f5de91c83b2b1eada\" style=\"border-width:10px;border-radius:10px\"><a href=\"https:\/\/xtec.gencat.cat\/ca\/formacio\/la-meva-formacio\/les-meves-activitats\/\" target=\"_blank\" rel=\"noreferrer noopener\">Les teves activitats formatives<\/a><\/h3>\n\n\n\n<h3 class=\"wp-block-heading has-text-align-center has-light-green-cyan-color has-text-color has-link-color wp-elements-e87abfd400066db0ed372ad47d9a589f\" style=\"border-width:10px;border-radius:10px\"><a href=\"https:\/\/xtec.gencat.cat\/ca\/formacio\/la-meva-formacio\/els-meus-certificats\/\" target=\"_blank\" rel=\"noreferrer noopener\">Els teus certificats<\/a><\/h3>\n<\/div>\n\n\n\n<div class=\"wp-block-columns has-black-color has-pale-cyan-blue-background-color has-text-color has-background has-link-color wp-elements-9288ca4fa566f9270c2236c5e91334f9 is-layout-flex wp-container-core-columns-is-layout-1 wp-block-columns-is-layout-flex\">\n<div class=\"wp-block-column is-layout-flow wp-block-column-is-layout-flow\">\n<p class=\"has-text-align-left has-pale-cyan-blue-background-color has-background has-medium-font-size\"><strong>Atenci\u00f3:  &#8220;Formaci\u00f3 en Suport Vital&#8221;<\/strong><\/p>\n\n\n\n<p class=\"has-black-color has-text-color has-link-color wp-elements-7b1286aef95038c4f9d80cbfb87b4d05\">Des del Servei Territorial ens han donat la possibilitat d&#8217;organitzar una formaci\u00f3, aquest curs 2025-26, dintre del <a href=\"https:\/\/xtec.gencat.cat\/ca\/comunitat\/salutescola\/suport-vital-als-centres-educatius\/\" target=\"_blank\" rel=\"noreferrer noopener\"><strong>Programa<\/strong> <strong>Suport Vital&nbsp;als centres educatius (P-SVe)<\/strong><\/a>.<\/p>\n\n\n\n<p class=\"has-black-color has-text-color has-link-color wp-elements-639151c4a34dba820d1d2b04c1963aa6\">El curs t\u00e9 una durada de 15 h.<\/p>\n\n\n\n<p class=\"has-black-color has-text-color has-link-color wp-elements-84b8ab7d99223b6d2cc313ad0bc48147\">Aquesta formaci\u00f3 est\u00e0 adre\u00e7ada al professorat de centres d&#8217;educaci\u00f3 infantil, prim\u00e0ria i secund\u00e0ria.<\/p>\n\n\n\n<p class=\"has-black-color has-text-color has-link-color wp-elements-02116660fa21b7c1d2ef7ce38acb927f\">En cas que estigueu interessats\/des <a href=\"https:\/\/serveiseducatius.xtec.cat\/baixllobregat6\/el-servei-educatiu\/on-som\/\">contacteu <\/a>amb nosaltres.<\/p>\n<\/div>\n<\/div>\n\n\n\n<p><\/p>\n\n\n\n<p class=\"has-medium-font-size\">En alguns casos els horaris i calendaris s\u00f3n provisionals i seran confirmats abans de l\u2019inici del proc\u00e9s formatiu.<\/p>\n\n\n\n<p class=\"has-medium-font-size\">Per sol\u00b7licitar una pla\u00e7a s\u2019ha de disposar d\u2019usuari i contrasenya XTEC actualitzats. Si s\u2019ha de sol\u00b7licitar o es tenen problemes amb l\u2019identificador es pot visitar la p\u00e0gina d\u2019<a href=\"http:\/\/xtec.gencat.cat\/ca\/at_usuari\/gestio\/\" target=\"_blank\" rel=\"noopener\">atenci\u00f3 a l\u2019usuari\/\u00e0ria<\/a>. Cal tenir en compte que el mitj\u00e0 preferent de comunicaci\u00f3 \u00e9s el correu XTEC.<\/p>\n\n\n\n<p class=\"has-medium-font-size\">Les sol\u00b7licituds realitzades es poden consultar, anul\u00b7lar o modificar a la p\u00e0gina&nbsp;<a href=\"https:\/\/serveiseducatius.xtec.cat\/baixllobregat6\/formacio\/lamevaformacio\/\">les meves activitats<\/a>.<\/p>\n\n\n\n<p class=\"has-medium-font-size\">La sol\u00b7licitud d\u2019una pla\u00e7a significa acceptar les condicions d\u2019inscripci\u00f3 i tot all\u00f2 que consta a la descripci\u00f3 de l\u2019activitat en refer\u00e8ncia a dates, horaris, objectius, continguts, persones destinat\u00e0ries i requisits d\u2019acreditaci\u00f3.<\/p>\n\n\n\n<p class=\"has-medium-font-size\">Si hi ha sol\u00b7licituds d\u2019inscripci\u00f3 que arribin fora de termini, es deixaran en reserva.<\/p>\n\n\n\n<p class=\"has-medium-font-size\">En la sol\u00b7licitud de places a activitats de formaci\u00f3 individual (cursos, tallers, seminaris i grups de treball), sense comptar la formaci\u00f3 obligat\u00f2ria, realitzades durant el curs escolar (primer torn, segon torn i torn d\u2019estiu) cal tenir en compte:<\/p>\n\n\n\n<ul class=\"wp-block-list\">\n<li class=\"has-medium-font-size\">En el primer i segon torn d\u2019inscripci\u00f3 una persona pot realitzar fins a 5 sol\u00b7licituds i en el torn d\u2019estiu fins a 3. En el cas de sol\u00b7licitud d\u2019activitats telem\u00e0tiques tan sols es pot fer 2 sol\u00b7licituds per torn.<\/li>\n\n\n\n<li class=\"has-medium-font-size\">A cadascun dels torns d\u2019inscripci\u00f3, el m\u00e0xim d\u2019hores que poden sumar les activitats sol\u00b7licitades \u00e9s de 100.<\/li>\n\n\n\n<li class=\"has-medium-font-size\">En el total del curs escolar a una persona se li poden assignar fins a un m\u00e0xim de 100 hores.<\/li>\n<\/ul>\n\n\n\n<p class=\"has-medium-font-size\">En la sol\u00b7licitud de places a activitats de formaci\u00f3 en centre i per a centres i a activitats de dinamitzaci\u00f3, sensibilitzaci\u00f3 i difusi\u00f3 (jornades, confer\u00e8ncies, taules rodones i presentacions d\u2019experi\u00e8ncies) no s\u2019estableixen l\u00edmits d\u2019hores en les sol\u00b7licituds i en les assignacions.<\/p>\n\n\n\n<p class=\"has-medium-font-size\"><strong style=\"font-size: revert; color: initial;\">Consultes<\/strong><\/p>\n\n\n\n<ul class=\"wp-block-list\">\n<li class=\"has-medium-font-size\"><a href=\"http:\/\/serveiseducatius.xtec.cat\/baixllobregat6\/formacio\/lamevaformacio\/\">La meva formaci\u00f3&nbsp; (Consulta d&#8217;assignacions, modificaci\u00f3 de sol\u00b7licituds i canvi de dades personals)<\/a><\/li>\n\n\n\n<li class=\"has-medium-font-size\"><a href=\"http:\/\/serveiseducatius.xtec.cat\/baixllobregat6\/formacio\/certificats\/\">Consulta i obtenci\u00f3 de certificats de Plans de Formaci\u00f3 d&#8217;edicions precedents<\/a><\/li>\n\n\n\n<li class=\"has-medium-font-size\">Si no disposeu d&#8217;usuari XTEC o heu oblidat la contrasenya, podeu gestionar la demanda des de la p\u00e0gina d&#8217;<strong><a href=\"http:\/\/xtec.gencat.cat\/ca\/at_usuari\/gestio\/\" target=\"_blank\" rel=\"noopener\">atenci\u00f3 a l&#8217;usuari\/a de la XTEC<\/a><\/strong><\/li>\n<\/ul>\n\n\n\n<p><\/p>\n","protected":false},"excerpt":{"rendered":"<p>Oferta del nostre Servei Educatiu Oferta del Servei Territorial del Baix Llobregat Cercador d&#8217;activitats Oferta formativa per tem\u00e0tiques Cat\u00e0leg de Formaci\u00f3 Cultura Digital \u00c0mbit ling\u00fc\u00edstic Curr\u00edculum Les teves activitats formatives Els teus certificats Atenci\u00f3: &#8220;Formaci\u00f3 en Suport Vital&#8221; Des del Servei Territorial ens han donat la possibilitat d&#8217;organitzar una formaci\u00f3, aquest curs 2025-26, dintre del [&hellip;]<\/p>\n","protected":false},"author":1,"featured_media":0,"parent":416,"menu_order":20,"comment_status":"closed","ping_status":"closed","template":"","meta":{"_bbp_topic_count":0,"_bbp_reply_count":0,"_bbp_total_topic_count":0,"_bbp_total_reply_count":0,"_bbp_voice_count":0,"_bbp_anonymous_reply_count":0,"_bbp_topic_count_hidden":0,"_bbp_reply_count_hidden":0,"_bbp_forum_subforum_count":0,"site-sidebar-layout":"default","site-content-layout":"","ast-site-content-layout":"default","site-content-style":"default","site-sidebar-style":"default","ast-global-header-display":"","ast-banner-title-visibility":"","ast-main-header-display":"","ast-hfb-above-header-display":"","ast-hfb-below-header-display":"","ast-hfb-mobile-header-display":"","site-post-title":"","ast-breadcrumbs-content":"","ast-featured-img":"","footer-sml-layout":"","theme-transparent-header-meta":"","adv-header-id-meta":"","stick-header-meta":"","header-above-stick-meta":"","header-main-stick-meta":"","header-below-stick-meta":"","astra-migrate-meta-layouts":"set","ast-page-background-enabled":"default","ast-page-background-meta":{"desktop":{"background-color":"var(--ast-global-color-4)","background-image":"","background-repeat":"repeat","background-position":"center center","background-size":"auto","background-attachment":"scroll","background-type":"","background-media":"","overlay-type":"","overlay-color":"","overlay-opacity":"","overlay-gradient":""},"tablet":{"background-color":"","background-image":"","background-repeat":"repeat","background-position":"center center","background-size":"auto","background-attachment":"scroll","background-type":"","background-media":"","overlay-type":"","overlay-color":"","overlay-opacity":"","overlay-gradient":""},"mobile":{"background-color":"","background-image":"","background-repeat":"repeat","background-position":"center center","background-size":"auto","background-attachment":"scroll","background-type":"","background-media":"","overlay-type":"","overlay-color":"","overlay-opacity":"","overlay-gradient":""}},"ast-content-background-meta":{"desktop":{"background-color":"var(--ast-global-color-5)","background-image":"","background-repeat":"repeat","background-position":"center center","background-size":"auto","background-attachment":"scroll","background-type":"","background-media":"","overlay-type":"","overlay-color":"","overlay-opacity":"","overlay-gradient":""},"tablet":{"background-color":"var(--ast-global-color-5)","background-image":"","background-repeat":"repeat","background-position":"center center","background-size":"auto","background-attachment":"scroll","background-type":"","background-media":"","overlay-type":"","overlay-color":"","overlay-opacity":"","overlay-gradient":""},"mobile":{"background-color":"var(--ast-global-color-5)","background-image":"","background-repeat":"repeat","background-position":"center center","background-size":"auto","background-attachment":"scroll","background-type":"","background-media":"","overlay-type":"","overlay-color":"","overlay-opacity":"","overlay-gradient":""}},"footnotes":""},"class_list":["post-420","page","type-page","status-publish","hentry"],"post_mailing_queue_ids":[],"_links":{"self":[{"href":"https:\/\/serveiseducatius.xtec.cat\/baixllobregat6\/wp-json\/wp\/v2\/pages\/420","targetHints":{"allow":["GET"]}}],"collection":[{"href":"https:\/\/serveiseducatius.xtec.cat\/baixllobregat6\/wp-json\/wp\/v2\/pages"}],"about":[{"href":"https:\/\/serveiseducatius.xtec.cat\/baixllobregat6\/wp-json\/wp\/v2\/types\/page"}],"author":[{"embeddable":true,"href":"https:\/\/serveiseducatius.xtec.cat\/baixllobregat6\/wp-json\/wp\/v2\/users\/1"}],"replies":[{"embeddable":true,"href":"https:\/\/serveiseducatius.xtec.cat\/baixllobregat6\/wp-json\/wp\/v2\/comments?post=420"}],"version-history":[{"count":6,"href":"https:\/\/serveiseducatius.xtec.cat\/baixllobregat6\/wp-json\/wp\/v2\/pages\/420\/revisions"}],"predecessor-version":[{"id":31229,"href":"https:\/\/serveiseducatius.xtec.cat\/baixllobregat6\/wp-json\/wp\/v2\/pages\/420\/revisions\/31229"}],"up":[{"embeddable":true,"href":"https:\/\/serveiseducatius.xtec.cat\/baixllobregat6\/wp-json\/wp\/v2\/pages\/416"}],"wp:attachment":[{"href":"https:\/\/serveiseducatius.xtec.cat\/baixllobregat6\/wp-json\/wp\/v2\/media?parent=420"}],"curies":[{"name":"wp","href":"https:\/\/api.w.org\/{rel}","templated":true}]}}