{"id":29768,"date":"2025-04-25T12:10:06","date_gmt":"2025-04-25T10:10:06","guid":{"rendered":"https:\/\/serveiseducatius.xtec.cat\/baixllobregat6\/?page_id=29768"},"modified":"2025-06-30T09:30:17","modified_gmt":"2025-06-30T07:30:17","slug":"jornada-ia-en-educacio","status":"publish","type":"page","link":"https:\/\/serveiseducatius.xtec.cat\/baixllobregat6\/jornada-ia-en-educacio\/","title":{"rendered":"Jornada IA en Educaci\u00f3"},"content":{"rendered":"\n<figure class=\"wp-block-image aligncenter size-large\"><img loading=\"lazy\" decoding=\"async\" width=\"1024\" height=\"256\" src=\"https:\/\/serveiseducatius.xtec.cat\/baixllobregat6\/wp-content\/uploads\/usu778\/2025\/04\/jornada-ia-per-nodes-3-1024x256.png\" alt=\"\" class=\"wp-image-29795\" srcset=\"https:\/\/serveiseducatius.xtec.cat\/baixllobregat6\/wp-content\/uploads\/usu778\/2025\/04\/jornada-ia-per-nodes-3-1024x256.png 1024w, https:\/\/serveiseducatius.xtec.cat\/baixllobregat6\/wp-content\/uploads\/usu778\/2025\/04\/jornada-ia-per-nodes-3-520x130.png 520w, https:\/\/serveiseducatius.xtec.cat\/baixllobregat6\/wp-content\/uploads\/usu778\/2025\/04\/jornada-ia-per-nodes-3-768x192.png 768w, https:\/\/serveiseducatius.xtec.cat\/baixllobregat6\/wp-content\/uploads\/usu778\/2025\/04\/jornada-ia-per-nodes-3.png 1200w\" sizes=\"auto, (max-width: 1024px) 100vw, 1024px\" \/><\/figure>\n\n\n\n<p class=\"has-medium-font-size\">Per tancar el curs hem organitzat una Jornada,  que es realitzar\u00e0 el dia 1 de juliol, sobre la <strong>IA en Educaci\u00f3<\/strong>.<\/p>\n\n\n\n<p class=\"has-text-align-center has-light-green-cyan-background-color has-background has-medium-font-size\">Es far\u00e0 a Sant Vicen\u00e7 dels Horts, al <a href=\"https:\/\/maps.app.goo.gl\/2d6G6yAqLzcPfWq59\" target=\"_blank\" rel=\"noreferrer noopener\">CCC Virg\u00ednia Amposta<\/a>. <\/p>\n\n\n\n<p class=\"has-medium-font-size\">S&#8217;estructura en <strong>3 pon\u00e8ncies <\/strong>d&#8217;una hora aproximadament, amb una part m\u00e9s <strong>descriptiva <\/strong>i una part <strong>pr\u00e0ctica<\/strong>..<\/p>\n\n\n\n<p class=\"has-medium-font-size\">Si se t&#8217;ha adjudicat aquesta formaci\u00f3 et demanem que portis el teu&nbsp;<strong>port\u00e0til&nbsp;<\/strong>o tauleta&nbsp;<img decoding=\"async\" src=\"https:\/\/fonts.gstatic.com\/s\/e\/notoemoji\/16.0\/1f4bb\/32.png\" alt=\"\ud83d\udcbb\">&nbsp;perqu\u00e8 en algun moment podeu fer alguna activitat que se us demanar\u00e0.<\/p>\n\n\n\n<ul class=\"wp-block-list\">\n<li>08:40-09:00 Recepci\u00f3 i signatura <\/li>\n\n\n\n<li><strong>09:00-10:00 <\/strong>Pon\u00e8ncia<strong>  IA-Creaci\u00f3<\/strong><\/li>\n\n\n\n<li>10:00-10:20 Pausa<\/li>\n\n\n\n<li><strong>10:20-11:20 <\/strong>Pon\u00e8ncia<strong> <\/strong> <strong>IA-Avaluaci\u00f3<\/strong><\/li>\n\n\n\n<li>11:20-11:40 Pausa<\/li>\n\n\n\n<li><strong>11:40-12:40 <\/strong>Pon\u00e8ncia<strong> IA-Inclusi\u00f3<\/strong><\/li>\n\n\n\n<li>Tancament de la Jornada<\/li>\n<\/ul>\n\n\n\n<figure class=\"wp-block-image size-full is-resized\"><img loading=\"lazy\" decoding=\"async\" width=\"666\" height=\"216\" src=\"https:\/\/serveiseducatius.xtec.cat\/baixllobregat6\/wp-content\/uploads\/usu778\/2025\/06\/svhj.png\" alt=\"\" class=\"wp-image-30572\" style=\"width:333px;height:auto\" srcset=\"https:\/\/serveiseducatius.xtec.cat\/baixllobregat6\/wp-content\/uploads\/usu778\/2025\/06\/svhj.png 666w, https:\/\/serveiseducatius.xtec.cat\/baixllobregat6\/wp-content\/uploads\/usu778\/2025\/06\/svhj-520x169.png 520w\" sizes=\"auto, (max-width: 666px) 100vw, 666px\" \/><\/figure>\n\n\n\n<p class=\"has-text-align-center has-vivid-red-color has-text-color has-link-color has-large-font-size wp-elements-defd4b4b5bcb583a9d998f8ce2d46080\"><strong>Inscripci\u00f3<\/strong> tancada<\/p>\n\n\n\n<div class=\"wp-block-columns is-layout-flex wp-container-core-columns-is-layout-1 wp-block-columns-is-layout-flex\">\n<div class=\"wp-block-column is-layout-flow wp-block-column-is-layout-flow\" style=\"border-width:2px;padding-top:var(--wp--preset--spacing--20);padding-right:var(--wp--preset--spacing--20);padding-bottom:var(--wp--preset--spacing--20);padding-left:var(--wp--preset--spacing--20)\">\n<h2 class=\"wp-block-heading has-pale-cyan-blue-background-color has-background has-large-font-size\">IA-Creaci\u00f3<\/h2>\n\n\n\n<p class=\"has-text-align-center has-medium-font-size\">09:00-10:00<\/p>\n\n\n\n<p class=\"has-text-align-center has-pale-cyan-blue-background-color has-background has-medium-font-size\">Ponent: David Gonz\u00e1lez<\/p>\n\n\n\n<p>Avantatges que ofereix la IA per a la creaci\u00f3 d\u2019eines que faciliten la generaci\u00f3 de continguts, la documentaci\u00f3 i altres suports:<\/p>\n\n\n\n<ul class=\"wp-block-list\">\n<li>Destacar com les tecnologies basades en IA poden optimitzar els processos, permetent automatitzar tasques repetitives i millorar la qualitat i l&#8217;accessibilitat dels materials elaborats.&nbsp;<\/li>\n\n\n\n<li>Mostrar exemples pr\u00e0ctics d\u2019aplicacions que poden ser d&#8217;utilitat en l\u2019\u00e0mbit educatiu.<\/li>\n<\/ul>\n\n\n\n<p><\/p>\n<\/div>\n\n\n\n<div class=\"wp-block-column is-layout-flow wp-block-column-is-layout-flow\" style=\"border-width:2px;padding-top:var(--wp--preset--spacing--20);padding-right:var(--wp--preset--spacing--20);padding-bottom:var(--wp--preset--spacing--20);padding-left:var(--wp--preset--spacing--20)\">\n<h2 class=\"wp-block-heading has-light-green-cyan-background-color has-background has-large-font-size\">IA-Avaluaci\u00f3 <\/h2>\n\n\n\n<p class=\"has-text-align-center has-medium-font-size\">10:20-11:20<\/p>\n\n\n\n<p class=\"has-text-align-center has-light-green-cyan-background-color has-background has-medium-font-size\">Ponent: Xavier Gallego<\/p>\n\n\n\n<p>La pon\u00e8ncia tractar\u00e0 aquests punts:<\/p>\n\n\n\n<ul class=\"wp-block-list\">\n<li>Avaluaci\u00f3 i \u00fas de l\u2019IAG a l\u2019aula.<\/li>\n\n\n\n<li>Presentar l\u2019eina \u201cMizou\u201d<\/li>\n\n\n\n<li>Normativa referent als diferents Xats d\u2019IAG<\/li>\n<\/ul>\n<\/div>\n\n\n\n<div class=\"wp-block-column is-layout-flow wp-block-column-is-layout-flow\" style=\"border-width:2px;padding-top:var(--wp--preset--spacing--20);padding-right:var(--wp--preset--spacing--20);padding-bottom:var(--wp--preset--spacing--20);padding-left:var(--wp--preset--spacing--20)\">\n<h2 class=\"wp-block-heading has-luminous-vivid-amber-background-color has-background has-large-font-size\">IA-Inclusi\u00f3<\/h2>\n\n\n\n<p class=\"has-text-align-center has-medium-font-size\">11:40-12:40<\/p>\n\n\n\n<p class=\"has-text-align-center has-luminous-vivid-amber-background-color has-background has-medium-font-size\">Ponents: Lidia Mendoza \/ N\u00faria Darder<\/p>\n\n\n\n<p>Aquesta pon\u00e8ncia explora com els assistents d&#8217;intel\u00b7lig\u00e8ncia artificial (IA) i les eines de suport digital poden ser utilitzats per personalitzar els aprenentatges i atendre la variabilitat de l&#8217;alumnat a les aules amb les Mesures i Suports Universals (MISU) en el marc del Disseny Universal per a l&#8217;Aprenentatge (DUA). S&#8217;analitzar\u00e0 el marc te\u00f2ric del DUA i les MISU, exemples pr\u00e0ctics d&#8217;eines digitals i assistents d&#8217;IA, i es debatr\u00e0 sobre les compet\u00e8ncies docents i els reptes \u00e8tics implicats.<\/p>\n<\/div>\n<\/div>\n\n\n\n<ul class=\"wp-block-list\">\n<li><\/li>\n<\/ul>\n\n\n\n<p class=\"has-text-align-center has-medium-font-size\"><a href=\"https:\/\/serveiseducatius.xtec.cat\/baixllobregat6\/recursos-intel%c2%b7ligencia-artificial-per-educacio\/\">Recursos d&#8217;Intel\u00b7lig\u00e8ncia Artificial<\/a><\/p>\n\n\n\n<p><\/p>\n","protected":false},"excerpt":{"rendered":"<p>Per tancar el curs hem organitzat una Jornada, que es realitzar\u00e0 el dia 1 de juliol, sobre la IA en Educaci\u00f3. Es far\u00e0 a Sant Vicen\u00e7 dels Horts, al CCC Virg\u00ednia Amposta. S&#8217;estructura en 3 pon\u00e8ncies d&#8217;una hora aproximadament, amb una part m\u00e9s descriptiva i una part pr\u00e0ctica.. Si se t&#8217;ha adjudicat aquesta formaci\u00f3 et [&hellip;]<\/p>\n","protected":false},"author":1,"featured_media":0,"parent":0,"menu_order":0,"comment_status":"closed","ping_status":"close","template":"","meta":{"_bbp_topic_count":0,"_bbp_reply_count":0,"_bbp_total_topic_count":0,"_bbp_total_reply_count":0,"_bbp_voice_count":0,"_bbp_anonymous_reply_count":0,"_bbp_topic_count_hidden":0,"_bbp_reply_count_hidden":0,"_bbp_forum_subforum_count":0,"site-sidebar-layout":"default","site-content-layout":"","ast-site-content-layout":"default","site-content-style":"default","site-sidebar-style":"default","ast-global-header-display":"","ast-banner-title-visibility":"","ast-main-header-display":"","ast-hfb-above-header-display":"","ast-hfb-below-header-display":"","ast-hfb-mobile-header-display":"","site-post-title":"","ast-breadcrumbs-content":"","ast-featured-img":"","footer-sml-layout":"","theme-transparent-header-meta":"","adv-header-id-meta":"","stick-header-meta":"","header-above-stick-meta":"","header-main-stick-meta":"","header-below-stick-meta":"","astra-migrate-meta-layouts":"set","ast-page-background-enabled":"default","ast-page-background-meta":{"desktop":{"background-color":"var(--ast-global-color-4)","background-image":"","background-repeat":"repeat","background-position":"center center","background-size":"auto","background-attachment":"scroll","background-type":"","background-media":"","overlay-type":"","overlay-color":"","overlay-opacity":"","overlay-gradient":""},"tablet":{"background-color":"","background-image":"","background-repeat":"repeat","background-position":"center center","background-size":"auto","background-attachment":"scroll","background-type":"","background-media":"","overlay-type":"","overlay-color":"","overlay-opacity":"","overlay-gradient":""},"mobile":{"background-color":"","background-image":"","background-repeat":"repeat","background-position":"center center","background-size":"auto","background-attachment":"scroll","background-type":"","background-media":"","overlay-type":"","overlay-color":"","overlay-opacity":"","overlay-gradient":""}},"ast-content-background-meta":{"desktop":{"background-color":"var(--ast-global-color-5)","background-image":"","background-repeat":"repeat","background-position":"center center","background-size":"auto","background-attachment":"scroll","background-type":"","background-media":"","overlay-type":"","overlay-color":"","overlay-opacity":"","overlay-gradient":""},"tablet":{"background-color":"var(--ast-global-color-5)","background-image":"","background-repeat":"repeat","background-position":"center center","background-size":"auto","background-attachment":"scroll","background-type":"","background-media":"","overlay-type":"","overlay-color":"","overlay-opacity":"","overlay-gradient":""},"mobile":{"background-color":"var(--ast-global-color-5)","background-image":"","background-repeat":"repeat","background-position":"center center","background-size":"auto","background-attachment":"scroll","background-type":"","background-media":"","overlay-type":"","overlay-color":"","overlay-opacity":"","overlay-gradient":""}},"footnotes":""},"class_list":["post-29768","page","type-page","status-publish","hentry"],"post_mailing_queue_ids":[],"_links":{"self":[{"href":"https:\/\/serveiseducatius.xtec.cat\/baixllobregat6\/wp-json\/wp\/v2\/pages\/29768","targetHints":{"allow":["GET"]}}],"collection":[{"href":"https:\/\/serveiseducatius.xtec.cat\/baixllobregat6\/wp-json\/wp\/v2\/pages"}],"about":[{"href":"https:\/\/serveiseducatius.xtec.cat\/baixllobregat6\/wp-json\/wp\/v2\/types\/page"}],"author":[{"embeddable":true,"href":"https:\/\/serveiseducatius.xtec.cat\/baixllobregat6\/wp-json\/wp\/v2\/users\/1"}],"replies":[{"embeddable":true,"href":"https:\/\/serveiseducatius.xtec.cat\/baixllobregat6\/wp-json\/wp\/v2\/comments?post=29768"}],"version-history":[{"count":7,"href":"https:\/\/serveiseducatius.xtec.cat\/baixllobregat6\/wp-json\/wp\/v2\/pages\/29768\/revisions"}],"predecessor-version":[{"id":33275,"href":"https:\/\/serveiseducatius.xtec.cat\/baixllobregat6\/wp-json\/wp\/v2\/pages\/29768\/revisions\/33275"}],"wp:attachment":[{"href":"https:\/\/serveiseducatius.xtec.cat\/baixllobregat6\/wp-json\/wp\/v2\/media?parent=29768"}],"curies":[{"name":"wp","href":"https:\/\/api.w.org\/{rel}","templated":true}]}}

Jornada IA en Educació

<figure class="wp-block-image aligncenter size-large"><img loading="lazy" decoding="async" width="1024" height="256" src="https://serveiseducatius.xtec.cat/baixllobregat6/wp-content/uploads/usu778/2025/04/jornada-ia-per-nodes-3-1024x256.png" alt="" class="wp-image-29795" srcset="https://serveiseducatius.xtec.cat/baixllobregat6/wp-content/uploads/usu778/2025/04/jornada-ia-per-nodes-3-1024x256.png 1024w, https://serveiseducatius.xtec.cat/baixllobregat6/wp-content/uploads/usu778/2025/04/jornada-ia-per-nodes-3-520x130.png 520w, https://serveiseducatius.xtec.cat/baixllobregat6/wp-content/uploads/usu778/2025/04/jornada-ia-per-nodes-3-768x192.png 768w, https://serveiseducatius.xtec.cat/baixllobregat6/wp-content/uploads/usu778/2025/04/jornada-ia-per-nodes-3.png 1200w" sizes="auto, (max-width: 1024px) 100vw, 1024px" /></figure>



<p class="has-medium-font-size">Per tancar el curs hem organitzat una Jornada,  que es realitzarà el dia 1 de juliol, sobre la <strong>IA en Educació</strong>.</p>



<p class="has-text-align-center has-light-green-cyan-background-color has-background has-medium-font-size">Es farà a Sant Vicenç dels Horts, al <a href="https://maps.app.goo.gl/2d6G6yAqLzcPfWq59" target="_blank" rel="noreferrer noopener">CCC Virgínia Amposta</a>. </p>



<p class="has-medium-font-size">S&#8217;estructura en <strong>3 ponències </strong>d&#8217;una hora aproximadament, amb una part més <strong>descriptiva </strong>i una part <strong>pràctica</strong>..</p>



<p class="has-medium-font-size">Si se t&#8217;ha adjudicat aquesta formació et demanem que portis el teu&nbsp;<strong>portàtil&nbsp;</strong>o tauleta&nbsp;<img decoding="async" src="https://fonts.gstatic.com/s/e/notoemoji/16.0/1f4bb/32.png" alt="💻">&nbsp;perquè en algun moment podeu fer alguna activitat que se us demanarà.</p>



<ul class="wp-block-list">
<li>08:40-09:00 Recepció i signatura </li>



<li><strong>09:00-10:00 </strong>Ponència<strong>  IA-Creació</strong></li>



<li>10:00-10:20 Pausa</li>



<li><strong>10:20-11:20 </strong>Ponència<strong> </strong> <strong>IA-Avaluació</strong></li>



<li>11:20-11:40 Pausa</li>



<li><strong>11:40-12:40 </strong>Ponència<strong> IA-Inclusió</strong></li>



<li>Tancament de la Jornada</li>
</ul>



<figure class="wp-block-image size-full is-resized"><img loading="lazy" decoding="async" width="666" height="216" src="https://serveiseducatius.xtec.cat/baixllobregat6/wp-content/uploads/usu778/2025/06/svhj.png" alt="" class="wp-image-30572" style="width:333px;height:auto" srcset="https://serveiseducatius.xtec.cat/baixllobregat6/wp-content/uploads/usu778/2025/06/svhj.png 666w, https://serveiseducatius.xtec.cat/baixllobregat6/wp-content/uploads/usu778/2025/06/svhj-520x169.png 520w" sizes="auto, (max-width: 666px) 100vw, 666px" /></figure>



<p class="has-text-align-center has-vivid-red-color has-text-color has-link-color has-large-font-size wp-elements-defd4b4b5bcb583a9d998f8ce2d46080"><strong>Inscripció</strong> tancada</p>



<div class="wp-block-columns is-layout-flex wp-container-core-columns-is-layout-1 wp-block-columns-is-layout-flex">
<div class="wp-block-column is-layout-flow wp-block-column-is-layout-flow" style="border-width:2px;padding-top:var(--wp--preset--spacing--20);padding-right:var(--wp--preset--spacing--20);padding-bottom:var(--wp--preset--spacing--20);padding-left:var(--wp--preset--spacing--20)">
<h2 class="wp-block-heading has-pale-cyan-blue-background-color has-background has-large-font-size">IA-Creació</h2>



<p class="has-text-align-center has-medium-font-size">09:00-10:00</p>



<p class="has-text-align-center has-pale-cyan-blue-background-color has-background has-medium-font-size">Ponent: David González</p>



<p>Avantatges que ofereix la IA per a la creació d’eines que faciliten la generació de continguts, la documentació i altres suports:</p>



<ul class="wp-block-list">
<li>Destacar com les tecnologies basades en IA poden optimitzar els processos, permetent automatitzar tasques repetitives i millorar la qualitat i l&#8217;accessibilitat dels materials elaborats.&nbsp;</li>



<li>Mostrar exemples pràctics d’aplicacions que poden ser d&#8217;utilitat en l’àmbit educatiu.</li>
</ul>



<p></p>
</div>



<div class="wp-block-column is-layout-flow wp-block-column-is-layout-flow" style="border-width:2px;padding-top:var(--wp--preset--spacing--20);padding-right:var(--wp--preset--spacing--20);padding-bottom:var(--wp--preset--spacing--20);padding-left:var(--wp--preset--spacing--20)">
<h2 class="wp-block-heading has-light-green-cyan-background-color has-background has-large-font-size">IA-Avaluació </h2>



<p class="has-text-align-center has-medium-font-size">10:20-11:20</p>



<p class="has-text-align-center has-light-green-cyan-background-color has-background has-medium-font-size">Ponent: Xavier Gallego</p>



<p>La ponència tractarà aquests punts:</p>



<ul class="wp-block-list">
<li>Avaluació i ús de l’IAG a l’aula.</li>



<li>Presentar l’eina “Mizou”</li>



<li>Normativa referent als diferents Xats d’IAG</li>
</ul>
</div>



<div class="wp-block-column is-layout-flow wp-block-column-is-layout-flow" style="border-width:2px;padding-top:var(--wp--preset--spacing--20);padding-right:var(--wp--preset--spacing--20);padding-bottom:var(--wp--preset--spacing--20);padding-left:var(--wp--preset--spacing--20)">
<h2 class="wp-block-heading has-luminous-vivid-amber-background-color has-background has-large-font-size">IA-Inclusió</h2>



<p class="has-text-align-center has-medium-font-size">11:40-12:40</p>



<p class="has-text-align-center has-luminous-vivid-amber-background-color has-background has-medium-font-size">Ponents: Lidia Mendoza / Núria Darder</p>



<p>Aquesta ponència explora com els assistents d&#8217;intel·ligència artificial (IA) i les eines de suport digital poden ser utilitzats per personalitzar els aprenentatges i atendre la variabilitat de l&#8217;alumnat a les aules amb les Mesures i Suports Universals (MISU) en el marc del Disseny Universal per a l&#8217;Aprenentatge (DUA). S&#8217;analitzarà el marc teòric del DUA i les MISU, exemples pràctics d&#8217;eines digitals i assistents d&#8217;IA, i es debatrà sobre les competències docents i els reptes ètics implicats.</p>
</div>
</div>



<ul class="wp-block-list">
<li></li>
</ul>



<p class="has-text-align-center has-medium-font-size"><a href="https://serveiseducatius.xtec.cat/baixllobregat6/recursos-intel%c2%b7ligencia-artificial-per-educacio/">Recursos d&#8217;Intel·ligència Artificial</a></p>



<p></p>

<p>Per tancar el curs hem organitzat una Jornada, que es realitzarà el dia 1 de juliol, sobre la IA en Educació. Es farà a Sant Vicenç dels Horts, al CCC Virgínia Amposta. S&#8217;estructura en 3 ponències d&#8217;una hora aproximadament, amb una part més descriptiva i una part pràctica.. Si se t&#8217;ha adjudicat aquesta formació et [&hellip;]</p>
