{"id":26982,"date":"2024-05-03T09:57:19","date_gmt":"2024-05-03T07:57:19","guid":{"rendered":"https:\/\/serveiseducatius.xtec.cat\/baixllobregat6\/?page_id=26982"},"modified":"2025-03-07T11:18:18","modified_gmt":"2025-03-07T10:18:18","slug":"redireccionar-el-correu-xtec-a-un-altre-compte","status":"publish","type":"page","link":"https:\/\/serveiseducatius.xtec.cat\/baixllobregat6\/redireccionar-el-correu-xtec-a-un-altre-compte\/","title":{"rendered":"Redireccionar el correu XTEC"},"content":{"rendered":"\n<p>Sovint hem de gestionar diferents comptes de correu, el personal, el del centre i el de l\u2019xtec. Normalment acabem gestionant els que ens s\u00f3n m\u00e9s vitals pel nostre dia a dia i per la nostra feina. Aix\u00f2 fa que de vegades el compte de l\u2019xtec no el mirem i ens acabi caducant la contrasenya i fins i tot ens puguin acabar bloquejant o anul\u00b7lant el compte. Haur\u00edem de tenir present que el compte de l\u2019xtec \u00e9s el que l\u2019administraci\u00f3 educativa utilitzar\u00e0 pera comunicar-se amb nosaltres. D\u2019altra banda, el correu de l\u2019xtec ens ser\u00e0 necessari per a poder fer els formularis de valoraci\u00f3 de les activitats formatives que puguem realitzar, inscriure\u2019ns a activitats i obtenir els certificats. Per tal de no haver d\u2019estar pendents del correu xtec i que no se\u2019ns bloquegi, hi ha una opci\u00f3 que \u00e9s la de redirigir tots els correus que entrin per la b\u00fastia de l\u2019xtec a un altre correu. Us ho expliquem tot seguit:<\/p>\n\n\n\n<figure class=\"wp-block-table\"><table><tbody><tr><td>1-Obre el correu XTEC.<\/td><td><img decoding=\"async\" src=\"https:\/\/serveiseducatius.xtec.cat\/baixllobregat7\/wp-content\/uploads\/usu1179\/2022\/01\/1-300x180.png\" alt=\"\" style=\"width: 1000px;\"><\/td><\/tr><tr><td>2-Obre la <strong>Configuraci\u00f3&nbsp;<\/strong>(roda dentada zona superior dreta)<\/td><td><\/td><\/tr><tr><td>3-V\u00e9s a la pestanya <strong>Reenviament i POP\/IMAP<\/strong><br>Polsa el bot\u00f3&nbsp;<strong>Afegeix una adre\u00e7a de reenviament. <\/strong>En aquest exemple, reenviem els missatges a l\u2019adre\u00e7a fict\u00edcia <a href=\"mailto:nom-usuari@ins-els-pins.cat\">usuari@centre.cat<\/a><\/td><td><img decoding=\"async\" src=\"https:\/\/serveiseducatius.xtec.cat\/baixllobregat7\/wp-content\/uploads\/usu1179\/2022\/01\/3.png\" alt=\"\" style=\"width: 1200px;\"><\/td><\/tr><tr><td>4-Escriu-hi la teva altra adre\u00e7a de correu. Comprova que l\u2019adre\u00e7a est\u00e0 ben escrita i polsa el bot\u00f3 <strong>Seg\u00fcent.<\/strong><\/td><td><img decoding=\"async\" src=\"https:\/\/serveiseducatius.xtec.cat\/baixllobregat6\/wp-content\/uploads\/usu778\/2024\/05\/gmail5.png\" alt=\"\"><\/td><\/tr><tr><td>5-Si teniu el tel\u00e8fon m\u00f2bil donat d&#8217;alta al compte de correu potser us demanar\u00e0 que feu una&nbsp; confirmaci\u00f3 amb el m\u00f2bil. En el m\u00f2bil caldria clicar en el n\u00fam 74 (el que us posi en la verificaci\u00f3)<\/td><td><\/td><\/tr><tr><td>6-Si no teniu el m\u00f2bil informat el sistema avisa que enviar\u00e0 un missatge a l\u2019altra adre\u00e7a de correu amb un <strong>codi de verificaci\u00f3 o un enlla\u00e7 per clicar. <\/strong>Polsa el bot\u00f3 <strong>d\u2019acord. <\/strong>Cal clicar l&#8217;enlla\u00e7 marcat per confirmar el reenviament<\/td><td><\/td><\/tr><tr><td>7-Cal confirmar el reenviament. El reenviament s&#8217;ha realitzat correctament<\/td><td><\/td><\/tr><tr><td>8-La configuraci\u00f3 del reenviament est\u00e0 acabada. Per\u00f2, <strong>per defecte<\/strong>, est\u00e0 desactivada.&nbsp;<strong>Cal activar-la. <\/strong>Si no utilitzem gens el correu XTEC, tamb\u00e9 \u00e9s recomanable fer que s&#8217;esborrin els missatges de la safata d&#8217;entrada quan es reenvi\u00efn al correu que nosaltres fem servir (<strong>usuari@centre.cat<\/strong>). No oblidem DESAR abans de sortir de la configuraci\u00f3. &nbsp;<\/td><td><img decoding=\"async\" src=\"https:\/\/serveiseducatius.xtec.cat\/baixllobregat6\/wp-content\/uploads\/usu778\/2024\/05\/gmail100-1024x130.png\" alt=\"\" style=\"width: 1800px;\"><\/td><\/tr><\/tbody><\/table><\/figure>\n\n\n\n<div class=\"wp-block-columns is-layout-flex wp-container-core-columns-is-layout-2 wp-block-columns-is-layout-flex\">\n<div class=\"wp-block-column is-layout-flow wp-block-column-is-layout-flow\" style=\"flex-basis:100%\">\n<div class=\"wp-block-columns is-layout-flex wp-container-core-columns-is-layout-1 wp-block-columns-is-layout-flex\"><\/div>\n<\/div>\n<\/div>\n","protected":false},"excerpt":{"rendered":"<p>Sovint hem de gestionar diferents comptes de correu, el personal, el del centre i el de l\u2019xtec. Normalment acabem gestionant els que ens s\u00f3n m\u00e9s vitals pel nostre dia a dia i per la nostra feina. Aix\u00f2 fa que de vegades el compte de l\u2019xtec no el mirem i ens acabi caducant la contrasenya i [&hellip;]<\/p>\n","protected":false},"author":1,"featured_media":0,"parent":0,"menu_order":0,"comment_status":"closed","ping_status":"closed","template":"","meta":{"_bbp_topic_count":0,"_bbp_reply_count":0,"_bbp_total_topic_count":0,"_bbp_total_reply_count":0,"_bbp_voice_count":0,"_bbp_anonymous_reply_count":0,"_bbp_topic_count_hidden":0,"_bbp_reply_count_hidden":0,"_bbp_forum_subforum_count":0,"site-sidebar-layout":"default","site-content-layout":"","ast-site-content-layout":"default","site-content-style":"default","site-sidebar-style":"default","ast-global-header-display":"","ast-banner-title-visibility":"","ast-main-header-display":"","ast-hfb-above-header-display":"","ast-hfb-below-header-display":"","ast-hfb-mobile-header-display":"","site-post-title":"","ast-breadcrumbs-content":"","ast-featured-img":"","footer-sml-layout":"","theme-transparent-header-meta":"","adv-header-id-meta":"","stick-header-meta":"","header-above-stick-meta":"","header-main-stick-meta":"","header-below-stick-meta":"","astra-migrate-meta-layouts":"set","ast-page-background-enabled":"default","ast-page-background-meta":{"desktop":{"background-color":"var(--ast-global-color-4)","background-image":"","background-repeat":"repeat","background-position":"center center","background-size":"auto","background-attachment":"scroll","background-type":"","background-media":"","overlay-type":"","overlay-color":"","overlay-opacity":"","overlay-gradient":""},"tablet":{"background-color":"","background-image":"","background-repeat":"repeat","background-position":"center center","background-size":"auto","background-attachment":"scroll","background-type":"","background-media":"","overlay-type":"","overlay-color":"","overlay-opacity":"","overlay-gradient":""},"mobile":{"background-color":"","background-image":"","background-repeat":"repeat","background-position":"center center","background-size":"auto","background-attachment":"scroll","background-type":"","background-media":"","overlay-type":"","overlay-color":"","overlay-opacity":"","overlay-gradient":""}},"ast-content-background-meta":{"desktop":{"background-color":"var(--ast-global-color-5)","background-image":"","background-repeat":"repeat","background-position":"center center","background-size":"auto","background-attachment":"scroll","background-type":"","background-media":"","overlay-type":"","overlay-color":"","overlay-opacity":"","overlay-gradient":""},"tablet":{"background-color":"var(--ast-global-color-5)","background-image":"","background-repeat":"repeat","background-position":"center center","background-size":"auto","background-attachment":"scroll","background-type":"","background-media":"","overlay-type":"","overlay-color":"","overlay-opacity":"","overlay-gradient":""},"mobile":{"background-color":"var(--ast-global-color-5)","background-image":"","background-repeat":"repeat","background-position":"center center","background-size":"auto","background-attachment":"scroll","background-type":"","background-media":"","overlay-type":"","overlay-color":"","overlay-opacity":"","overlay-gradient":""}},"footnotes":""},"class_list":["post-26982","page","type-page","status-publish","hentry"],"post_mailing_queue_ids":[],"_links":{"self":[{"href":"https:\/\/serveiseducatius.xtec.cat\/baixllobregat6\/wp-json\/wp\/v2\/pages\/26982","targetHints":{"allow":["GET"]}}],"collection":[{"href":"https:\/\/serveiseducatius.xtec.cat\/baixllobregat6\/wp-json\/wp\/v2\/pages"}],"about":[{"href":"https:\/\/serveiseducatius.xtec.cat\/baixllobregat6\/wp-json\/wp\/v2\/types\/page"}],"author":[{"embeddable":true,"href":"https:\/\/serveiseducatius.xtec.cat\/baixllobregat6\/wp-json\/wp\/v2\/users\/1"}],"replies":[{"embeddable":true,"href":"https:\/\/serveiseducatius.xtec.cat\/baixllobregat6\/wp-json\/wp\/v2\/comments?post=26982"}],"version-history":[{"count":6,"href":"https:\/\/serveiseducatius.xtec.cat\/baixllobregat6\/wp-json\/wp\/v2\/pages\/26982\/revisions"}],"predecessor-version":[{"id":29287,"href":"https:\/\/serveiseducatius.xtec.cat\/baixllobregat6\/wp-json\/wp\/v2\/pages\/26982\/revisions\/29287"}],"wp:attachment":[{"href":"https:\/\/serveiseducatius.xtec.cat\/baixllobregat6\/wp-json\/wp\/v2\/media?parent=26982"}],"curies":[{"name":"wp","href":"https:\/\/api.w.org\/{rel}","templated":true}]}}