{"id":24887,"date":"2023-04-21T12:31:36","date_gmt":"2023-04-21T10:31:36","guid":{"rendered":"https:\/\/serveiseducatius.xtec.cat\/baixllobregat6\/?page_id=24887"},"modified":"2023-04-21T13:33:45","modified_gmt":"2023-04-21T11:33:45","slug":"els-contes-de-cinque-2022-2023","status":"publish","type":"page","link":"https:\/\/serveiseducatius.xtec.cat\/baixllobregat6\/compartim-un-conte\/els-contes\/els-contes-de-cinque-2022-2023\/","title":{"rendered":"Els contes de cinqu\u00e8 (2022-2023)"},"content":{"rendered":"<table style=\"border-collapse: collapse; width: 100%;\">\n<tbody>\n<tr>\n<td style=\"width: 25%;\"><a href=\"https:\/\/drive.google.com\/file\/d\/1VNSMhdHcNGJJ-UUFkAEFrETry-una-zh\/view\" target=\"_blank\" rel=\"noopener\"><img loading=\"lazy\" decoding=\"async\" class=\"size-medium wp-image-24888 aligncenter\" src=\"https:\/\/serveiseducatius.xtec.cat\/baixllobregat6\/wp-content\/uploads\/usu778\/2023\/04\/conte1-412x520.jpg\" alt=\"\" width=\"412\" height=\"520\" srcset=\"https:\/\/serveiseducatius.xtec.cat\/baixllobregat6\/wp-content\/uploads\/usu778\/2023\/04\/conte1-412x520.jpg 412w, https:\/\/serveiseducatius.xtec.cat\/baixllobregat6\/wp-content\/uploads\/usu778\/2023\/04\/conte1.jpg 524w\" sizes=\"auto, (max-width: 412px) 100vw, 412px\" \/><\/a><\/td>\n<td style=\"width: 25%;\"><a style=\"color: #2795b6;\" href=\"https:\/\/drive.google.com\/file\/d\/1V98aWlirBGF6v3Ff5Ui6alv-vdzdQEi_\/view\" target=\"_blank\" rel=\"noopener\"><img loading=\"lazy\" decoding=\"async\" class=\"wp-image-24889 aligncenter\" src=\"https:\/\/serveiseducatius.xtec.cat\/baixllobregat6\/wp-content\/uploads\/usu778\/2023\/04\/conte2-390x520.jpg\" alt=\"\" width=\"218\" height=\"291\" srcset=\"https:\/\/serveiseducatius.xtec.cat\/baixllobregat6\/wp-content\/uploads\/usu778\/2023\/04\/conte2-390x520.jpg 390w, https:\/\/serveiseducatius.xtec.cat\/baixllobregat6\/wp-content\/uploads\/usu778\/2023\/04\/conte2.jpg 482w\" sizes=\"auto, (max-width: 218px) 100vw, 218px\" \/><\/a><\/td>\n<td style=\"width: 25%;\"><a href=\"https:\/\/drive.google.com\/file\/d\/1T7y51RiHpS1yyB18S7JCWigOL9Ozisbh\/view\" target=\"_blank\" rel=\"noopener\"><img loading=\"lazy\" decoding=\"async\" class=\" wp-image-24890 aligncenter\" src=\"https:\/\/serveiseducatius.xtec.cat\/baixllobregat6\/wp-content\/uploads\/usu778\/2023\/04\/conte3-376x520.jpg\" alt=\"\" width=\"207\" height=\"286\" srcset=\"https:\/\/serveiseducatius.xtec.cat\/baixllobregat6\/wp-content\/uploads\/usu778\/2023\/04\/conte3-376x520.jpg 376w, https:\/\/serveiseducatius.xtec.cat\/baixllobregat6\/wp-content\/uploads\/usu778\/2023\/04\/conte3.jpg 493w\" sizes=\"auto, (max-width: 207px) 100vw, 207px\" \/><\/a><\/td>\n<td style=\"width: 25%;\"><a href=\"https:\/\/drive.google.com\/file\/d\/1xL4rjBAH5ezh_LTVZVPzXnIXEwXLN3mk\/view\" target=\"_blank\" rel=\"noopener\"><img loading=\"lazy\" decoding=\"async\" class=\"size-medium wp-image-24891 aligncenter\" src=\"https:\/\/serveiseducatius.xtec.cat\/baixllobregat6\/wp-content\/uploads\/usu778\/2023\/04\/conte4-421x520.jpg\" alt=\"\" width=\"421\" height=\"520\" srcset=\"https:\/\/serveiseducatius.xtec.cat\/baixllobregat6\/wp-content\/uploads\/usu778\/2023\/04\/conte4-421x520.jpg 421w, https:\/\/serveiseducatius.xtec.cat\/baixllobregat6\/wp-content\/uploads\/usu778\/2023\/04\/conte4.jpg 525w\" sizes=\"auto, (max-width: 421px) 100vw, 421px\" \/><\/a><\/td>\n<\/tr>\n<tr>\n<td style=\"width: 25%;\"><a href=\"https:\/\/drive.google.com\/file\/d\/1VNSMhdHcNGJJ-UUFkAEFrETry-una-zh\/view\" target=\"_blank\" rel=\"noopener\">Margarida Camprub\u00ed<\/a><br \/>\n<a href=\"https:\/\/drive.google.com\/file\/d\/1VNSMhdHcNGJJ-UUFkAEFrETry-una-zh\/view\" target=\"_blank\" rel=\"noopener\">Escola Jaume Balmes 5\u00e8 A<\/a><br \/>\n<a href=\"https:\/\/drive.google.com\/file\/d\/1VNSMhdHcNGJJ-UUFkAEFrETry-una-zh\/view\" target=\"_blank\" rel=\"noopener\">Escola La Ginesta 5\u00e8 B<\/a><\/td>\n<td style=\"width: 25%;\"><a href=\"https:\/\/drive.google.com\/file\/d\/1V98aWlirBGF6v3Ff5Ui6alv-vdzdQEi_\/view\" target=\"_blank\" rel=\"noopener\">Margarida Camprub\u00ed<\/a><br \/>\n<a href=\"https:\/\/drive.google.com\/file\/d\/1V98aWlirBGF6v3Ff5Ui6alv-vdzdQEi_\/view\" target=\"_blank\" rel=\"noopener\">Escola La Ginesta 5\u00e8 A<\/a><br \/>\n<a href=\"https:\/\/drive.google.com\/file\/d\/1V98aWlirBGF6v3Ff5Ui6alv-vdzdQEi_\/view\" target=\"_blank\" rel=\"noopener\">Escola L&#8217;Olivera 5\u00e8 B<\/a><\/td>\n<td style=\"width: 25%;\"><a href=\"https:\/\/drive.google.com\/file\/d\/1T7y51RiHpS1yyB18S7JCWigOL9Ozisbh\/view\" target=\"_blank\" rel=\"noopener\">Margarida Camprub\u00ed<\/a><br \/>\n<a href=\"https:\/\/drive.google.com\/file\/d\/1T7y51RiHpS1yyB18S7JCWigOL9Ozisbh\/view\" target=\"_blank\" rel=\"noopener\">Escola Jaume Balmes 5\u00e8 B<\/a><br \/>\n<a href=\"https:\/\/drive.google.com\/file\/d\/1T7y51RiHpS1yyB18S7JCWigOL9Ozisbh\/view\" target=\"_blank\" rel=\"noopener\">Escola La Gu\u00e0rdia 5\u00e8<\/a><\/td>\n<td style=\"width: 25%;\"><a href=\"https:\/\/drive.google.com\/file\/d\/1xL4rjBAH5ezh_LTVZVPzXnIXEwXLN3mk\/view\" target=\"_blank\" rel=\"noopener\">Margarida Camprub\u00ed<\/a><br \/>\n<a href=\"https:\/\/drive.google.com\/file\/d\/1xL4rjBAH5ezh_LTVZVPzXnIXEwXLN3mk\/view\" target=\"_blank\" rel=\"noopener\">Escola Jaume Balmes 5\u00e8 A<\/a><br \/>\n<a href=\"https:\/\/drive.google.com\/file\/d\/1xL4rjBAH5ezh_LTVZVPzXnIXEwXLN3mk\/view\" target=\"_blank\" rel=\"noopener\">Escola L\u2019Olivera 5\u00e8 A<\/a><\/td>\n<\/tr>\n<\/tbody>\n<\/table>\n","protected":false},"excerpt":{"rendered":"<p>Margarida Camprub\u00ed Escola Jaume Balmes 5\u00e8 A Escola La Ginesta 5\u00e8 B Margarida Camprub\u00ed Escola La Ginesta 5\u00e8 A Escola L&#8217;Olivera 5\u00e8 B Margarida Camprub\u00ed Escola Jaume Balmes 5\u00e8 B Escola La Gu\u00e0rdia 5\u00e8 Margarida Camprub\u00ed Escola Jaume Balmes 5\u00e8 A Escola L\u2019Olivera 5\u00e8 A<\/p>\n","protected":false},"author":1,"featured_media":0,"parent":18716,"menu_order":1,"comment_status":"closed","ping_status":"closed","template":"page-templates\/side-menu.php","meta":{"_bbp_topic_count":0,"_bbp_reply_count":0,"_bbp_total_topic_count":0,"_bbp_total_reply_count":0,"_bbp_voice_count":0,"_bbp_anonymous_reply_count":0,"_bbp_topic_count_hidden":0,"_bbp_reply_count_hidden":0,"_bbp_forum_subforum_count":0,"site-sidebar-layout":"default","site-content-layout":"","ast-site-content-layout":"","site-content-style":"default","site-sidebar-style":"default","ast-global-header-display":"","ast-banner-title-visibility":"","ast-main-header-display":"","ast-hfb-above-header-display":"","ast-hfb-below-header-display":"","ast-hfb-mobile-header-display":"","site-post-title":"","ast-breadcrumbs-content":"","ast-featured-img":"","footer-sml-layout":"","theme-transparent-header-meta":"","adv-header-id-meta":"","stick-header-meta":"","header-above-stick-meta":"","header-main-stick-meta":"","header-below-stick-meta":"","astra-migrate-meta-layouts":"default","ast-page-background-enabled":"default","ast-page-background-meta":{"desktop":{"background-color":"var(--ast-global-color-4)","background-image":"","background-repeat":"repeat","background-position":"center center","background-size":"auto","background-attachment":"scroll","background-type":"","background-media":"","overlay-type":"","overlay-color":"","overlay-opacity":"","overlay-gradient":""},"tablet":{"background-color":"","background-image":"","background-repeat":"repeat","background-position":"center center","background-size":"auto","background-attachment":"scroll","background-type":"","background-media":"","overlay-type":"","overlay-color":"","overlay-opacity":"","overlay-gradient":""},"mobile":{"background-color":"","background-image":"","background-repeat":"repeat","background-position":"center center","background-size":"auto","background-attachment":"scroll","background-type":"","background-media":"","overlay-type":"","overlay-color":"","overlay-opacity":"","overlay-gradient":""}},"ast-content-background-meta":{"desktop":{"background-color":"var(--ast-global-color-5)","background-image":"","background-repeat":"repeat","background-position":"center center","background-size":"auto","background-attachment":"scroll","background-type":"","background-media":"","overlay-type":"","overlay-color":"","overlay-opacity":"","overlay-gradient":""},"tablet":{"background-color":"var(--ast-global-color-5)","background-image":"","background-repeat":"repeat","background-position":"center center","background-size":"auto","background-attachment":"scroll","background-type":"","background-media":"","overlay-type":"","overlay-color":"","overlay-opacity":"","overlay-gradient":""},"mobile":{"background-color":"var(--ast-global-color-5)","background-image":"","background-repeat":"repeat","background-position":"center center","background-size":"auto","background-attachment":"scroll","background-type":"","background-media":"","overlay-type":"","overlay-color":"","overlay-opacity":"","overlay-gradient":""}},"footnotes":""},"class_list":["post-24887","page","type-page","status-publish","hentry"],"post_mailing_queue_ids":[],"_links":{"self":[{"href":"https:\/\/serveiseducatius.xtec.cat\/baixllobregat6\/wp-json\/wp\/v2\/pages\/24887","targetHints":{"allow":["GET"]}}],"collection":[{"href":"https:\/\/serveiseducatius.xtec.cat\/baixllobregat6\/wp-json\/wp\/v2\/pages"}],"about":[{"href":"https:\/\/serveiseducatius.xtec.cat\/baixllobregat6\/wp-json\/wp\/v2\/types\/page"}],"author":[{"embeddable":true,"href":"https:\/\/serveiseducatius.xtec.cat\/baixllobregat6\/wp-json\/wp\/v2\/users\/1"}],"replies":[{"embeddable":true,"href":"https:\/\/serveiseducatius.xtec.cat\/baixllobregat6\/wp-json\/wp\/v2\/comments?post=24887"}],"version-history":[{"count":3,"href":"https:\/\/serveiseducatius.xtec.cat\/baixllobregat6\/wp-json\/wp\/v2\/pages\/24887\/revisions"}],"predecessor-version":[{"id":24915,"href":"https:\/\/serveiseducatius.xtec.cat\/baixllobregat6\/wp-json\/wp\/v2\/pages\/24887\/revisions\/24915"}],"up":[{"embeddable":true,"href":"https:\/\/serveiseducatius.xtec.cat\/baixllobregat6\/wp-json\/wp\/v2\/pages\/18716"}],"wp:attachment":[{"href":"https:\/\/serveiseducatius.xtec.cat\/baixllobregat6\/wp-json\/wp\/v2\/media?parent=24887"}],"curies":[{"name":"wp","href":"https:\/\/api.w.org\/{rel}","templated":true}]}}