{"id":22769,"date":"2022-05-24T10:05:08","date_gmt":"2022-05-24T08:05:08","guid":{"rendered":"https:\/\/serveiseducatius.xtec.cat\/baixllobregat6\/?page_id=22769"},"modified":"2025-04-30T13:32:19","modified_gmt":"2025-04-30T11:32:19","slug":"totoro-%e9%9f%b3%e6%a5%bd-el-musical","status":"publish","type":"page","link":"https:\/\/serveiseducatius.xtec.cat\/baixllobregat6\/xarxa-grup-mestres-de-musica\/totoro-%e9%9f%b3%e6%a5%bd-el-musical\/","title":{"rendered":"TOTORO \u97f3\u697d El musical"},"content":{"rendered":"<p><img loading=\"lazy\" decoding=\"async\" class=\"aligncenter wp-image-22661\" src=\"https:\/\/serveiseducatius.xtec.cat\/baixllobregat6\/wp-content\/uploads\/usu778\/2022\/05\/IMG-20220314-WA0012-724x1024.jpg\" alt=\"\" width=\"400\" height=\"566\" srcset=\"https:\/\/serveiseducatius.xtec.cat\/baixllobregat6\/wp-content\/uploads\/usu778\/2022\/05\/IMG-20220314-WA0012-724x1024.jpg 724w, https:\/\/serveiseducatius.xtec.cat\/baixllobregat6\/wp-content\/uploads\/usu778\/2022\/05\/IMG-20220314-WA0012-368x520.jpg 368w, https:\/\/serveiseducatius.xtec.cat\/baixllobregat6\/wp-content\/uploads\/usu778\/2022\/05\/IMG-20220314-WA0012-768x1086.jpg 768w, https:\/\/serveiseducatius.xtec.cat\/baixllobregat6\/wp-content\/uploads\/usu778\/2022\/05\/IMG-20220314-WA0012-1086x1536.jpg 1086w, https:\/\/serveiseducatius.xtec.cat\/baixllobregat6\/wp-content\/uploads\/usu778\/2022\/05\/IMG-20220314-WA0012.jpg 1131w\" sizes=\"auto, (max-width: 400px) 100vw, 400px\" \/><\/p>\n<p>El\u00a0<a href=\"http:\/\/serveiseducatius.xtec.cat\/baixllobregat6\/categoria\/grup-de-mestres-de-musica\/\"><strong>Grup de Mestres de M\u00fasica<\/strong> <\/a>del Servei Educatiu Baix Llobregat-6 ha preparat un nou espectacle despr\u00e9s d&#8217;haver de parar els darrers anys com a conseq\u00fc\u00e8ncia de la pand\u00e8mia i ho fa amb un projecte molt ambici\u00f3s: <strong>TOTORO \u97f3\u697d El musical<\/strong>.<\/p>\n<p>Aquest espectacle basat en el film <strong>El meu ve\u00ed Totoro<\/strong>,<em><strong>\u00a0<\/strong><\/em>de Hayao Miyazaki, compta amb la participaci\u00f3 de les escoles\u00a0<em>Joan Juncadella, La Immaculada, La Gu\u00e0rdia, La Vinyala i<\/em><em> Sant Antoni, <\/em>de Sant Vicen\u00e7 dels Horts<em>, El Solell, <\/em>de La Palma de Cervell\u00f3<em>, Sant Mart\u00ed i Can Coll,<\/em> de Torrelles de Llobregat i <em>Castella<\/em>, de Barcelona.<\/p>\n<p>Com en altres edicions, l\u2019espectacle no es limita \u00fanicament a la m\u00fasica, ni de bon tros. Es combinen les arts pl\u00e0stiques, el cant coral, la dansa i la literatura. Les can\u00e7ons, inspirades en la hist\u00f2ria de la pel\u00b7l\u00edcula animada japonesa<strong>,<\/strong> han estat escrites per l\u2019alumnat de les escoles participants i compten amb melodies provinents tamb\u00e9 del Jap\u00f3, amb l&#8217;estil anomenat J-Pop com a fil sobre el qual avan\u00e7ar\u00e0 l&#8217;espectacle.<\/p>\n<p>La representaci\u00f3 es va realitzar el dia <strong>19 de maig de 2022<\/strong>\u00a0a les\u00a0<strong>14:30<\/strong>\u00a0al\u00a0<strong>Teatre de la Passi\u00f3 d\u2019Olesa de Montserrat<\/strong> i va comptar amb la participaci\u00f3 directa d&#8217;uns 300 alumnes que van cantar i ballar al ritme dels instruments dels docents del Grup de Mestres de M\u00fasica.<\/p>\n<p>Aqu\u00ed teniu el programa amb aquesta informaci\u00f3 m\u00e9s desenvolupada:<\/p>\n<div style=\"text-align: center;\"><iframe loading=\"lazy\" src=\"https:\/\/drive.google.com\/file\/d\/1lYCEqrVnvwRujsjPtksvMDlr3c0j3XXi\/preview\" width=\"920\" height=\"1120\"><\/iframe><\/div>\n","protected":false},"excerpt":{"rendered":"<p>El\u00a0Grup de Mestres de M\u00fasica del Servei Educatiu Baix Llobregat-6 ha preparat un nou espectacle despr\u00e9s d&#8217;haver de parar els darrers anys com a conseq\u00fc\u00e8ncia de la pand\u00e8mia i ho fa amb un projecte molt ambici\u00f3s: TOTORO \u97f3\u697d El musical. Aquest espectacle basat en el film El meu ve\u00ed Totoro,\u00a0de Hayao Miyazaki, compta amb la [&hellip;]<\/p>\n","protected":false},"author":1,"featured_media":0,"parent":29851,"menu_order":0,"comment_status":"closed","ping_status":"closed","template":"page-templates\/side-menu.php","meta":{"_bbp_topic_count":0,"_bbp_reply_count":0,"_bbp_total_topic_count":0,"_bbp_total_reply_count":0,"_bbp_voice_count":0,"_bbp_anonymous_reply_count":0,"_bbp_topic_count_hidden":0,"_bbp_reply_count_hidden":0,"_bbp_forum_subforum_count":0,"site-sidebar-layout":"default","site-content-layout":"","ast-site-content-layout":"default","site-content-style":"default","site-sidebar-style":"default","ast-global-header-display":"","ast-banner-title-visibility":"","ast-main-header-display":"","ast-hfb-above-header-display":"","ast-hfb-below-header-display":"","ast-hfb-mobile-header-display":"","site-post-title":"","ast-breadcrumbs-content":"","ast-featured-img":"","footer-sml-layout":"","theme-transparent-header-meta":"","adv-header-id-meta":"","stick-header-meta":"","header-above-stick-meta":"","header-main-stick-meta":"","header-below-stick-meta":"","astra-migrate-meta-layouts":"set","ast-page-background-enabled":"default","ast-page-background-meta":{"desktop":{"background-color":"var(--ast-global-color-4)","background-image":"","background-repeat":"repeat","background-position":"center center","background-size":"auto","background-attachment":"scroll","background-type":"","background-media":"","overlay-type":"","overlay-color":"","overlay-opacity":"","overlay-gradient":""},"tablet":{"background-color":"","background-image":"","background-repeat":"repeat","background-position":"center center","background-size":"auto","background-attachment":"scroll","background-type":"","background-media":"","overlay-type":"","overlay-color":"","overlay-opacity":"","overlay-gradient":""},"mobile":{"background-color":"","background-image":"","background-repeat":"repeat","background-position":"center center","background-size":"auto","background-attachment":"scroll","background-type":"","background-media":"","overlay-type":"","overlay-color":"","overlay-opacity":"","overlay-gradient":""}},"ast-content-background-meta":{"desktop":{"background-color":"var(--ast-global-color-5)","background-image":"","background-repeat":"repeat","background-position":"center center","background-size":"auto","background-attachment":"scroll","background-type":"","background-media":"","overlay-type":"","overlay-color":"","overlay-opacity":"","overlay-gradient":""},"tablet":{"background-color":"var(--ast-global-color-5)","background-image":"","background-repeat":"repeat","background-position":"center center","background-size":"auto","background-attachment":"scroll","background-type":"","background-media":"","overlay-type":"","overlay-color":"","overlay-opacity":"","overlay-gradient":""},"mobile":{"background-color":"var(--ast-global-color-5)","background-image":"","background-repeat":"repeat","background-position":"center center","background-size":"auto","background-attachment":"scroll","background-type":"","background-media":"","overlay-type":"","overlay-color":"","overlay-opacity":"","overlay-gradient":""}},"footnotes":""},"class_list":["post-22769","page","type-page","status-publish","hentry"],"post_mailing_queue_ids":[],"_links":{"self":[{"href":"https:\/\/serveiseducatius.xtec.cat\/baixllobregat6\/wp-json\/wp\/v2\/pages\/22769","targetHints":{"allow":["GET"]}}],"collection":[{"href":"https:\/\/serveiseducatius.xtec.cat\/baixllobregat6\/wp-json\/wp\/v2\/pages"}],"about":[{"href":"https:\/\/serveiseducatius.xtec.cat\/baixllobregat6\/wp-json\/wp\/v2\/types\/page"}],"author":[{"embeddable":true,"href":"https:\/\/serveiseducatius.xtec.cat\/baixllobregat6\/wp-json\/wp\/v2\/users\/1"}],"replies":[{"embeddable":true,"href":"https:\/\/serveiseducatius.xtec.cat\/baixllobregat6\/wp-json\/wp\/v2\/comments?post=22769"}],"version-history":[{"count":4,"href":"https:\/\/serveiseducatius.xtec.cat\/baixllobregat6\/wp-json\/wp\/v2\/pages\/22769\/revisions"}],"predecessor-version":[{"id":29849,"href":"https:\/\/serveiseducatius.xtec.cat\/baixllobregat6\/wp-json\/wp\/v2\/pages\/22769\/revisions\/29849"}],"up":[{"embeddable":true,"href":"https:\/\/serveiseducatius.xtec.cat\/baixllobregat6\/wp-json\/wp\/v2\/pages\/29851"}],"wp:attachment":[{"href":"https:\/\/serveiseducatius.xtec.cat\/baixllobregat6\/wp-json\/wp\/v2\/media?parent=22769"}],"curies":[{"name":"wp","href":"https:\/\/api.w.org\/{rel}","templated":true}]}}