{"id":1570,"date":"2010-10-14T09:07:27","date_gmt":"2010-10-14T08:07:27","guid":{"rendered":"http:\/\/www.reporteducacio.cat\/?page_id=1570"},"modified":"2025-12-12T08:28:44","modified_gmt":"2025-12-12T07:28:44","slug":"vallirana","status":"publish","type":"page","link":"https:\/\/serveiseducatius.xtec.cat\/baixllobregat6\/centres-educatius\/vallirana\/","title":{"rendered":"Vallirana"},"content":{"rendered":"\n<figure class=\"wp-block-image\"><a href=\"http:\/\/serveiseducatius.xtec.cat\/baixllobregat6\/wp-content\/uploads\/usu778\/2010\/10\/vallirana.jpg\"><img loading=\"lazy\" decoding=\"async\" width=\"700\" height=\"218\" src=\"http:\/\/serveiseducatius.xtec.cat\/baixllobregat6\/wp-content\/uploads\/usu778\/2010\/10\/vallirana.jpg\" alt=\"vallirana\" class=\"wp-image-8188\" srcset=\"https:\/\/serveiseducatius.xtec.cat\/baixllobregat6\/wp-content\/uploads\/usu778\/2010\/10\/vallirana.jpg 700w, https:\/\/serveiseducatius.xtec.cat\/baixllobregat6\/wp-content\/uploads\/usu778\/2010\/10\/vallirana-300x93.jpg 300w\" sizes=\"auto, (max-width: 700px) 100vw, 700px\" \/><\/a><\/figure>\n\n\n\n<div class=\"wp-block-columns is-layout-flex wp-container-core-columns-is-layout-1 wp-block-columns-is-layout-flex\">\n<div class=\"wp-block-column is-layout-flow wp-block-column-is-layout-flow\">\n<h3 class=\"wp-block-heading has-ast-global-color-0-color has-text-color has-link-color wp-elements-9aa6e146f2bfafbf7f2ce93a83de81db\">Centres d&#8217;educaci\u00f3 infantil i prim\u00e0ria<\/h3>\n\n\n\n<h5 class=\"wp-block-heading\"><strong>Escola Pompeu Fabra (08030789)<\/strong><\/h5>\n\n\n\n<p>av. Parellada, 5-7<br>08759 &#8211; Vallirana<br>Tel\u00e8fon 936831215 &#8211; Fax 936833764<br>correu-e a8030789@xtec.cat<br>web <a href=\"http:\/\/agora.xtec.cat\/escpompeuvalli\/\" target=\"_blank\" rel=\"noopener noreferrer\">agora.xtec.cat\/escpompeuvalli\/<\/a><br><em>P\u00fablic<\/em><\/p>\n\n\n\n<h5 class=\"wp-block-heading\"><strong>Escola La Ginesta (08053522)<\/strong><\/h5>\n\n\n\n<p>av. de l&#8217;Esport, 1-3<br>08759 &#8211; Vallirana<br>Tel\u00e8fon 936832168<br>correu-e&nbsp;a8053522@xtec.cat<br>web <a href=\"http:\/\/agora.xtec.cat\/ceip-laginesta-vallirana\/\" target=\"_blank\" rel=\"noopener noreferrer\">agora.xtec.cat\/ceip-laginesta-vallirana\/<\/a><br><em>P\u00fablic <\/em><\/p>\n\n\n\n<h5 class=\"wp-block-heading\"><strong>Escola L&#8217;Olivera (08060851)<\/strong><\/h5>\n\n\n\n<p>c. Joan Capri, 12-14<br>08759 &#8211; Vallirana<br>Tel\u00e8fon 936830509<br>correu-e a8060851@xtec.cat<br>web <a href=\"http:\/\/agora.xtec.cat\/escola-olivera\/\" target=\"_blank\" rel=\"noopener noreferrer\">agora.xtec.cat\/escola-olivera\/<\/a><br><em>P\u00fablic<\/em><\/p>\n\n\n\n<h5 class=\"wp-block-heading\"><strong>Escola Campderr\u00f3s (08064881)<\/strong><\/h5>\n\n\n\n<p>c. Quixot, 1<br>08759 &#8211; Vallirana<br>Tel\u00e8fon 936835422<br>correu-e a8064881@xtec.cat<br>web <a href=\"https:\/\/agora.xtec.cat\/escolacampderros\/\" target=\"_blank\" rel=\"noopener noreferrer\">agora.xtec.cat\/escolacampderros\/<\/a><br><em>P\u00fablic <\/em><\/p>\n\n\n\n<h3 class=\"wp-block-heading\">Altres<\/h3>\n\n\n\n<h5 class=\"wp-block-heading\"><strong>Esc. de M\u00fasica Municipal Aureli Vila (08063709)<\/strong><\/h5>\n\n\n\n<p>c. Pau Casals, s\/n<br>08759 &#8211; Vallirana<br>Tel\u00e8fon 93 683 40 84<br>correu-e emm.aurelivila@gmail.com<br>web <a href=\"http:\/\/sites.google.com\/site\/escolamusicaaurelivila\/\" target=\"_blank\" rel=\"noopener noreferrer\">sites.google.com\/site\/escolamusicaaurelivila<\/a><br><em>P\u00fablic <\/em><\/p>\n<\/div>\n\n\n\n<div class=\"wp-block-column is-layout-flow wp-block-column-is-layout-flow\">\n<h3 class=\"wp-block-heading has-ast-global-color-0-color has-text-color has-link-color wp-elements-9682fbc99c0272e1e3522f5ed92fed1f\">Centres d&#8217;educaci\u00f3 secund\u00e0ria<\/h3>\n\n\n\n<h5 class=\"wp-block-heading\"><strong>Institut Vall d&#8217;Ar\u00fas (08044570)<\/strong><\/h5>\n\n\n\n<p>c. Mestres Esqu\u00e9 i Art\u00f3, s\/n<br>08759 &#8211; Vallirana<br>Tel\u00e8fon 936833307 &#8211; Fax 936833307<br>correu-e a8044570@xtec.cat<br>web <a href=\"http:\/\/valldarus.cat\" target=\"_blank\" rel=\"noopener noreferrer\">valldarus.cat<\/a><br><em>P\u00fablic<\/em><\/p>\n\n\n\n<h3 class=\"wp-block-heading has-ast-global-color-0-color has-text-color has-link-color wp-elements-c96a0a668fe6db9bdead595dcc60bb52\">Centres d&#8217;educaci\u00f3 infantil, prim\u00e0ria i secund\u00e0ria<\/h3>\n\n\n\n<h5 class=\"wp-block-heading\"><strong>Col\u00b7legi Dominiques Vallirana (08030777)<\/strong><\/h5>\n\n\n\n<p>pl. Sant Dom\u00e8nec, 1<br>08759 &#8211; Vallirana<br>Tel\u00e8fon 936832846 &#8211; Fax 936832723<br>correu-e a8030777@xtec.cat<br>web <a href=\"http:\/\/www.dominiquesvallirana.com\/\" target=\"_blank\" rel=\"noopener noreferrer\">www.dominiquesvallirana.com\/<\/a><br><em>Concertat<\/em><\/p>\n\n\n\n<h3 class=\"wp-block-heading has-ast-global-color-0-color has-text-color has-link-color wp-elements-c7aaeb87daed9caec74bde469700e1ca\">Centres de Formaci\u00f3 d&#8217;Adults<\/h3>\n\n\n\n<h5 class=\"wp-block-heading\"><strong>CFA Municipal de Vallirana (08056936)<\/strong><\/h5>\n\n\n\n<p>c. Major, 612<br>08759 &#8211; Vallirana<br>Tel\u00e8fon 686666415<br>correu-e a8056936<span class=\"\">@xtec.cat<\/span><br>web <a href=\"https:\/\/agora.xtec.cat\/cfa-vallirana\/\" target=\"_blank\" rel=\"noopener noreferrer\">agora.xtec.cat\/cfa-vallirana\/<\/a><br><em>P\u00fablic i municipal<\/em><\/p>\n\n\n\n<h3 class=\"wp-block-heading has-luminous-vivid-orange-color has-text-color has-link-color wp-elements-0f9d13d835b104cb42cd39937a892a93\">Llars d&#8217;infants<\/h3>\n\n\n\n<h5 class=\"wp-block-heading\"><strong>Llar d&#8217;infants Els Barrufets (08046104)<\/strong><\/h5>\n\n\n\n<p>c. Comer\u00e7, 17<br>08759 &#8211; Vallirana<br>Tel\u00e8fon 93 683 08 18 &#8211; Fax 93 683 28 97<br><em>P\u00fablic<\/em><\/p>\n\n\n\n<h5 class=\"wp-block-heading\"><strong>Llar d&#8217;infants La Talaia (08070003)<\/strong><\/h5>\n\n\n\n<p>av. Parellada, 5<br>08759 &#8211; Vallirana<br>Tel\u00e8fon 93 683 21 90<br><em>P\u00fablic<\/em><\/p>\n\n\n\n<h5 class=\"wp-block-heading\">&nbsp;<\/h5>\n<\/div>\n<\/div>\n","protected":false},"excerpt":{"rendered":"<p>Centres d&#8217;educaci\u00f3 infantil i prim\u00e0ria Escola Pompeu Fabra (08030789) av. Parellada, 5-708759 &#8211; ValliranaTel\u00e8fon 936831215 &#8211; Fax 936833764correu-e a8030789@xtec.catweb agora.xtec.cat\/escpompeuvalli\/P\u00fablic Escola La Ginesta (08053522) av. de l&#8217;Esport, 1-308759 &#8211; ValliranaTel\u00e8fon 936832168correu-e&nbsp;a8053522@xtec.catweb agora.xtec.cat\/ceip-laginesta-vallirana\/P\u00fablic Escola L&#8217;Olivera (08060851) c. Joan Capri, 12-1408759 &#8211; ValliranaTel\u00e8fon 936830509correu-e a8060851@xtec.catweb agora.xtec.cat\/escola-olivera\/P\u00fablic Escola Campderr\u00f3s (08064881) c. Quixot, 108759 &#8211; ValliranaTel\u00e8fon 936835422correu-e a8064881@xtec.catweb agora.xtec.cat\/escolacampderros\/P\u00fablic [&hellip;]<\/p>\n","protected":false},"author":1,"featured_media":0,"parent":1527,"menu_order":70,"comment_status":"closed","ping_status":"closed","template":"page-templates\/side-menu.php","meta":{"_bbp_topic_count":0,"_bbp_reply_count":0,"_bbp_total_topic_count":0,"_bbp_total_reply_count":0,"_bbp_voice_count":0,"_bbp_anonymous_reply_count":0,"_bbp_topic_count_hidden":0,"_bbp_reply_count_hidden":0,"_bbp_forum_subforum_count":0,"site-sidebar-layout":"default","site-content-layout":"","ast-site-content-layout":"default","site-content-style":"default","site-sidebar-style":"default","ast-global-header-display":"","ast-banner-title-visibility":"","ast-main-header-display":"","ast-hfb-above-header-display":"","ast-hfb-below-header-display":"","ast-hfb-mobile-header-display":"","site-post-title":"","ast-breadcrumbs-content":"","ast-featured-img":"","footer-sml-layout":"","theme-transparent-header-meta":"","adv-header-id-meta":"","stick-header-meta":"","header-above-stick-meta":"","header-main-stick-meta":"","header-below-stick-meta":"","astra-migrate-meta-layouts":"set","ast-page-background-enabled":"default","ast-page-background-meta":{"desktop":{"background-color":"var(--ast-global-color-4)","background-image":"","background-repeat":"repeat","background-position":"center center","background-size":"auto","background-attachment":"scroll","background-type":"","background-media":"","overlay-type":"","overlay-color":"","overlay-opacity":"","overlay-gradient":""},"tablet":{"background-color":"","background-image":"","background-repeat":"repeat","background-position":"center center","background-size":"auto","background-attachment":"scroll","background-type":"","background-media":"","overlay-type":"","overlay-color":"","overlay-opacity":"","overlay-gradient":""},"mobile":{"background-color":"","background-image":"","background-repeat":"repeat","background-position":"center center","background-size":"auto","background-attachment":"scroll","background-type":"","background-media":"","overlay-type":"","overlay-color":"","overlay-opacity":"","overlay-gradient":""}},"ast-content-background-meta":{"desktop":{"background-color":"var(--ast-global-color-5)","background-image":"","background-repeat":"repeat","background-position":"center center","background-size":"auto","background-attachment":"scroll","background-type":"","background-media":"","overlay-type":"","overlay-color":"","overlay-opacity":"","overlay-gradient":""},"tablet":{"background-color":"var(--ast-global-color-5)","background-image":"","background-repeat":"repeat","background-position":"center center","background-size":"auto","background-attachment":"scroll","background-type":"","background-media":"","overlay-type":"","overlay-color":"","overlay-opacity":"","overlay-gradient":""},"mobile":{"background-color":"var(--ast-global-color-5)","background-image":"","background-repeat":"repeat","background-position":"center center","background-size":"auto","background-attachment":"scroll","background-type":"","background-media":"","overlay-type":"","overlay-color":"","overlay-opacity":"","overlay-gradient":""}},"footnotes":""},"class_list":["post-1570","page","type-page","status-publish","hentry"],"post_mailing_queue_ids":[],"_links":{"self":[{"href":"https:\/\/serveiseducatius.xtec.cat\/baixllobregat6\/wp-json\/wp\/v2\/pages\/1570","targetHints":{"allow":["GET"]}}],"collection":[{"href":"https:\/\/serveiseducatius.xtec.cat\/baixllobregat6\/wp-json\/wp\/v2\/pages"}],"about":[{"href":"https:\/\/serveiseducatius.xtec.cat\/baixllobregat6\/wp-json\/wp\/v2\/types\/page"}],"author":[{"embeddable":true,"href":"https:\/\/serveiseducatius.xtec.cat\/baixllobregat6\/wp-json\/wp\/v2\/users\/1"}],"replies":[{"embeddable":true,"href":"https:\/\/serveiseducatius.xtec.cat\/baixllobregat6\/wp-json\/wp\/v2\/comments?post=1570"}],"version-history":[{"count":6,"href":"https:\/\/serveiseducatius.xtec.cat\/baixllobregat6\/wp-json\/wp\/v2\/pages\/1570\/revisions"}],"predecessor-version":[{"id":32298,"href":"https:\/\/serveiseducatius.xtec.cat\/baixllobregat6\/wp-json\/wp\/v2\/pages\/1570\/revisions\/32298"}],"up":[{"embeddable":true,"href":"https:\/\/serveiseducatius.xtec.cat\/baixllobregat6\/wp-json\/wp\/v2\/pages\/1527"}],"wp:attachment":[{"href":"https:\/\/serveiseducatius.xtec.cat\/baixllobregat6\/wp-json\/wp\/v2\/media?parent=1570"}],"curies":[{"name":"wp","href":"https:\/\/api.w.org\/{rel}","templated":true}]}}

<figure class="wp-block-image"><a href="http://serveiseducatius.xtec.cat/baixllobregat6/wp-content/uploads/usu778/2010/10/vallirana.jpg"><img loading="lazy" decoding="async" width="700" height="218" src="http://serveiseducatius.xtec.cat/baixllobregat6/wp-content/uploads/usu778/2010/10/vallirana.jpg" alt="vallirana" class="wp-image-8188" srcset="https://serveiseducatius.xtec.cat/baixllobregat6/wp-content/uploads/usu778/2010/10/vallirana.jpg 700w, https://serveiseducatius.xtec.cat/baixllobregat6/wp-content/uploads/usu778/2010/10/vallirana-300x93.jpg 300w" sizes="auto, (max-width: 700px) 100vw, 700px" /></a></figure>



<div class="wp-block-columns is-layout-flex wp-container-core-columns-is-layout-1 wp-block-columns-is-layout-flex">
<div class="wp-block-column is-layout-flow wp-block-column-is-layout-flow">
<h3 class="wp-block-heading has-ast-global-color-0-color has-text-color has-link-color wp-elements-9aa6e146f2bfafbf7f2ce93a83de81db">Centres d&#8217;educació infantil i primària</h3>



<h5 class="wp-block-heading"><strong>Escola Pompeu Fabra (08030789)</strong></h5>



<p>av. Parellada, 5-7<br>08759 &#8211; Vallirana<br>Telèfon 936831215 &#8211; Fax 936833764<br>correu-e a8030789@xtec.cat<br>web <a href="http://agora.xtec.cat/escpompeuvalli/" target="_blank" rel="noopener noreferrer">agora.xtec.cat/escpompeuvalli/</a><br><em>Públic</em></p>



<h5 class="wp-block-heading"><strong>Escola La Ginesta (08053522)</strong></h5>



<p>av. de l&#8217;Esport, 1-3<br>08759 &#8211; Vallirana<br>Telèfon 936832168<br>correu-e&nbsp;a8053522@xtec.cat<br>web <a href="http://agora.xtec.cat/ceip-laginesta-vallirana/" target="_blank" rel="noopener noreferrer">agora.xtec.cat/ceip-laginesta-vallirana/</a><br><em>Públic </em></p>



<h5 class="wp-block-heading"><strong>Escola L&#8217;Olivera (08060851)</strong></h5>



<p>c. Joan Capri, 12-14<br>08759 &#8211; Vallirana<br>Telèfon 936830509<br>correu-e a8060851@xtec.cat<br>web <a href="http://agora.xtec.cat/escola-olivera/" target="_blank" rel="noopener noreferrer">agora.xtec.cat/escola-olivera/</a><br><em>Públic</em></p>



<h5 class="wp-block-heading"><strong>Escola Campderrós (08064881)</strong></h5>



<p>c. Quixot, 1<br>08759 &#8211; Vallirana<br>Telèfon 936835422<br>correu-e a8064881@xtec.cat<br>web <a href="https://agora.xtec.cat/escolacampderros/" target="_blank" rel="noopener noreferrer">agora.xtec.cat/escolacampderros/</a><br><em>Públic </em></p>



<h3 class="wp-block-heading">Altres</h3>



<h5 class="wp-block-heading"><strong>Esc. de Música Municipal Aureli Vila (08063709)</strong></h5>



<p>c. Pau Casals, s/n<br>08759 &#8211; Vallirana<br>Telèfon 93 683 40 84<br>correu-e emm.aurelivila@gmail.com<br>web <a href="http://sites.google.com/site/escolamusicaaurelivila/" target="_blank" rel="noopener noreferrer">sites.google.com/site/escolamusicaaurelivila</a><br><em>Públic </em></p>
</div>



<div class="wp-block-column is-layout-flow wp-block-column-is-layout-flow">
<h3 class="wp-block-heading has-ast-global-color-0-color has-text-color has-link-color wp-elements-9682fbc99c0272e1e3522f5ed92fed1f">Centres d&#8217;educació secundària</h3>



<h5 class="wp-block-heading"><strong>Institut Vall d&#8217;Arús (08044570)</strong></h5>



<p>c. Mestres Esqué i Artó, s/n<br>08759 &#8211; Vallirana<br>Telèfon 936833307 &#8211; Fax 936833307<br>correu-e a8044570@xtec.cat<br>web <a href="http://valldarus.cat" target="_blank" rel="noopener noreferrer">valldarus.cat</a><br><em>Públic</em></p>



<h3 class="wp-block-heading has-ast-global-color-0-color has-text-color has-link-color wp-elements-c96a0a668fe6db9bdead595dcc60bb52">Centres d&#8217;educació infantil, primària i secundària</h3>



<h5 class="wp-block-heading"><strong>Col·legi Dominiques Vallirana (08030777)</strong></h5>



<p>pl. Sant Domènec, 1<br>08759 &#8211; Vallirana<br>Telèfon 936832846 &#8211; Fax 936832723<br>correu-e a8030777@xtec.cat<br>web <a href="http://www.dominiquesvallirana.com/" target="_blank" rel="noopener noreferrer">www.dominiquesvallirana.com/</a><br><em>Concertat</em></p>



<h3 class="wp-block-heading has-ast-global-color-0-color has-text-color has-link-color wp-elements-c7aaeb87daed9caec74bde469700e1ca">Centres de Formació d&#8217;Adults</h3>



<h5 class="wp-block-heading"><strong>CFA Municipal de Vallirana (08056936)</strong></h5>



<p>c. Major, 612<br>08759 &#8211; Vallirana<br>Telèfon 686666415<br>correu-e a8056936<span class="">@xtec.cat</span><br>web <a href="https://agora.xtec.cat/cfa-vallirana/" target="_blank" rel="noopener noreferrer">agora.xtec.cat/cfa-vallirana/</a><br><em>Públic i municipal</em></p>



<h3 class="wp-block-heading has-luminous-vivid-orange-color has-text-color has-link-color wp-elements-0f9d13d835b104cb42cd39937a892a93">Llars d&#8217;infants</h3>



<h5 class="wp-block-heading"><strong>Llar d&#8217;infants Els Barrufets (08046104)</strong></h5>



<p>c. Comerç, 17<br>08759 &#8211; Vallirana<br>Telèfon 93 683 08 18 &#8211; Fax 93 683 28 97<br><em>Públic</em></p>



<h5 class="wp-block-heading"><strong>Llar d&#8217;infants La Talaia (08070003)</strong></h5>



<p>av. Parellada, 5<br>08759 &#8211; Vallirana<br>Telèfon 93 683 21 90<br><em>Públic</em></p>



<h5 class="wp-block-heading">&nbsp;</h5>
</div>
</div>

<p>Centres d&#8217;educació infantil i primària Escola Pompeu Fabra (08030789) av. Parellada, 5-708759 &#8211; ValliranaTelèfon 936831215 &#8211; Fax 936833764correu-e a8030789@xtec.catweb agora.xtec.cat/escpompeuvalli/Públic Escola La Ginesta (08053522) av. de l&#8217;Esport, 1-308759 &#8211; ValliranaTelèfon 936832168correu-e&nbsp;a8053522@xtec.catweb agora.xtec.cat/ceip-laginesta-vallirana/Públic Escola L&#8217;Olivera (08060851) c. Joan Capri, 12-1408759 &#8211; ValliranaTelèfon 936830509correu-e a8060851@xtec.catweb agora.xtec.cat/escola-olivera/Públic Escola Campderrós (08064881) c. Quixot, 108759 &#8211; ValliranaTelèfon 936835422correu-e a8064881@xtec.catweb agora.xtec.cat/escolacampderros/Públic [&hellip;]</p>
