{"id":1556,"date":"2010-10-14T08:32:05","date_gmt":"2010-10-14T07:32:05","guid":{"rendered":"http:\/\/www.reporteducacio.cat\/?page_id=1556"},"modified":"2025-12-12T08:21:08","modified_gmt":"2025-12-12T07:21:08","slug":"la-palma-de-cervello","status":"publish","type":"page","link":"https:\/\/serveiseducatius.xtec.cat\/baixllobregat6\/centres-educatius\/la-palma-de-cervello\/","title":{"rendered":"La Palma de Cervell\u00f3"},"content":{"rendered":"\n<figure class=\"wp-block-image\"><a href=\"http:\/\/serveiseducatius.xtec.cat\/baixllobregat6\/wp-content\/uploads\/usu778\/2010\/10\/03lapalma.jpg\"><img loading=\"lazy\" decoding=\"async\" width=\"700\" height=\"360\" src=\"http:\/\/serveiseducatius.xtec.cat\/baixllobregat6\/wp-content\/uploads\/usu778\/2010\/10\/03lapalma.jpg\" alt=\"03lapalma\" class=\"wp-image-8169\" srcset=\"https:\/\/serveiseducatius.xtec.cat\/baixllobregat6\/wp-content\/uploads\/usu778\/2010\/10\/03lapalma.jpg 700w, https:\/\/serveiseducatius.xtec.cat\/baixllobregat6\/wp-content\/uploads\/usu778\/2010\/10\/03lapalma-300x154.jpg 300w\" sizes=\"auto, (max-width: 700px) 100vw, 700px\" \/><\/a><\/figure>\n\n\n\n<div class=\"wp-block-columns is-layout-flex wp-container-core-columns-is-layout-1 wp-block-columns-is-layout-flex\">\n<div class=\"wp-block-column is-layout-flow wp-block-column-is-layout-flow\">\n<h3 class=\"wp-block-heading has-ast-global-color-0-color has-text-color has-link-color wp-elements-9aa6e146f2bfafbf7f2ce93a83de81db\">Centres d&#8217;educaci\u00f3 infantil i prim\u00e0ria<\/h3>\n\n\n\n<h5 class=\"wp-block-heading\"><strong>Escola El Solell (08016264)<\/strong><\/h5>\n\n\n\n<p>c. Alberes, s\/n<br>08756 &#8211; La Palma de Cervell\u00f3<br>Tel\u00e8fon 936720150 &#8211; Fax 936721250<br>correu-e a8016264@xtec.cat<br>web <a href=\"http:\/\/agora.xtec.cat\/ceipelsolell\/\" target=\"_blank\" rel=\"noopener\">http:\/\/agora.xtec.cat\/ceipelsolell\/<\/a><br><em>P\u00fablic <\/em><\/p>\n<\/div>\n\n\n\n<div class=\"wp-block-column is-layout-flow wp-block-column-is-layout-flow\">\n<h3 class=\"wp-block-heading has-luminous-vivid-orange-color has-text-color has-link-color wp-elements-0f9d13d835b104cb42cd39937a892a93\">Llars d&#8217;infants<\/h3>\n\n\n\n<h5 class=\"wp-block-heading\"><strong>Llar d&#8217;infants El Patufet (08064350)<\/strong><\/h5>\n\n\n\n<p>c. del Dr. Fleming, 2<br>08756 &#8211; La Palma de Cervell\u00f3<br>Tel\u00e8fon 936720815<br><em>P\u00fablic<\/em><\/p>\n\n\n\n<h5 class=\"wp-block-heading\">Llar d&#8217;infants La Cuca Fera (08048265)<\/h5>\n\n\n\n<p>av. Catalunya, 90<br>08756 &#8211; La Palma de Cervell\u00f3<br>Tel\u00e8fon 936720775<br><em>Privat <\/em><\/p>\n<\/div>\n<\/div>\n","protected":false},"excerpt":{"rendered":"<p>Centres d&#8217;educaci\u00f3 infantil i prim\u00e0ria Escola El Solell (08016264) c. Alberes, s\/n08756 &#8211; La Palma de Cervell\u00f3Tel\u00e8fon 936720150 &#8211; Fax 936721250correu-e a8016264@xtec.catweb http:\/\/agora.xtec.cat\/ceipelsolell\/P\u00fablic Llars d&#8217;infants Llar d&#8217;infants El Patufet (08064350) c. del Dr. Fleming, 208756 &#8211; La Palma de Cervell\u00f3Tel\u00e8fon 936720815P\u00fablic Llar d&#8217;infants La Cuca Fera (08048265) av. Catalunya, 9008756 &#8211; La Palma de Cervell\u00f3Tel\u00e8fon [&hellip;]<\/p>\n","protected":false},"author":1,"featured_media":0,"parent":1527,"menu_order":30,"comment_status":"closed","ping_status":"closed","template":"page-templates\/side-menu.php","meta":{"_bbp_topic_count":0,"_bbp_reply_count":0,"_bbp_total_topic_count":0,"_bbp_total_reply_count":0,"_bbp_voice_count":0,"_bbp_anonymous_reply_count":0,"_bbp_topic_count_hidden":0,"_bbp_reply_count_hidden":0,"_bbp_forum_subforum_count":0,"site-sidebar-layout":"default","site-content-layout":"","ast-site-content-layout":"default","site-content-style":"default","site-sidebar-style":"default","ast-global-header-display":"","ast-banner-title-visibility":"","ast-main-header-display":"","ast-hfb-above-header-display":"","ast-hfb-below-header-display":"","ast-hfb-mobile-header-display":"","site-post-title":"","ast-breadcrumbs-content":"","ast-featured-img":"","footer-sml-layout":"","theme-transparent-header-meta":"","adv-header-id-meta":"","stick-header-meta":"","header-above-stick-meta":"","header-main-stick-meta":"","header-below-stick-meta":"","astra-migrate-meta-layouts":"set","ast-page-background-enabled":"default","ast-page-background-meta":{"desktop":{"background-color":"var(--ast-global-color-4)","background-image":"","background-repeat":"repeat","background-position":"center center","background-size":"auto","background-attachment":"scroll","background-type":"","background-media":"","overlay-type":"","overlay-color":"","overlay-opacity":"","overlay-gradient":""},"tablet":{"background-color":"","background-image":"","background-repeat":"repeat","background-position":"center center","background-size":"auto","background-attachment":"scroll","background-type":"","background-media":"","overlay-type":"","overlay-color":"","overlay-opacity":"","overlay-gradient":""},"mobile":{"background-color":"","background-image":"","background-repeat":"repeat","background-position":"center center","background-size":"auto","background-attachment":"scroll","background-type":"","background-media":"","overlay-type":"","overlay-color":"","overlay-opacity":"","overlay-gradient":""}},"ast-content-background-meta":{"desktop":{"background-color":"var(--ast-global-color-5)","background-image":"","background-repeat":"repeat","background-position":"center center","background-size":"auto","background-attachment":"scroll","background-type":"","background-media":"","overlay-type":"","overlay-color":"","overlay-opacity":"","overlay-gradient":""},"tablet":{"background-color":"var(--ast-global-color-5)","background-image":"","background-repeat":"repeat","background-position":"center center","background-size":"auto","background-attachment":"scroll","background-type":"","background-media":"","overlay-type":"","overlay-color":"","overlay-opacity":"","overlay-gradient":""},"mobile":{"background-color":"var(--ast-global-color-5)","background-image":"","background-repeat":"repeat","background-position":"center center","background-size":"auto","background-attachment":"scroll","background-type":"","background-media":"","overlay-type":"","overlay-color":"","overlay-opacity":"","overlay-gradient":""}},"footnotes":""},"class_list":["post-1556","page","type-page","status-publish","hentry"],"post_mailing_queue_ids":[],"_links":{"self":[{"href":"https:\/\/serveiseducatius.xtec.cat\/baixllobregat6\/wp-json\/wp\/v2\/pages\/1556","targetHints":{"allow":["GET"]}}],"collection":[{"href":"https:\/\/serveiseducatius.xtec.cat\/baixllobregat6\/wp-json\/wp\/v2\/pages"}],"about":[{"href":"https:\/\/serveiseducatius.xtec.cat\/baixllobregat6\/wp-json\/wp\/v2\/types\/page"}],"author":[{"embeddable":true,"href":"https:\/\/serveiseducatius.xtec.cat\/baixllobregat6\/wp-json\/wp\/v2\/users\/1"}],"replies":[{"embeddable":true,"href":"https:\/\/serveiseducatius.xtec.cat\/baixllobregat6\/wp-json\/wp\/v2\/comments?post=1556"}],"version-history":[{"count":6,"href":"https:\/\/serveiseducatius.xtec.cat\/baixllobregat6\/wp-json\/wp\/v2\/pages\/1556\/revisions"}],"predecessor-version":[{"id":32293,"href":"https:\/\/serveiseducatius.xtec.cat\/baixllobregat6\/wp-json\/wp\/v2\/pages\/1556\/revisions\/32293"}],"up":[{"embeddable":true,"href":"https:\/\/serveiseducatius.xtec.cat\/baixllobregat6\/wp-json\/wp\/v2\/pages\/1527"}],"wp:attachment":[{"href":"https:\/\/serveiseducatius.xtec.cat\/baixllobregat6\/wp-json\/wp\/v2\/media?parent=1556"}],"curies":[{"name":"wp","href":"https:\/\/api.w.org\/{rel}","templated":true}]}}