{"id":1531,"date":"2010-10-13T15:25:05","date_gmt":"2010-10-13T14:25:05","guid":{"rendered":"http:\/\/www.reporteducacio.cat\/?page_id=1531"},"modified":"2025-12-12T08:17:43","modified_gmt":"2025-12-12T07:17:43","slug":"cervello","status":"publish","type":"page","link":"https:\/\/serveiseducatius.xtec.cat\/baixllobregat6\/centres-educatius\/cervello\/","title":{"rendered":"Cervell\u00f3"},"content":{"rendered":"\n<figure class=\"wp-block-image\"><a href=\"http:\/\/serveiseducatius.xtec.cat\/baixllobregat6\/wp-content\/uploads\/usu778\/2010\/10\/Cervello1.jpg\"><img loading=\"lazy\" decoding=\"async\" width=\"700\" height=\"358\" src=\"http:\/\/serveiseducatius.xtec.cat\/baixllobregat6\/wp-content\/uploads\/usu778\/2010\/10\/Cervello1.jpg\" alt=\"Cervello1\" class=\"wp-image-8199\" srcset=\"https:\/\/serveiseducatius.xtec.cat\/baixllobregat6\/wp-content\/uploads\/usu778\/2010\/10\/Cervello1.jpg 700w, https:\/\/serveiseducatius.xtec.cat\/baixllobregat6\/wp-content\/uploads\/usu778\/2010\/10\/Cervello1-300x153.jpg 300w\" sizes=\"auto, (max-width: 700px) 100vw, 700px\" \/><\/a><\/figure>\n\n\n\n<div class=\"wp-block-columns is-layout-flex wp-container-core-columns-is-layout-1 wp-block-columns-is-layout-flex\">\n<div class=\"wp-block-column is-layout-flow wp-block-column-is-layout-flow\">\n<h3 class=\"wp-block-heading has-ast-global-color-0-color has-text-color has-link-color wp-elements-ed5dd6629bd33fa08476ec41068b0e3c\">Centres d&#8217;infantil i prim\u00e0ria<\/h3>\n\n\n\n<h5 class=\"wp-block-heading\"><strong>Escola Santa Maria de Cervell\u00f3 (08016240)<\/strong><\/h5>\n\n\n\n<p>c. Barons&nbsp;de Cervell\u00f3, s\/n\u00fam.<br>08758 &#8211; Cervell\u00f3<br>Tel\u00e8fon: 936600599&nbsp;&#8211; Fax: 936602682<br>Correu-e: a8016240@xtec.cat<br>Web: <a href=\"https:\/\/agora.xtec.cat\/escolasantamariacervello\/\" target=\"_blank\" rel=\"noopener noreferrer\">agora.xtec.cat\/escolasantamariacervello\/<\/a><br><em>P\u00fablic<\/em><\/p>\n\n\n\n<h5 class=\"wp-block-heading\"><strong>Escola Nova&nbsp; (08063710)<\/strong><\/h5>\n\n\n\n<p>c. Santa Anna, 62<br>08758 &#8211; Cervell\u00f3<br>Tel\u00e8fon: 936840257<br>Correu-e: a8063710@xtec.cat<br>Web: <a href=\"http:\/\/escolanova.cat\" target=\"_blank\" rel=\"noopener noreferrer\">escolanova.cat<\/a><br><em>P\u00fablic<\/em><\/p>\n<\/div>\n\n\n\n<div class=\"wp-block-column is-layout-flow wp-block-column-is-layout-flow\">\n<h3 class=\"wp-block-heading has-ast-global-color-0-color has-text-color has-link-color wp-elements-cc7a1138aec23fb2c10c1c919e06792d\">Centres de secund\u00e0ria<\/h3>\n\n\n\n<h5 class=\"wp-block-heading\"><strong>Institut de Cervell\u00f3 (08067144)<\/strong><\/h5>\n\n\n\n<p>c. del Pi, s\/n<br>08758 &#8211; Cervell\u00f3<br>Tel\u00e8fon: 936842948 &#8211; Fax: 936842949<br>Correu-e: a8067144@xtec.cat<br>Web: <a href=\"https:\/\/agora.xtec.cat\/institutcervello\/\" target=\"_blank\" rel=\"noopener noreferrer\">agora.xtec.cat\/institutcervello\/<\/a><em><a href=\"https:\/\/agora.xtec.cat\/institutcervello\/\" target=\"_blank\" rel=\"noopener noreferrer\">\u200e<\/a><br><em>P\u00fablic<\/em><\/em><\/p>\n\n\n\n<h3 class=\"wp-block-heading has-luminous-vivid-orange-color has-text-color has-link-color wp-elements-0f9d13d835b104cb42cd39937a892a93\">Llars d&#8217;infants<\/h3>\n\n\n\n<h5 class=\"wp-block-heading\"><strong>Llar d&#8217;infants de Cervell\u00f3 (08060642)<\/strong><\/h5>\n\n\n\n<p>pl. del Mestre, 2<br>08758 &#8211; Cervell\u00f3<br>Tel\u00e8fon:&nbsp; 936600451<br>correu-e: a8060642@xtec.cat ; crvl.ebm@cervello.cat<\/p>\n\n\n\n<p><em style=\"font-family: inherit; font-size: 1em;\">P\u00fablic<\/em><\/p>\n\n\n\n<p><\/p>\n\n\n\n<h3 class=\"wp-block-heading\">&nbsp;<\/h3>\n<\/div>\n<\/div>\n","protected":false},"excerpt":{"rendered":"<p>Centres d&#8217;infantil i prim\u00e0ria Escola Santa Maria de Cervell\u00f3 (08016240) c. Barons&nbsp;de Cervell\u00f3, s\/n\u00fam.08758 &#8211; Cervell\u00f3Tel\u00e8fon: 936600599&nbsp;&#8211; Fax: 936602682Correu-e: a8016240@xtec.catWeb: agora.xtec.cat\/escolasantamariacervello\/P\u00fablic Escola Nova&nbsp; (08063710) c. Santa Anna, 6208758 &#8211; Cervell\u00f3Tel\u00e8fon: 936840257Correu-e: a8063710@xtec.catWeb: escolanova.catP\u00fablic Centres de secund\u00e0ria Institut de Cervell\u00f3 (08067144) c. del Pi, s\/n08758 &#8211; Cervell\u00f3Tel\u00e8fon: 936842948 &#8211; Fax: 936842949Correu-e: a8067144@xtec.catWeb: agora.xtec.cat\/institutcervello\/\u200eP\u00fablic Llars d&#8217;infants Llar [&hellip;]<\/p>\n","protected":false},"author":1,"featured_media":0,"parent":1527,"menu_order":10,"comment_status":"closed","ping_status":"closed","template":"page-templates\/side-menu.php","meta":{"_bbp_topic_count":0,"_bbp_reply_count":0,"_bbp_total_topic_count":0,"_bbp_total_reply_count":0,"_bbp_voice_count":0,"_bbp_anonymous_reply_count":0,"_bbp_topic_count_hidden":0,"_bbp_reply_count_hidden":0,"_bbp_forum_subforum_count":0,"site-sidebar-layout":"default","site-content-layout":"","ast-site-content-layout":"default","site-content-style":"default","site-sidebar-style":"default","ast-global-header-display":"","ast-banner-title-visibility":"","ast-main-header-display":"","ast-hfb-above-header-display":"","ast-hfb-below-header-display":"","ast-hfb-mobile-header-display":"","site-post-title":"","ast-breadcrumbs-content":"","ast-featured-img":"","footer-sml-layout":"","theme-transparent-header-meta":"","adv-header-id-meta":"","stick-header-meta":"","header-above-stick-meta":"","header-main-stick-meta":"","header-below-stick-meta":"","astra-migrate-meta-layouts":"set","ast-page-background-enabled":"default","ast-page-background-meta":{"desktop":{"background-color":"var(--ast-global-color-4)","background-image":"","background-repeat":"repeat","background-position":"center center","background-size":"auto","background-attachment":"scroll","background-type":"","background-media":"","overlay-type":"","overlay-color":"","overlay-opacity":"","overlay-gradient":""},"tablet":{"background-color":"","background-image":"","background-repeat":"repeat","background-position":"center center","background-size":"auto","background-attachment":"scroll","background-type":"","background-media":"","overlay-type":"","overlay-color":"","overlay-opacity":"","overlay-gradient":""},"mobile":{"background-color":"","background-image":"","background-repeat":"repeat","background-position":"center center","background-size":"auto","background-attachment":"scroll","background-type":"","background-media":"","overlay-type":"","overlay-color":"","overlay-opacity":"","overlay-gradient":""}},"ast-content-background-meta":{"desktop":{"background-color":"var(--ast-global-color-5)","background-image":"","background-repeat":"repeat","background-position":"center center","background-size":"auto","background-attachment":"scroll","background-type":"","background-media":"","overlay-type":"","overlay-color":"","overlay-opacity":"","overlay-gradient":""},"tablet":{"background-color":"var(--ast-global-color-5)","background-image":"","background-repeat":"repeat","background-position":"center center","background-size":"auto","background-attachment":"scroll","background-type":"","background-media":"","overlay-type":"","overlay-color":"","overlay-opacity":"","overlay-gradient":""},"mobile":{"background-color":"var(--ast-global-color-5)","background-image":"","background-repeat":"repeat","background-position":"center center","background-size":"auto","background-attachment":"scroll","background-type":"","background-media":"","overlay-type":"","overlay-color":"","overlay-opacity":"","overlay-gradient":""}},"footnotes":""},"class_list":["post-1531","page","type-page","status-publish","hentry"],"post_mailing_queue_ids":[],"_links":{"self":[{"href":"https:\/\/serveiseducatius.xtec.cat\/baixllobregat6\/wp-json\/wp\/v2\/pages\/1531","targetHints":{"allow":["GET"]}}],"collection":[{"href":"https:\/\/serveiseducatius.xtec.cat\/baixllobregat6\/wp-json\/wp\/v2\/pages"}],"about":[{"href":"https:\/\/serveiseducatius.xtec.cat\/baixllobregat6\/wp-json\/wp\/v2\/types\/page"}],"author":[{"embeddable":true,"href":"https:\/\/serveiseducatius.xtec.cat\/baixllobregat6\/wp-json\/wp\/v2\/users\/1"}],"replies":[{"embeddable":true,"href":"https:\/\/serveiseducatius.xtec.cat\/baixllobregat6\/wp-json\/wp\/v2\/comments?post=1531"}],"version-history":[{"count":6,"href":"https:\/\/serveiseducatius.xtec.cat\/baixllobregat6\/wp-json\/wp\/v2\/pages\/1531\/revisions"}],"predecessor-version":[{"id":32291,"href":"https:\/\/serveiseducatius.xtec.cat\/baixllobregat6\/wp-json\/wp\/v2\/pages\/1531\/revisions\/32291"}],"up":[{"embeddable":true,"href":"https:\/\/serveiseducatius.xtec.cat\/baixllobregat6\/wp-json\/wp\/v2\/pages\/1527"}],"wp:attachment":[{"href":"https:\/\/serveiseducatius.xtec.cat\/baixllobregat6\/wp-json\/wp\/v2\/media?parent=1531"}],"curies":[{"name":"wp","href":"https:\/\/api.w.org\/{rel}","templated":true}]}}