{"id":25007,"date":"2025-01-21T21:15:49","date_gmt":"2025-01-21T20:15:49","guid":{"rendered":"https:\/\/serveiseducatius.xtec.cat\/baixllobregat5\/?page_id=25007"},"modified":"2025-01-28T12:00:17","modified_gmt":"2025-01-28T11:00:17","slug":"sharing-to-learn","status":"publish","type":"page","link":"https:\/\/serveiseducatius.xtec.cat\/baixllobregat5\/sharing-to-learn\/","title":{"rendered":"Sharing to learn"},"content":{"rendered":"\n<div class=\"wp-block-getwid-section alignfull alignfull getwid-section-content-custom-width\"><div class=\"wp-block-getwid-section__wrapper getwid-padding-left-medium getwid-padding-right-medium\"><div class=\"wp-block-getwid-section__inner-wrapper\" style=\"max-width:1140px\"><div class=\"wp-block-getwid-section__background-holder\"><div class=\"wp-block-getwid-section__background\"><\/div><div class=\"wp-block-getwid-section__foreground\"><\/div><\/div><div class=\"wp-block-getwid-section__content\"><div class=\"wp-block-getwid-section__inner-content\">\n<div class=\"wp-block-columns has-2-columns are-vertically-aligned-center is-layout-flex wp-container-core-columns-is-layout-1 wp-block-columns-is-layout-flex\">\n<div class=\"wp-block-column is-vertically-aligned-center is-layout-flow wp-block-column-is-layout-flow\">\n<div class=\"wp-block-getwid-advanced-heading\" style=\"margin-bottom:0px;margin-top:0px\"><span class=\"wp-block-getwid-advanced-heading__content\"> <strong>&#8220;Sharing to Learn&#8221;: Aprenentatge i servei en angl\u00e8s al Baix Llobregat<\/strong><\/span><\/div>\n\n\n\n<p><strong>Connectant alumnes, compartint coneixements i millorant l&#8217;angl\u00e8s oral.<\/strong><\/p>\n\n\n\n<p>El programa &#8220;Sharing to Learn&#8221;, impulsat pel Servei de Lleng\u00fces Estrangeres dels Serveis Territorials del Baix Llobregat i el Departament d&#8217;Educaci\u00f3, \u00e9s una iniciativa amb m\u00e9s de deu anys d&#8217;experi\u00e8ncia que combina l&#8217;aprenentatge i servei amb la pr\u00e0ctica de la llengua anglesa.<\/p>\n\n\n\n<p><strong>Com funciona?<\/strong><\/p>\n\n\n\n<p>&#8220;Sharing to Learn&#8221; fomenta la interrelaci\u00f3 entre alumnat de diferents nivells educatius a trav\u00e9s d&#8217;un intercanvi i una interacci\u00f3 que beneficia a tots els participants. Aquesta din\u00e0mica promou la responsabilitat i la col\u00b7laboraci\u00f3, alhora que crea un entorn ideal per a la millora de l&#8217;expressi\u00f3 oral en angl\u00e8s.<\/p>\n\n\n\n<p><strong>Objectius:<\/strong><\/p>\n\n\n\n<ul class=\"wp-block-list\">\n<li>Millorar la flu\u00efdesa i la confian\u00e7a en la comunicaci\u00f3 oral en angl\u00e8s.<\/li>\n\n\n\n<li>Fomentar la responsabilitat i la col\u00b7laboraci\u00f3 entre alumnes de diferents edats.<\/li>\n\n\n\n<li>Preparar l&#8217;alumnat per a un futur en entorns pluriling\u00fces i pluriculturals.<\/li>\n\n\n\n<li>Integrar el concepte d&#8217;aprenentatge i servei a la pr\u00e0ctica educativa.<\/li>\n<\/ul>\n\n\n\n<p><strong>Un programa amb experi\u00e8ncia<\/strong><\/p>\n\n\n\n<p>Amb m\u00e9s d&#8217;una d\u00e8cada d&#8217;hist\u00f2ria, &#8220;Sharing to Learn&#8221; ha demostrat ser un programa efica\u00e7 i enriquidor per a l&#8217;alumnat del Baix Llobregat. La seva metodologia innovadora i els seus resultats positius l&#8217;han consolidat com una iniciativa clau per a la promoci\u00f3 de l&#8217;angl\u00e8s a la comarca.<\/p>\n\n\n\n<p><strong>&#8220;Sharing to Learn&#8221; a Cornell\u00e0 i Sant Joan Desp\u00ed<\/strong><\/p>\n\n\n\n<p>Enguany, el programa compta amb una \u00e0mplia participaci\u00f3 a Cornell\u00e0 de Llobregat i Sant Joan Desp\u00ed, amb un total de tretze escoles i cinc instituts a Cornell\u00e0, i sis escoles i tres instituts a Sant Joan Desp\u00ed.<\/p>\n\n\n\n<p><\/p>\n<\/div>\n\n\n\n<div class=\"wp-block-column is-vertically-aligned-center is-layout-flow wp-block-column-is-layout-flow\">\n<figure class=\"wp-block-image size-full size-large\"><a href=\"https:\/\/serveiseducatius.xtec.cat\/baixllobregat5\/wp-content\/uploads\/usu1180\/2025\/01\/stl.jpg\"><img loading=\"lazy\" decoding=\"async\" width=\"584\" height=\"528\" src=\"https:\/\/serveiseducatius.xtec.cat\/baixllobregat5\/wp-content\/uploads\/usu1180\/2025\/01\/stl.jpg\" alt=\"\" class=\"wp-image-25524\" srcset=\"https:\/\/serveiseducatius.xtec.cat\/baixllobregat5\/wp-content\/uploads\/usu1180\/2025\/01\/stl.jpg 584w, https:\/\/serveiseducatius.xtec.cat\/baixllobregat5\/wp-content\/uploads\/usu1180\/2025\/01\/stl-300x271.jpg 300w\" sizes=\"auto, (max-width: 584px) 100vw, 584px\" \/><\/a><\/figure>\n<\/div>\n<\/div>\n<\/div><\/div><\/div><\/div><\/div>\n","protected":false},"excerpt":{"rendered":"","protected":false},"author":1,"featured_media":0,"parent":0,"menu_order":0,"comment_status":"closed","ping_status":"close","template":"","meta":{"_bbp_topic_count":0,"_bbp_reply_count":0,"_bbp_total_topic_count":0,"_bbp_total_reply_count":0,"_bbp_voice_count":0,"_bbp_anonymous_reply_count":0,"_bbp_topic_count_hidden":0,"_bbp_reply_count_hidden":0,"_bbp_forum_subforum_count":0,"site-sidebar-layout":"no-sidebar","site-content-layout":"","ast-site-content-layout":"normal-width-container","site-content-style":"boxed","site-sidebar-style":"default","ast-global-header-display":"","ast-banner-title-visibility":"","ast-main-header-display":"","ast-hfb-above-header-display":"","ast-hfb-below-header-display":"","ast-hfb-mobile-header-display":"","site-post-title":"","ast-breadcrumbs-content":"","ast-featured-img":"","footer-sml-layout":"disabled","theme-transparent-header-meta":"","adv-header-id-meta":"","stick-header-meta":"","header-above-stick-meta":"","header-main-stick-meta":"","header-below-stick-meta":"","astra-migrate-meta-layouts":"set","ast-page-background-enabled":"default","ast-page-background-meta":{"desktop":{"background-color":"var(--ast-global-color-4)","background-image":"","background-repeat":"repeat","background-position":"center center","background-size":"auto","background-attachment":"scroll","background-type":"","background-media":"","overlay-type":"","overlay-color":"","overlay-opacity":"","overlay-gradient":""},"tablet":{"background-color":"","background-image":"","background-repeat":"repeat","background-position":"center center","background-size":"auto","background-attachment":"scroll","background-type":"","background-media":"","overlay-type":"","overlay-color":"","overlay-opacity":"","overlay-gradient":""},"mobile":{"background-color":"","background-image":"","background-repeat":"repeat","background-position":"center center","background-size":"auto","background-attachment":"scroll","background-type":"","background-media":"","overlay-type":"","overlay-color":"","overlay-opacity":"","overlay-gradient":""}},"ast-content-background-meta":{"desktop":{"background-color":"var(--ast-global-color-5)","background-image":"","background-repeat":"repeat","background-position":"center center","background-size":"auto","background-attachment":"scroll","background-type":"","background-media":"","overlay-type":"","overlay-color":"","overlay-opacity":"","overlay-gradient":""},"tablet":{"background-color":"var(--ast-global-color-5)","background-image":"","background-repeat":"repeat","background-position":"center center","background-size":"auto","background-attachment":"scroll","background-type":"","background-media":"","overlay-type":"","overlay-color":"","overlay-opacity":"","overlay-gradient":""},"mobile":{"background-color":"var(--ast-global-color-5)","background-image":"","background-repeat":"repeat","background-position":"center center","background-size":"auto","background-attachment":"scroll","background-type":"","background-media":"","overlay-type":"","overlay-color":"","overlay-opacity":"","overlay-gradient":""}},"footnotes":""},"class_list":["post-25007","page","type-page","status-publish","hentry"],"post_mailing_queue_ids":[],"_links":{"self":[{"href":"https:\/\/serveiseducatius.xtec.cat\/baixllobregat5\/wp-json\/wp\/v2\/pages\/25007","targetHints":{"allow":["GET"]}}],"collection":[{"href":"https:\/\/serveiseducatius.xtec.cat\/baixllobregat5\/wp-json\/wp\/v2\/pages"}],"about":[{"href":"https:\/\/serveiseducatius.xtec.cat\/baixllobregat5\/wp-json\/wp\/v2\/types\/page"}],"author":[{"embeddable":true,"href":"https:\/\/serveiseducatius.xtec.cat\/baixllobregat5\/wp-json\/wp\/v2\/users\/1"}],"replies":[{"embeddable":true,"href":"https:\/\/serveiseducatius.xtec.cat\/baixllobregat5\/wp-json\/wp\/v2\/comments?post=25007"}],"version-history":[{"count":6,"href":"https:\/\/serveiseducatius.xtec.cat\/baixllobregat5\/wp-json\/wp\/v2\/pages\/25007\/revisions"}],"predecessor-version":[{"id":25526,"href":"https:\/\/serveiseducatius.xtec.cat\/baixllobregat5\/wp-json\/wp\/v2\/pages\/25007\/revisions\/25526"}],"wp:attachment":[{"href":"https:\/\/serveiseducatius.xtec.cat\/baixllobregat5\/wp-json\/wp\/v2\/media?parent=25007"}],"curies":[{"name":"wp","href":"https:\/\/api.w.org\/{rel}","templated":true}]}}