{"id":18443,"date":"2021-03-01T16:55:16","date_gmt":"2021-03-01T15:55:16","guid":{"rendered":"http:\/\/serveiseducatius.xtec.cat\/baixllobregat5\/?page_id=18443"},"modified":"2021-03-25T10:14:37","modified_gmt":"2021-03-25T09:14:37","slug":"discapacitat-auditiva-2","status":"publish","type":"page","link":"https:\/\/serveiseducatius.xtec.cat\/baixllobregat5\/discapacitat-auditiva-2\/","title":{"rendered":"Discapacitat auditiva"},"content":{"rendered":"<p><a href=\"https:\/\/drive.google.com\/file\/d\/1ceR1SGkrbYHhNLnmiSN3FQ2aH4W_G35P\/view?usp=sharing\"><img loading=\"lazy\" decoding=\"async\" class=\" wp-image-18446 alignleft\" src=\"https:\/\/serveiseducatius.xtec.cat\/baixllobregat5\/wp-content\/uploads\/usu1180\/2021\/03\/baixa.jpg\" alt=\"\" width=\"146\" height=\"205\" \/><\/a><\/p>\n<p>&nbsp;<\/p>\n<p><a href=\"https:\/\/drive.google.com\/file\/d\/1ceR1SGkrbYHhNLnmiSN3FQ2aH4W_G35P\/view?usp=sharing\">Protocol detecci\u00f3 preco\u00e7, diagn\u00f2stic, tractament\u00a0 i seguiment hipoacusia neonatal<\/a><\/p>\n<p>&nbsp;<\/p>\n<p>&nbsp;<\/p>\n<p>&nbsp;<\/p>\n<p>&nbsp;<\/p>\n<p><a href=\"https:\/\/drive.google.com\/file\/d\/1zYKL8ItvUIaJ3ltI9tftq44GwpExxfNc\/view?usp=sharing\"><img loading=\"lazy\" decoding=\"async\" class=\"wp-image-18450 alignleft\" src=\"https:\/\/serveiseducatius.xtec.cat\/baixllobregat5\/wp-content\/uploads\/usu1180\/2021\/03\/baixa-1.jpg\" alt=\"\" width=\"146\" height=\"207\" \/><\/a><\/p>\n<p>&nbsp;<\/p>\n<p>&nbsp;<\/p>\n<p><a style=\"color: #2795b6;\" href=\"https:\/\/drive.google.com\/file\/d\/1zYKL8ItvUIaJ3ltI9tftq44GwpExxfNc\/view?usp=sharing\">\u00das del llenguatge a l&#8217;escola<\/a><\/p>\n<p>&nbsp;<\/p>\n<p>&nbsp;<\/p>\n<p>&nbsp;<\/p>\n<p><a href=\"https:\/\/drive.google.com\/file\/d\/1hZTKadyMMywUMmwdQTwfFguQY6hHD8PZ\/view?usp=sharing\"><img loading=\"lazy\" decoding=\"async\" class=\"alignnone  wp-image-18762\" src=\"https:\/\/serveiseducatius.xtec.cat\/baixllobregat5\/wp-content\/uploads\/usu1180\/2021\/03\/desenvol-llenguatge.jpg\" alt=\"\" width=\"198\" height=\"103\" \/><\/a><a style=\"color: #2795b6;\" href=\"https:\/\/drive.google.com\/file\/d\/1hZTKadyMMywUMmwdQTwfFguQY6hHD8PZ\/view?usp=sharing\">\u00a0 Desenvolupament comunicaci\u00f3 i llenguatge a l&#8217;etapa infantil<\/a><\/p>\n","protected":false},"excerpt":{"rendered":"<p>&nbsp; Protocol detecci\u00f3 preco\u00e7, diagn\u00f2stic, tractament\u00a0 i seguiment hipoacusia neonatal &nbsp; &nbsp; &nbsp; &nbsp; &nbsp; &nbsp; \u00das del llenguatge a [&hellip;]<\/p>\n","protected":false},"author":67,"featured_media":0,"parent":0,"menu_order":0,"comment_status":"closed","ping_status":"closed","template":"","meta":{"_bbp_topic_count":0,"_bbp_reply_count":0,"_bbp_total_topic_count":0,"_bbp_total_reply_count":0,"_bbp_voice_count":0,"_bbp_anonymous_reply_count":0,"_bbp_topic_count_hidden":0,"_bbp_reply_count_hidden":0,"_bbp_forum_subforum_count":0,"site-sidebar-layout":"default","site-content-layout":"","ast-site-content-layout":"","site-content-style":"default","site-sidebar-style":"default","ast-global-header-display":"","ast-banner-title-visibility":"","ast-main-header-display":"","ast-hfb-above-header-display":"","ast-hfb-below-header-display":"","ast-hfb-mobile-header-display":"","site-post-title":"","ast-breadcrumbs-content":"","ast-featured-img":"","footer-sml-layout":"","theme-transparent-header-meta":"","adv-header-id-meta":"","stick-header-meta":"","header-above-stick-meta":"","header-main-stick-meta":"","header-below-stick-meta":"","astra-migrate-meta-layouts":"default","ast-page-background-enabled":"default","ast-page-background-meta":{"desktop":{"background-color":"var(--ast-global-color-4)","background-image":"","background-repeat":"repeat","background-position":"center center","background-size":"auto","background-attachment":"scroll","background-type":"","background-media":"","overlay-type":"","overlay-color":"","overlay-opacity":"","overlay-gradient":""},"tablet":{"background-color":"","background-image":"","background-repeat":"repeat","background-position":"center center","background-size":"auto","background-attachment":"scroll","background-type":"","background-media":"","overlay-type":"","overlay-color":"","overlay-opacity":"","overlay-gradient":""},"mobile":{"background-color":"","background-image":"","background-repeat":"repeat","background-position":"center center","background-size":"auto","background-attachment":"scroll","background-type":"","background-media":"","overlay-type":"","overlay-color":"","overlay-opacity":"","overlay-gradient":""}},"ast-content-background-meta":{"desktop":{"background-color":"var(--ast-global-color-5)","background-image":"","background-repeat":"repeat","background-position":"center center","background-size":"auto","background-attachment":"scroll","background-type":"","background-media":"","overlay-type":"","overlay-color":"","overlay-opacity":"","overlay-gradient":""},"tablet":{"background-color":"var(--ast-global-color-5)","background-image":"","background-repeat":"repeat","background-position":"center center","background-size":"auto","background-attachment":"scroll","background-type":"","background-media":"","overlay-type":"","overlay-color":"","overlay-opacity":"","overlay-gradient":""},"mobile":{"background-color":"var(--ast-global-color-5)","background-image":"","background-repeat":"repeat","background-position":"center center","background-size":"auto","background-attachment":"scroll","background-type":"","background-media":"","overlay-type":"","overlay-color":"","overlay-opacity":"","overlay-gradient":""}},"footnotes":""},"class_list":["post-18443","page","type-page","status-publish","hentry"],"post_mailing_queue_ids":[],"_links":{"self":[{"href":"https:\/\/serveiseducatius.xtec.cat\/baixllobregat5\/wp-json\/wp\/v2\/pages\/18443","targetHints":{"allow":["GET"]}}],"collection":[{"href":"https:\/\/serveiseducatius.xtec.cat\/baixllobregat5\/wp-json\/wp\/v2\/pages"}],"about":[{"href":"https:\/\/serveiseducatius.xtec.cat\/baixllobregat5\/wp-json\/wp\/v2\/types\/page"}],"author":[{"embeddable":true,"href":"https:\/\/serveiseducatius.xtec.cat\/baixllobregat5\/wp-json\/wp\/v2\/users\/67"}],"replies":[{"embeddable":true,"href":"https:\/\/serveiseducatius.xtec.cat\/baixllobregat5\/wp-json\/wp\/v2\/comments?post=18443"}],"version-history":[{"count":3,"href":"https:\/\/serveiseducatius.xtec.cat\/baixllobregat5\/wp-json\/wp\/v2\/pages\/18443\/revisions"}],"predecessor-version":[{"id":18763,"href":"https:\/\/serveiseducatius.xtec.cat\/baixllobregat5\/wp-json\/wp\/v2\/pages\/18443\/revisions\/18763"}],"wp:attachment":[{"href":"https:\/\/serveiseducatius.xtec.cat\/baixllobregat5\/wp-json\/wp\/v2\/media?parent=18443"}],"curies":[{"name":"wp","href":"https:\/\/api.w.org\/{rel}","templated":true}]}}

<p><a href="https://drive.google.com/file/d/1ceR1SGkrbYHhNLnmiSN3FQ2aH4W_G35P/view?usp=sharing"><img loading="lazy" decoding="async" class=" wp-image-18446 alignleft" src="https://serveiseducatius.xtec.cat/baixllobregat5/wp-content/uploads/usu1180/2021/03/baixa.jpg" alt="" width="146" height="205" /></a></p>
<p>&nbsp;</p>
<p><a href="https://drive.google.com/file/d/1ceR1SGkrbYHhNLnmiSN3FQ2aH4W_G35P/view?usp=sharing">Protocol detecció precoç, diagnòstic, tractament  i seguiment hipoacusia neonatal</a></p>
<p>&nbsp;</p>
<p>&nbsp;</p>
<p>&nbsp;</p>
<p>&nbsp;</p>
<p><a href="https://drive.google.com/file/d/1zYKL8ItvUIaJ3ltI9tftq44GwpExxfNc/view?usp=sharing"><img loading="lazy" decoding="async" class="wp-image-18450 alignleft" src="https://serveiseducatius.xtec.cat/baixllobregat5/wp-content/uploads/usu1180/2021/03/baixa-1.jpg" alt="" width="146" height="207" /></a></p>
<p>&nbsp;</p>
<p>&nbsp;</p>
<p><a style="color: #2795b6;" href="https://drive.google.com/file/d/1zYKL8ItvUIaJ3ltI9tftq44GwpExxfNc/view?usp=sharing">Ús del llenguatge a l&#8217;escola</a></p>
<p>&nbsp;</p>
<p>&nbsp;</p>
<p>&nbsp;</p>
<p><a href="https://drive.google.com/file/d/1hZTKadyMMywUMmwdQTwfFguQY6hHD8PZ/view?usp=sharing"><img loading="lazy" decoding="async" class="alignnone  wp-image-18762" src="https://serveiseducatius.xtec.cat/baixllobregat5/wp-content/uploads/usu1180/2021/03/desenvol-llenguatge.jpg" alt="" width="198" height="103" /></a><a style="color: #2795b6;" href="https://drive.google.com/file/d/1hZTKadyMMywUMmwdQTwfFguQY6hHD8PZ/view?usp=sharing">  Desenvolupament comunicació i llenguatge a l&#8217;etapa infantil</a></p>

<p>&nbsp; Protocol detecció precoç, diagnòstic, tractament  i seguiment hipoacusia neonatal &nbsp; &nbsp; &nbsp; &nbsp; &nbsp; &nbsp; Ús del llenguatge a [&hellip;]</p>
