{"id":8160,"date":"2013-11-18T11:45:52","date_gmt":"2013-11-18T10:45:52","guid":{"rendered":"http:\/\/blocs.xtec.cat\/sebaixllobregat4\/?page_id=768"},"modified":"2019-06-25T10:32:01","modified_gmt":"2019-06-25T08:32:01","slug":"bases-del-forum-de-treballs-de-recerca","status":"publish","type":"page","link":"https:\/\/serveiseducatius.xtec.cat\/baixllobregat4\/dinamitzacio\/forum-treballs-de-recerca\/bases-del-forum-de-treballs-de-recerca\/","title":{"rendered":"Bases del F\u00f2rum de treballs de recerca"},"content":{"rendered":"<h1 style=\"text-align: justify;\">F\u00d2RUM DE TREBALLS DE RECERCA CIUTAT DEL PRAT<\/h1>\n<p style=\"text-align: justify;\">El Centre de Recursos Pedag\u00f2gics i la Regidoria d\u2019Educaci\u00f3 de l\u2019Ajuntament, amb la col\u00b7laboraci\u00f3 dels coordinadors de batxillerat dels centres de secund\u00e0ria que imparteixen batxillerat al Prat, per tal d\u2019incentivar la recerca i com a suport a la tasca docent, organitzen cada curs el F\u00f2rum de Treballs de Recerca de la Ciutat del Prat.<\/p>\n<h1 style=\"text-align: justify;\">DESCRIPCI\u00d3<\/h1>\n<p style=\"text-align: justify;\">L&#8217;alumnat de batxillerat, dins del seu curr\u00edculum, desenvolupa el treball de recerca consistent en un conjunt d&#8217;activitats estructurades i orientades cap a la investigaci\u00f3, aplicant un m\u00e8tode l\u00f2gic per a la resoluci\u00f3 de problemes abastables. Durant la realitzaci\u00f3 del treball de recerca, l&#8217;alumnat rebr\u00e0 orientaci\u00f3 sobre els objectius, metodologia, calendari i criteris d&#8217;avaluaci\u00f3.<\/p>\n<p style=\"text-align: justify;\">A trav\u00e9s del F\u00f2rum, es porta a terme una exposici\u00f3 p\u00fablica i una mostra dels treballs de recerca elaborats per l&#8217;alumnat de la ciutat, adre\u00e7ada a tots els membres de la comunitat educativa, aix\u00ed com a la ciutat en general.<\/p>\n<h1 style=\"text-align: justify;\">OBJECTIUS<\/h1>\n<ul style=\"text-align: justify;\">\n<li style=\"text-align: justify;\">Potenciar les activitats de recerca que fan els alumnes de batxillerat en general i, especialment, els que fan refer\u00e8ncia al medi local.<\/li>\n<li style=\"text-align: justify;\">Donar a con\u00e8ixer a la comunitat educativa i a la ciutadania en general, els treballs d&#8217;investigaci\u00f3 que es duen a terme als instituts del Prat.<\/li>\n<li style=\"text-align: justify;\">Promoure les habilitats comunicatives i argumentatives de l&#8217;alumnat.<\/li>\n<li style=\"text-align: justify;\">Oferir suggeriments i idees sobre treballs de recerca a l&#8217;alumnat de propers cursos posteriors.<\/li>\n<li style=\"text-align: justify;\">Crear un fons de treballs de recerca a l&#8217;Arxiu Municipal.<\/li>\n<\/ul>\n<h1 style=\"text-align: justify;\">BASES<\/h1>\n<p style=\"text-align: justify;\">Poden participar al F\u00f2rum tots els alumnes de 2n de batxillerat dels instituts d&#8217;ensenyament secundari de la ciutat.<\/p>\n<h1 style=\"text-align: justify;\">REQUISITS DEL TREBALL<\/h1>\n<p style=\"text-align: justify;\">Els treballs de recerca presentats al F\u00f2rum de Treballs de Recerca Ciutat del Prat han de ser in\u00e8dits i es classificaran en els \u00e0mbits seg\u00fcents:<\/p>\n<ul style=\"text-align: justify;\">\n<li>\u00c0mbit human\u00edstic i ci\u00e8ncies socials<\/li>\n<li>\u00c0mbit cient\u00edfic i tecnol\u00f2gic<\/li>\n<li>\u00c0mbit d&#8217;expressi\u00f3: f\u00edsica i art\u00edstica<\/li>\n<\/ul>\n<p style=\"text-align: justify;\">Es valoraran especialment els treballs de recerca que facin refer\u00e8ncia al medi local.<\/p>\n<p style=\"text-align: justify;\">El treball de recerca tindr\u00e0 car\u00e0cter individual, llevat dels casos en qu\u00e8 la din\u00e0mica de la investigaci\u00f3 faci necessari fer el treball en grup.<\/p>\n<p style=\"text-align: justify;\">Els treballs es presentaran en llengua catalana, excepte aquells que s&#8217;emmarquin en l&#8217;\u00e0rea d&#8217;una altra llengua que,si s&#8217;escau, hauran de presentar una justificaci\u00f3 per part del professorat responsable.<\/p>\n<p style=\"text-align: justify;\">Cada institut podr\u00e0 presentar un m\u00e0xim de dos treballs per cada l\u00ednia de segon de batxillerat que tingui el centre, menys els centres d&#8217;una sola l\u00ednia, que en podran presentar tres.<\/p>\n<p style=\"text-align: justify;\">En l&#8217;elecci\u00f3 dels treballs que es presentin, els centres intentaran equilibrar la representativitat dels diferents \u00e0mbits.<\/p>\n<h1 style=\"text-align: justify;\">PRESENTACI\u00d3 DELS TREBALLS AL F\u00d2RUM DE TREBALLS DE RECERCA<\/h1>\n<p style=\"text-align: justify;\">Es lliurar\u00e0 al Servei Educatiu la documentaci\u00f3 seg\u00fcent:<\/p>\n<ul style=\"text-align: justify;\">\n<li>La fitxa resum en format digital, segons el model establert i en llengua catalana, amb una fotografia personal en format digital per treball de l&#8217;alumne\/a o equip que hi ha col\u00b7laborat (via correu electr\u00f2nic). Vincle per accedir al el model de fitxa resum. Accedir al <a href=\"https:\/\/docs.google.com\/document\/d\/10FEXmGq5NNkJSyOhwkhzGwvQ8_62lgeA-mmDBEPhB1w\/edit?usp=sharing\" target=\"_blank\" rel=\"noopener noreferrer\">document.<\/a><\/li>\n<li>El treball en format PDF, correctament indexat, i acompanyat, si cal, d&#8217;annexos (CD-Rom, v\u00eddeo, maquetes, etc.). A la portada hi ha de constar el t\u00edtol del treball, el nom i cognoms dels autors, el nom del tutor\/a del treball i el nom del centre <span style=\"color: #ff0000;\">(*).<\/span><\/li>\n<li>Autoritzaci\u00f3 signada pels autors\/es i tutors\/es dels treballs de recerca tant pel que fa a l&#8217;exposici\u00f3 a l&#8217;Arxiu Municipal, com per la posterior cust\u00f2dia, on els treballs de recerca es podran consultar per\u00f2 no fotocopiar ni deixar en pr\u00e9stec. <a href=\"https:\/\/docs.google.com\/document\/d\/1e3EtXcmvlc_6T4CmvSVwfImAERUvmgghIA6cNCdAFD8\/edit\" target=\"_blank\" rel=\"noopener noreferrer\">Cliqueu aqu\u00ed<\/a> per descarregar l&#8217;autoritzaci\u00f3.<\/li>\n<\/ul>\n<p style=\"text-align: justify;\">El coordinador de cada centre ha de presentar els textos corregits ling\u00fc\u00edsticament, per la seva posterior publicaci\u00f3.<\/p>\n<p style=\"text-align: justify;\"><span style=\"color: #ff0000;\">(*)<\/span>\u00a0En el cas que el treball presentat es fonamenti en un espai digital en l\u00ednia (Web, blog,&#8230;) caldr\u00e0 presentar com a m\u00ednim un document en format PDF que contingui: el t\u00edtol del treball, el nom i cognoms dels autors, el nom del tutor\u00a0 del treball, el nom del centre, l\u2019enlla\u00e7 URL per accedir al treball, la introducci\u00f3, l\u2019\u00edndex o mapa del web, amb els corresponents hiperenlla\u00e7os, les conclusions i la bibliografia utilitzada. Si \u00e9s possible, es presentar\u00e0 tamb\u00e9 un backup de l\u2019espai digital en l\u00ednia.<\/p>\n<p style=\"text-align: justify;\">EL JURAT<\/p>\n<p style=\"text-align: justify;\">El jurat el constituiran representants de l&#8217;Administraci\u00f3 local i de l&#8217;Administraci\u00f3 educativa (Inspecci\u00f3 i serveis educatius).<br \/>\nHi haur\u00e0 un jurat que seleccionar\u00e0 un nombre determinat de treballs per exposar-los al F\u00f2rum de Treballs de Recerca, depenent de les tem\u00e0tiques, el rigor, l\u2019originalitat i entre d&#8217;altres els <strong>seg\u00fcents criteris que marca el Decret curricular:<\/strong><\/p>\n<ul style=\"text-align: justify;\">\n<li>Aplicar la metodologia de recerca adequada als objectius del treball, afrontant els problemes generals durant el proc\u00e9s de recerca.<\/li>\n<li>Seleccionar de forma correcta les fonts d&#8217;informaci\u00f3 tot mostrant capacitat per accedir a fonts diversificades i contrastades, gestionar la informaci\u00f3 i aplicar de forma rigorosa, cr\u00edtica i objectiva m\u00e8todes d&#8217;an\u00e0lisi i interpretaci\u00f3 de les dades.<\/li>\n<li>Redactar un informe ben estructural amb rigor formal, on s\u2019exposin les idees principals amb coher\u00e8ncia, cohesi\u00f3 i capacitat de s\u00edntesi.<\/li>\n<li>Elaborar les conclusions de la recerca de forma personal i avaluar cr\u00edticament el propi treball.<\/li>\n<li>Expressar-se per escrit amb correcci\u00f3 gramatical i estil\u00edstica tot dominant el vocabulari t\u00e8cnic espec\u00edfic<\/li>\n<\/ul>\n<h1 style=\"text-align: justify;\">TREBALLS SELECCIONATS<\/h1>\n<p style=\"text-align: justify;\">La Regidoria d\u2019Educaci\u00f3 de l\u2019Ajuntament, comunicar\u00e0 als coordinadors de cada centre quins han estat els treballs seleccionats.<\/p>\n<p style=\"text-align: justify;\">Els coordinadors lliuraran la presentaci\u00f3 en format digital del treball per a la sessi\u00f3 p\u00fablica<strong>\u00a0<\/strong>tenint en compte que la presentaci\u00f3 haur\u00e0 de fer-se en un m\u00e0xim de 15&#8242;. Es recomana que el mateix dia de l&#8217;acte l&#8217;alumne no porti una versi\u00f3 diferent de la que hagi presentat anteriorment.<\/p>\n<h1 style=\"text-align: justify;\">DIFUSI\u00d3 DELS TREBALLS PRESENTATS AL F\u00d2RUM DE TREBALLS DE RECERCA<\/h1>\n<h2 style=\"text-align: justify;\">Publicaci\u00f3 dels treballs presentats<\/h2>\n<p style=\"text-align: justify;\">S&#8217;editar\u00e0 una publicaci\u00f3 amb les fitxes resum de tots els treballs presentats. Aquesta publicaci\u00f3 es distribuir\u00e0 als centres educatius de la ciutat, a les persones que assisteixin a l\u2019acte de presentaci\u00f3 dels treballs seleccionats i als autors i autores d&#8217;aquests. Es podr\u00e0 consultar, tamb\u00e9, en l\u00ednia, a les webs del <a href=\"https:\/\/serveiseducatius.xtec.cat\/baixllobregat4\/\">CRP<\/a>\u00a0\u00a0i de l&#8217;<a href=\"http:\/\/www.elprat.cat\/educacio\">Ajuntament del Prat<\/a><\/p>\n<p style=\"text-align: justify;\"><strong>Exposici\u00f3 de plafons recopilatoris de tots els F\u00f2rums realitzats fins ara<\/strong><\/p>\n<p style=\"text-align: justify;\">Cada institut disposa d&#8217;aquesta exposici\u00f3 que ha de servir com a recurs pedag\u00f2gic de motivaci\u00f3 i de reconeixement. Durant l&#8217;acte del F\u00f2rum tamb\u00e9 s&#8217;exposar\u00e0 en l&#8217;equipament c\u00edvic.<\/p>\n<h2 style=\"text-align: justify;\">Mostra de treballs<\/h2>\n<p style=\"text-align: justify;\">S\u2019organitzar\u00e0 una mostra (exposici\u00f3), on es podran veure tots els treballs presentats, els originals i la publicaci\u00f3 de treballs.<\/p>\n<h2 style=\"text-align: justify;\">Fons de treballs de recerca<\/h2>\n<p style=\"text-align: justify;\">Els treballs presentats s&#8217;incorporaran al fons de treballs de recerca d&#8217;acc\u00e9s restringit, existent a l\u2019Arxiu Municipal.<\/p>\n<h2 style=\"text-align: justify;\">El F\u00f2rum a la r\u00e0dio<\/h2>\n<p style=\"text-align: justify;\">Es far\u00e0 difusi\u00f3 del F\u00f2rum i dels treballs seleccionats a la r\u00e0dio local El Prat R\u00e0dio, al programa Magazine. Planeta Prat, 2l,\u00a0<a title=\"F\u00f2rum a la r\u00e0dio\" href=\"https:\/\/docs.google.com\/document\/d\/1fRfHOf1wRRLcLhw6kBE8Pnxl_6Npv-42OBY2T6SoWtE\/edit\" target=\"_blank\" rel=\"noopener noreferrer\">Cliqueu aqu\u00ed <\/a>per saber com participar en la r\u00e0dio local.<\/p>\n<h1 style=\"text-align: justify;\">ACTE DE PRESENTACI\u00d3 DELS TREBALLS SELECCIONATS PEL JURAT DEL F\u00d2RUM DE TREBALLS DE RECERCA<\/h1>\n<p style=\"text-align: justify;\">S&#8217;organitzar\u00e0 una sessi\u00f3 p\u00fablica de presentaci\u00f3 dels treballs seleccionats, en la qual, els autors i autores exposaran oralment els treballs respectius.<\/p>\n<p style=\"text-align: justify;\">L&#8217;acte se celebrar\u00e0 al Centre C\u00edvic Sant Jordi &#8211; Ribera Baixa. Despr\u00e9s dels parlaments d&#8217;obertura, es desenvoluparan les presentacions en sessions simult\u00e0nies, i tot seguit es far\u00e0 un acte de reconeixement als autors i les autores dels treballs seleccionats.<\/p>\n<p style=\"text-align: justify;\">L&#8217;acte ser\u00e0 obert a la comunitat educativa local i a la ciutadania en general.<\/p>\n<p style=\"text-align: justify;\">La presentaci\u00f3 oral del treball ser\u00e0 d\u2019un m\u00e0xim de 15 minuts i es podran utilitzar recursos de suport, mitjans multim\u00e8dia, i d&#8217;altres. L\u2019Ajuntament i el Servei Educatiu s&#8217;encarregaran de facilitar els mitjans necessaris.<\/p>\n<h1 style=\"text-align: justify;\">RECONEIXEMENT ALS AUTORS\/ES DELS TREBALLS PRESENTATS<\/h1>\n<p style=\"text-align: justify;\">El reconeixement a les persones autores dels treballs presentats consistir\u00e0 en:<\/p>\n<ul style=\"text-align: justify;\">\n<li style=\"text-align: justify;\">Exposici\u00f3 de plafons que agrupin els F\u00f2rms de Treballs de Recerca realitzats fins ara.<\/li>\n<li>Exposici\u00f3 de projectes a la Mostra del F\u00f2rum de Treballs de Recerca que restar\u00e0 a <strong>l&#8217;Arxiu Municipal<\/strong>, al C\u00e8ntric Espai Cultural.<\/li>\n<li>Publicaci\u00f3 del dossier &#8220;F\u00f2rum de Treballs de Recerca Ciutat del Prat. Treballs presentats&#8221;<\/li>\n<\/ul>\n<p style=\"text-align: justify;\">El reconeixement a les persones autores dels treballs seleccionats pel jurat, es concretar\u00e0 en:<\/p>\n<ul>\n<li style=\"text-align: justify;\">Presentaci\u00f3 oral i p\u00fablica del treball a l&#8217;Acte oficial del F\u00f2rum de Treballs de Recerca.<\/li>\n<li style=\"text-align: justify;\">Lliurament d&#8217;un diploma acreditatiu.<\/li>\n<li style=\"text-align: justify;\">Lliurament d&#8217;un obsequi<\/li>\n<li style=\"text-align: justify;\">Participaci\u00f3 al programa de r\u00e0dio Magazine. Planeta Prat.<\/li>\n<\/ul>\n<h2 style=\"text-align: justify;\">Per a qualsevol dubte o aclariment, us podeu posar en contacte amb:<\/h2>\n<p style=\"text-align: justify;\">Centre de Recursos Pedag\u00f2gics &#8211; Tel\u00e8fon 933 798 082<\/p>\n<p style=\"text-align: justify;\">Secci\u00f3 d\u2019Educaci\u00f3 de l\u2019Ajuntament del Prat &#8211; Tel\u00e8fon 93 379 00 50<\/p>\n","protected":false},"excerpt":{"rendered":"<p>F\u00d2RUM DE TREBALLS DE RECERCA CIUTAT DEL PRAT El Centre de Recursos Pedag\u00f2gics i la Regidoria d\u2019Educaci\u00f3 de l\u2019Ajuntament, amb [&hellip;]<\/p>\n","protected":false},"author":3,"featured_media":0,"parent":747,"menu_order":0,"comment_status":"closed","ping_status":"closed","template":"","meta":{"_bbp_topic_count":0,"_bbp_reply_count":0,"_bbp_total_topic_count":0,"_bbp_total_reply_count":0,"_bbp_voice_count":0,"_bbp_anonymous_reply_count":0,"_bbp_topic_count_hidden":0,"_bbp_reply_count_hidden":0,"_bbp_forum_subforum_count":0,"site-sidebar-layout":"default","site-content-layout":"","ast-site-content-layout":"","site-content-style":"default","site-sidebar-style":"default","ast-global-header-display":"","ast-banner-title-visibility":"","ast-main-header-display":"","ast-hfb-above-header-display":"","ast-hfb-below-header-display":"","ast-hfb-mobile-header-display":"","site-post-title":"","ast-breadcrumbs-content":"","ast-featured-img":"","footer-sml-layout":"","theme-transparent-header-meta":"","adv-header-id-meta":"","stick-header-meta":"","header-above-stick-meta":"","header-main-stick-meta":"","header-below-stick-meta":"","astra-migrate-meta-layouts":"default","ast-page-background-enabled":"default","ast-page-background-meta":{"desktop":{"background-color":"var(--ast-global-color-4)","background-image":"","background-repeat":"repeat","background-position":"center center","background-size":"auto","background-attachment":"scroll","background-type":"","background-media":"","overlay-type":"","overlay-color":"","overlay-opacity":"","overlay-gradient":""},"tablet":{"background-color":"","background-image":"","background-repeat":"repeat","background-position":"center center","background-size":"auto","background-attachment":"scroll","background-type":"","background-media":"","overlay-type":"","overlay-color":"","overlay-opacity":"","overlay-gradient":""},"mobile":{"background-color":"","background-image":"","background-repeat":"repeat","background-position":"center center","background-size":"auto","background-attachment":"scroll","background-type":"","background-media":"","overlay-type":"","overlay-color":"","overlay-opacity":"","overlay-gradient":""}},"ast-content-background-meta":{"desktop":{"background-color":"var(--ast-global-color-5)","background-image":"","background-repeat":"repeat","background-position":"center center","background-size":"auto","background-attachment":"scroll","background-type":"","background-media":"","overlay-type":"","overlay-color":"","overlay-opacity":"","overlay-gradient":""},"tablet":{"background-color":"var(--ast-global-color-5)","background-image":"","background-repeat":"repeat","background-position":"center center","background-size":"auto","background-attachment":"scroll","background-type":"","background-media":"","overlay-type":"","overlay-color":"","overlay-opacity":"","overlay-gradient":""},"mobile":{"background-color":"var(--ast-global-color-5)","background-image":"","background-repeat":"repeat","background-position":"center center","background-size":"auto","background-attachment":"scroll","background-type":"","background-media":"","overlay-type":"","overlay-color":"","overlay-opacity":"","overlay-gradient":""}},"footnotes":""},"class_list":["post-8160","page","type-page","status-publish","hentry"],"post_mailing_queue_ids":[],"_links":{"self":[{"href":"https:\/\/serveiseducatius.xtec.cat\/baixllobregat4\/wp-json\/wp\/v2\/pages\/8160","targetHints":{"allow":["GET"]}}],"collection":[{"href":"https:\/\/serveiseducatius.xtec.cat\/baixllobregat4\/wp-json\/wp\/v2\/pages"}],"about":[{"href":"https:\/\/serveiseducatius.xtec.cat\/baixllobregat4\/wp-json\/wp\/v2\/types\/page"}],"author":[{"embeddable":true,"href":"https:\/\/serveiseducatius.xtec.cat\/baixllobregat4\/wp-json\/wp\/v2\/users\/3"}],"replies":[{"embeddable":true,"href":"https:\/\/serveiseducatius.xtec.cat\/baixllobregat4\/wp-json\/wp\/v2\/comments?post=8160"}],"version-history":[{"count":3,"href":"https:\/\/serveiseducatius.xtec.cat\/baixllobregat4\/wp-json\/wp\/v2\/pages\/8160\/revisions"}],"predecessor-version":[{"id":8601,"href":"https:\/\/serveiseducatius.xtec.cat\/baixllobregat4\/wp-json\/wp\/v2\/pages\/8160\/revisions\/8601"}],"up":[{"embeddable":true,"href":"https:\/\/serveiseducatius.xtec.cat\/baixllobregat4\/wp-json\/wp\/v2\/pages\/747"}],"wp:attachment":[{"href":"https:\/\/serveiseducatius.xtec.cat\/baixllobregat4\/wp-json\/wp\/v2\/media?parent=8160"}],"curies":[{"name":"wp","href":"https:\/\/api.w.org\/{rel}","templated":true}]}}