{"id":572,"date":"2015-11-26T21:44:54","date_gmt":"2015-11-26T20:44:54","guid":{"rendered":"http:\/\/serveiseducatius.xtec.cat\/baixllobregat4\/?page_id=572"},"modified":"2024-07-11T08:58:58","modified_gmt":"2024-07-11T06:58:58","slug":"formacio-interna-fic","status":"publish","type":"page","link":"https:\/\/serveiseducatius.xtec.cat\/baixllobregat4\/formacio\/formacio-interna-fic\/","title":{"rendered":"Formaci\u00f3 en centre (assessorament, taller, FIC o visita)"},"content":{"rendered":"<table class=\" alignright\" style=\"width: 50%; border-collapse: collapse;\">\n<tbody>\n<tr>\n<td style=\"width: 100%;\"><iframe loading=\"lazy\" title=\"YouTube video player\" src=\"https:\/\/www.youtube.com\/embed\/GPuOkHsICWk?si=iTboJgZJzfYpFCV1\" width=\"560\" height=\"315\" frameborder=\"0\" allowfullscreen=\"allowfullscreen\"><\/iframe><\/td>\n<\/tr>\n<\/tbody>\n<\/table>\n<p><span style=\"font-weight: 400;\">El Departament d\u2019Educaci\u00f3 considera priorit\u00e0ria la formaci\u00f3 en centre com a eina de suport i d\u2019enfortiment del projecte educatiu del centre.\u00a0<\/span><\/p>\n<p><span style=\"font-weight: 400;\">La finalitat de les formacions en centre s\u00f3n principalment:\u00a0<\/span><\/p>\n<ul>\n<li style=\"font-weight: 400;\" aria-level=\"1\"><span style=\"font-weight: 400;\">Generar din\u00e0miques de debat pedag\u00f2gic que ajudin a desenvolupar projectes compartits de centre.<\/span><\/li>\n<li style=\"font-weight: 400;\" aria-level=\"1\"><span style=\"font-weight: 400;\">Promoure la consolidaci\u00f3 de pr\u00e0ctiques educatives que reverteixin en la millora dels aprenentatges de l\u2019alumnat.<\/span><\/li>\n<\/ul>\n<p>Aquestes s\u00f3n algunes <strong>caracter\u00edstiques generals<\/strong> sobre el tipus de formaci\u00f3 en centre. Si voleu engegar una formaci\u00f3 al vostre centre, poseu-vos en contacte amb nosaltres per a donar-vos m\u00e9s detalls sobre cada tipus de formaci\u00f3.<\/p>\n<h3>Assessorament<\/h3>\n<p><span style=\"font-weight: 400;\">Modalitat formativa amb intervenci\u00f3 d\u2019un professional generalment extern que s\u2019adre\u00e7a a la majoria del claustre o a un col\u00b7lectiu d\u2019un centre.<b>\u00a0<\/b>\u00c9s liderat per l\u2019equip directiu. <\/span><\/p>\n<ul>\n<li aria-level=\"1\"><span style=\"font-weight: 400;\">m\u00ednim 20 hores.<\/span><\/li>\n<\/ul>\n<h3>Taller a centre<\/h3>\n<p><span style=\"font-weight: 400;\">Modalitat formativa de car\u00e0cter concret i pr\u00e0ctic orientada a la millora d\u2019alguna compet\u00e8ncia professional del professorat.\u00a0<\/span><span style=\"font-weight: 400;\">S\u2019adre\u00e7a a la majoria del claustre o a un col\u00b7lectiu d\u2019un centre.<\/span><\/p>\n<ul>\n<li><span style=\"font-weight: 400;\">sense m\u00e0xim ni m\u00ednim d&#8217;hores.<\/span><\/li>\n<\/ul>\n<h3><b><a href=\"http:\/\/serveiseducatius.xtec.cat\/baixllobregat4\/wp-content\/uploads\/usu1181\/2015\/11\/fic1.png\"><img loading=\"lazy\" decoding=\"async\" class=\"wp-image-574 alignright\" src=\"http:\/\/serveiseducatius.xtec.cat\/baixllobregat4\/wp-content\/uploads\/usu1181\/2015\/11\/fic1.png\" alt=\"fic\" width=\"76\" height=\"72\" \/><\/a><\/b>Formaci\u00f3 interna de centre (FIC)<\/h3>\n<p><span style=\"font-weight: 400;\">Modalitat formativa que t\u00e9 lloc dins de cada centre educatiu, que s\u2019adre\u00e7a a la majoria del claustre o a un col\u00b7lectiu d\u2019un centre.\u00a0<\/span><span style=\"font-weight: 400;\">\u00c9s liderat i dinamitzat per un equip de persones de la coordinaci\u00f3 del centre i com a m\u00ednim una d\u2019elles ha de ser de l\u2019equip directiu.<\/span><\/p>\n<ul>\n<li>45 hores si \u00e9s itinerari guiat i 30 hores si \u00e9s un itinerari propi.<\/li>\n<\/ul>\n<h3>Visita formativa a centre<\/h3>\n<p><span style=\"font-weight: 400;\">Modalitat formativa de car\u00e0cter concret i pr\u00e0ctic orientada a promoure un proc\u00e9s de reflexi\u00f3 sobre la pr\u00f2pia pr\u00e0ctica a partir de con\u00e8ixer i compartir experi\u00e8ncies d\u2019\u00e8xit o de bones pr\u00e0ctiques consolidades. <\/span><span style=\"font-weight: 400;\">Ha d\u2019implicar l\u2019equip docent i ha de conduir a la millora d\u2019algun aspecte metodol\u00f2gic, organitzatiu o de relaci\u00f3 amb l\u2019entorn.<\/span><\/p>\n<p><strong>Finalitat:<\/strong><\/p>\n<ul>\n<li style=\"font-weight: 400;\" aria-level=\"1\"><span style=\"font-weight: 400;\">con\u00e8ixer pr\u00e0ctiques educatives i experi\u00e8ncies d\u2019\u00e8xit d\u2019altres centres.<\/span><\/li>\n<li style=\"font-weight: 400;\" aria-level=\"1\"><span style=\"font-weight: 400;\">promoure l\u2019intercanvi d\u2019experi\u00e8ncies i l\u2019aprenentatge entre iguals a partir de la visita a un centre que mostra una pr\u00e0ctica d\u2019\u00e8xit.<\/span><\/li>\n<li style=\"font-weight: 400;\" aria-level=\"1\"><span style=\"font-weight: 400;\">generar transformacions en els centres reflexionant sobre experi\u00e8ncies observades en altres centres.<\/span><\/li>\n<li style=\"font-weight: 400;\" aria-level=\"1\"><span style=\"font-weight: 400;\">establir xarxes de relaci\u00f3 entre centres i professorat.<\/span><\/li>\n<li aria-level=\"1\"><span style=\"font-weight: 400;\">m\u00ednim 15 hores.<\/span><\/li>\n<\/ul>\n","protected":false},"excerpt":{"rendered":"<p>El Departament d\u2019Educaci\u00f3 considera priorit\u00e0ria la formaci\u00f3 en centre com a eina de suport i d\u2019enfortiment del projecte educatiu del [&hellip;]<\/p>\n","protected":false},"author":1,"featured_media":0,"parent":416,"menu_order":16,"comment_status":"closed","ping_status":"closed","template":"","meta":{"_bbp_topic_count":0,"_bbp_reply_count":0,"_bbp_total_topic_count":0,"_bbp_total_reply_count":0,"_bbp_voice_count":0,"_bbp_anonymous_reply_count":0,"_bbp_topic_count_hidden":0,"_bbp_reply_count_hidden":0,"_bbp_forum_subforum_count":0,"site-sidebar-layout":"default","site-content-layout":"","ast-site-content-layout":"","site-content-style":"default","site-sidebar-style":"default","ast-global-header-display":"","ast-banner-title-visibility":"","ast-main-header-display":"","ast-hfb-above-header-display":"","ast-hfb-below-header-display":"","ast-hfb-mobile-header-display":"","site-post-title":"","ast-breadcrumbs-content":"","ast-featured-img":"","footer-sml-layout":"","theme-transparent-header-meta":"","adv-header-id-meta":"","stick-header-meta":"","header-above-stick-meta":"","header-main-stick-meta":"","header-below-stick-meta":"","astra-migrate-meta-layouts":"default","ast-page-background-enabled":"default","ast-page-background-meta":{"desktop":{"background-color":"var(--ast-global-color-4)","background-image":"","background-repeat":"repeat","background-position":"center center","background-size":"auto","background-attachment":"scroll","background-type":"","background-media":"","overlay-type":"","overlay-color":"","overlay-opacity":"","overlay-gradient":""},"tablet":{"background-color":"","background-image":"","background-repeat":"repeat","background-position":"center center","background-size":"auto","background-attachment":"scroll","background-type":"","background-media":"","overlay-type":"","overlay-color":"","overlay-opacity":"","overlay-gradient":""},"mobile":{"background-color":"","background-image":"","background-repeat":"repeat","background-position":"center center","background-size":"auto","background-attachment":"scroll","background-type":"","background-media":"","overlay-type":"","overlay-color":"","overlay-opacity":"","overlay-gradient":""}},"ast-content-background-meta":{"desktop":{"background-color":"var(--ast-global-color-5)","background-image":"","background-repeat":"repeat","background-position":"center center","background-size":"auto","background-attachment":"scroll","background-type":"","background-media":"","overlay-type":"","overlay-color":"","overlay-opacity":"","overlay-gradient":""},"tablet":{"background-color":"var(--ast-global-color-5)","background-image":"","background-repeat":"repeat","background-position":"center center","background-size":"auto","background-attachment":"scroll","background-type":"","background-media":"","overlay-type":"","overlay-color":"","overlay-opacity":"","overlay-gradient":""},"mobile":{"background-color":"var(--ast-global-color-5)","background-image":"","background-repeat":"repeat","background-position":"center center","background-size":"auto","background-attachment":"scroll","background-type":"","background-media":"","overlay-type":"","overlay-color":"","overlay-opacity":"","overlay-gradient":""}},"footnotes":""},"class_list":["post-572","page","type-page","status-publish","hentry"],"post_mailing_queue_ids":[],"_links":{"self":[{"href":"https:\/\/serveiseducatius.xtec.cat\/baixllobregat4\/wp-json\/wp\/v2\/pages\/572","targetHints":{"allow":["GET"]}}],"collection":[{"href":"https:\/\/serveiseducatius.xtec.cat\/baixllobregat4\/wp-json\/wp\/v2\/pages"}],"about":[{"href":"https:\/\/serveiseducatius.xtec.cat\/baixllobregat4\/wp-json\/wp\/v2\/types\/page"}],"author":[{"embeddable":true,"href":"https:\/\/serveiseducatius.xtec.cat\/baixllobregat4\/wp-json\/wp\/v2\/users\/1"}],"replies":[{"embeddable":true,"href":"https:\/\/serveiseducatius.xtec.cat\/baixllobregat4\/wp-json\/wp\/v2\/comments?post=572"}],"version-history":[{"count":6,"href":"https:\/\/serveiseducatius.xtec.cat\/baixllobregat4\/wp-json\/wp\/v2\/pages\/572\/revisions"}],"predecessor-version":[{"id":13540,"href":"https:\/\/serveiseducatius.xtec.cat\/baixllobregat4\/wp-json\/wp\/v2\/pages\/572\/revisions\/13540"}],"up":[{"embeddable":true,"href":"https:\/\/serveiseducatius.xtec.cat\/baixllobregat4\/wp-json\/wp\/v2\/pages\/416"}],"wp:attachment":[{"href":"https:\/\/serveiseducatius.xtec.cat\/baixllobregat4\/wp-json\/wp\/v2\/media?parent=572"}],"curies":[{"name":"wp","href":"https:\/\/api.w.org\/{rel}","templated":true}]}}