{"id":12983,"date":"2023-10-27T09:17:29","date_gmt":"2023-10-27T07:17:29","guid":{"rendered":"https:\/\/serveiseducatius.xtec.cat\/baixllobregat4\/?page_id=12983"},"modified":"2026-02-26T16:30:14","modified_gmt":"2026-02-26T15:30:14","slug":"plaques-makey-makey-interactuar-amb-objectes-i-lordinador","status":"publish","type":"page","link":"https:\/\/serveiseducatius.xtec.cat\/baixllobregat4\/recursos-2\/maletes-pedagogiques\/plaques-makey-makey-interactuar-amb-objectes-i-lordinador\/","title":{"rendered":"Plaques Makey Makey. Interactuar amb objectes i l&#8217;ordinador."},"content":{"rendered":"<table class=\" alignright\" style=\"width: 50%; border-collapse: collapse;\">\n<tbody>\n<tr>\n<td style=\"width: 100%;\"><iframe loading=\"lazy\" title=\"YouTube video player\" src=\"https:\/\/www.youtube.com\/embed\/rfQqh7iCcOU?si=JibZFvHQWqxQJsUP\" width=\"560\" height=\"315\" frameborder=\"0\" allowfullscreen=\"allowfullscreen\"><\/iframe><\/td>\n<\/tr>\n<tr>\n<td style=\"width: 100%;\"><a href=\"https:\/\/projectes.xtec.cat\/programacioirobotica\/curs-scratch-primaria-0\/modul-5-scratch-viu-i-en-directe-scratch-3-0\/sessio-3-la-placa-makey-makey-fem-els-nostres-instruments-musicals-i-la-nostra-orquestra\/\">Proposta did\u00e0ctica: fem instruments<\/a><\/p>\n<p><a href=\"https:\/\/projectes.xtec.cat\/programacioirobotica\/curs-scratch-primaria-0\/modul-5-scratch-viu-i-en-directe-scratch-3-0\/sessio-7-una-cursa-molt-divertida-nou-m5\/\">Proposta did\u00e0ctica: joc d&#8217;habilitat<\/a><\/td>\n<\/tr>\n<\/tbody>\n<\/table>\n<p>Les plaques makey-makey permeten fer petits circuits amb objectes quotidians per tal de qu\u00e8 actu\u00efn com un teclat o un ratol\u00ed per\u00f2 que poden ser fruites, objectes fets amb plastilina, un tros de paper d&#8217;alumini&#8230; \u00c9s a dir, podem connectar objectes que siguin conductors a la placa i quan els toquem actuaran com si estigu\u00e9ssim tocant una tecla o el ratol\u00ed. Amb aquesta idea es poden crear instruments musicals amb objectes quotidians, escriure a la pantalla, fer un joc de preguntes i respostes&#8230;<\/p>\n<p>Aquest recurs cont\u00e9 <strong>2 plaques Makey Makey<\/strong> amb cables de pinces i cable USB per poder conectar amb l&#8217;ordinador.<\/p>\n<p><a href=\"https:\/\/serveiseducatius.xtec.cat\/baixllobregat4\/wp-content\/uploads\/usu1181\/2023\/10\/makeymakey1-1.png\"><img loading=\"lazy\" decoding=\"async\" class=\"wp-image-12995 alignnone\" src=\"https:\/\/serveiseducatius.xtec.cat\/baixllobregat4\/wp-content\/uploads\/usu1181\/2023\/10\/makeymakey1-1.png\" alt=\"\" width=\"300\" height=\"210\" srcset=\"https:\/\/serveiseducatius.xtec.cat\/baixllobregat4\/wp-content\/uploads\/usu1181\/2023\/10\/makeymakey1-1.png 428w, https:\/\/serveiseducatius.xtec.cat\/baixllobregat4\/wp-content\/uploads\/usu1181\/2023\/10\/makeymakey1-1-300x210.png 300w\" sizes=\"auto, (max-width: 300px) 100vw, 300px\" \/><\/a><\/p>\n<figure id=\"attachment_12994\" aria-describedby=\"caption-attachment-12994\" style=\"width: 300px\" class=\"wp-caption alignleft\"><a href=\"https:\/\/serveiseducatius.xtec.cat\/baixllobregat4\/wp-content\/uploads\/usu1181\/2023\/10\/makeymakey2-1.png\"><img loading=\"lazy\" decoding=\"async\" class=\"wp-image-12994 \" src=\"https:\/\/serveiseducatius.xtec.cat\/baixllobregat4\/wp-content\/uploads\/usu1181\/2023\/10\/makeymakey2-1.png\" alt=\"\" width=\"300\" height=\"210\" srcset=\"https:\/\/serveiseducatius.xtec.cat\/baixllobregat4\/wp-content\/uploads\/usu1181\/2023\/10\/makeymakey2-1.png 428w, https:\/\/serveiseducatius.xtec.cat\/baixllobregat4\/wp-content\/uploads\/usu1181\/2023\/10\/makeymakey2-1-300x210.png 300w\" sizes=\"auto, (max-width: 300px) 100vw, 300px\" \/><\/a><figcaption id=\"caption-attachment-12994\" class=\"wp-caption-text\">Alumnat de l&#8217;escola Berntat Metge fent una pr\u00e0ctica amb Makey Makey<\/figcaption><\/figure>\n","protected":false},"excerpt":{"rendered":"<p>Proposta did\u00e0ctica: fem instruments Proposta did\u00e0ctica: joc d&#8217;habilitat Les plaques makey-makey permeten fer petits circuits amb objectes quotidians per tal [&hellip;]<\/p>\n","protected":false},"author":1,"featured_media":0,"parent":942,"menu_order":0,"comment_status":"closed","ping_status":"closed","template":"","meta":{"_bbp_topic_count":0,"_bbp_reply_count":0,"_bbp_total_topic_count":0,"_bbp_total_reply_count":0,"_bbp_voice_count":0,"_bbp_anonymous_reply_count":0,"_bbp_topic_count_hidden":0,"_bbp_reply_count_hidden":0,"_bbp_forum_subforum_count":0,"site-sidebar-layout":"no-sidebar","site-content-layout":"","ast-site-content-layout":"default","site-content-style":"default","site-sidebar-style":"default","ast-global-header-display":"","ast-banner-title-visibility":"","ast-main-header-display":"","ast-hfb-above-header-display":"","ast-hfb-below-header-display":"","ast-hfb-mobile-header-display":"","site-post-title":"","ast-breadcrumbs-content":"","ast-featured-img":"","footer-sml-layout":"","theme-transparent-header-meta":"","adv-header-id-meta":"","stick-header-meta":"","header-above-stick-meta":"","header-main-stick-meta":"","header-below-stick-meta":"","astra-migrate-meta-layouts":"set","ast-page-background-enabled":"default","ast-page-background-meta":{"desktop":{"background-color":"var(--ast-global-color-4)","background-image":"","background-repeat":"repeat","background-position":"center center","background-size":"auto","background-attachment":"scroll","background-type":"","background-media":"","overlay-type":"","overlay-color":"","overlay-opacity":"","overlay-gradient":""},"tablet":{"background-color":"","background-image":"","background-repeat":"repeat","background-position":"center center","background-size":"auto","background-attachment":"scroll","background-type":"","background-media":"","overlay-type":"","overlay-color":"","overlay-opacity":"","overlay-gradient":""},"mobile":{"background-color":"","background-image":"","background-repeat":"repeat","background-position":"center center","background-size":"auto","background-attachment":"scroll","background-type":"","background-media":"","overlay-type":"","overlay-color":"","overlay-opacity":"","overlay-gradient":""}},"ast-content-background-meta":{"desktop":{"background-color":"var(--ast-global-color-5)","background-image":"","background-repeat":"repeat","background-position":"center center","background-size":"auto","background-attachment":"scroll","background-type":"","background-media":"","overlay-type":"","overlay-color":"","overlay-opacity":"","overlay-gradient":""},"tablet":{"background-color":"var(--ast-global-color-5)","background-image":"","background-repeat":"repeat","background-position":"center center","background-size":"auto","background-attachment":"scroll","background-type":"","background-media":"","overlay-type":"","overlay-color":"","overlay-opacity":"","overlay-gradient":""},"mobile":{"background-color":"var(--ast-global-color-5)","background-image":"","background-repeat":"repeat","background-position":"center center","background-size":"auto","background-attachment":"scroll","background-type":"","background-media":"","overlay-type":"","overlay-color":"","overlay-opacity":"","overlay-gradient":""}},"footnotes":""},"class_list":["post-12983","page","type-page","status-publish","hentry"],"post_mailing_queue_ids":[],"_links":{"self":[{"href":"https:\/\/serveiseducatius.xtec.cat\/baixllobregat4\/wp-json\/wp\/v2\/pages\/12983","targetHints":{"allow":["GET"]}}],"collection":[{"href":"https:\/\/serveiseducatius.xtec.cat\/baixllobregat4\/wp-json\/wp\/v2\/pages"}],"about":[{"href":"https:\/\/serveiseducatius.xtec.cat\/baixllobregat4\/wp-json\/wp\/v2\/types\/page"}],"author":[{"embeddable":true,"href":"https:\/\/serveiseducatius.xtec.cat\/baixllobregat4\/wp-json\/wp\/v2\/users\/1"}],"replies":[{"embeddable":true,"href":"https:\/\/serveiseducatius.xtec.cat\/baixllobregat4\/wp-json\/wp\/v2\/comments?post=12983"}],"version-history":[{"count":5,"href":"https:\/\/serveiseducatius.xtec.cat\/baixllobregat4\/wp-json\/wp\/v2\/pages\/12983\/revisions"}],"predecessor-version":[{"id":15838,"href":"https:\/\/serveiseducatius.xtec.cat\/baixllobregat4\/wp-json\/wp\/v2\/pages\/12983\/revisions\/15838"}],"up":[{"embeddable":true,"href":"https:\/\/serveiseducatius.xtec.cat\/baixllobregat4\/wp-json\/wp\/v2\/pages\/942"}],"wp:attachment":[{"href":"https:\/\/serveiseducatius.xtec.cat\/baixllobregat4\/wp-json\/wp\/v2\/media?parent=12983"}],"curies":[{"name":"wp","href":"https:\/\/api.w.org\/{rel}","templated":true}]}}